Back to Multiple platform build/check report for BioC 3.21: simplified long |
|
This page was generated on 2025-02-04 11:45 -0500 (Tue, 04 Feb 2025).
Hostname | OS | Arch (*) | R version | Installed pkgs |
---|---|---|---|---|
nebbiolo1 | Linux (Ubuntu 24.04.1 LTS) | x86_64 | R Under development (unstable) (2025-01-20 r87609) -- "Unsuffered Consequences" | 4716 |
palomino7 | Windows Server 2022 Datacenter | x64 | R Under development (unstable) (2025-01-21 r87610 ucrt) -- "Unsuffered Consequences" | 4478 |
lconway | macOS 12.7.1 Monterey | x86_64 | R Under development (unstable) (2025-01-22 r87618) -- "Unsuffered Consequences" | 4489 |
kjohnson3 | macOS 13.7.1 Ventura | arm64 | R Under development (unstable) (2025-01-20 r87609) -- "Unsuffered Consequences" | 4442 |
Click on any hostname to see more info about the system (e.g. compilers) (*) as reported by 'uname -p', except on Windows and Mac OS X |
Package 2236/2295 | Hostname | OS / Arch | INSTALL | BUILD | CHECK | BUILD BIN | ||||||||
VAExprs 1.13.0 (landing page) Dongmin Jung
| nebbiolo1 | Linux (Ubuntu 24.04.1 LTS) / x86_64 | OK | OK | OK | |||||||||
palomino7 | Windows Server 2022 Datacenter / x64 | OK | ERROR | skipped | skipped | |||||||||
lconway | macOS 12.7.1 Monterey / x86_64 | OK | ERROR | skipped | skipped | |||||||||
kjohnson3 | macOS 13.7.1 Ventura / arm64 | OK | ERROR | skipped | skipped | |||||||||
To the developers/maintainers of the VAExprs package: - Allow up to 24 hours (and sometimes 48 hours) for your latest push to git@git.bioconductor.org:packages/VAExprs.git to reflect on this report. See Troubleshooting Build Report for more information. - Use the following Renviron settings to reproduce errors and warnings. - If 'R CMD check' started to fail recently on the Linux builder(s) over a missing dependency, add the missing dependency to 'Suggests:' in your DESCRIPTION file. See Renviron.bioc for more information. |
Package: VAExprs |
Version: 1.13.0 |
Command: /Library/Frameworks/R.framework/Resources/bin/R CMD build --keep-empty-dirs --no-resave-data VAExprs |
StartedAt: 2025-02-03 18:28:44 -0500 (Mon, 03 Feb 2025) |
EndedAt: 2025-02-03 18:29:07 -0500 (Mon, 03 Feb 2025) |
EllapsedTime: 23.3 seconds |
RetCode: 1 |
Status: ERROR |
PackageFile: None |
PackageFileSize: NA |
############################################################################## ############################################################################## ### ### Running command: ### ### /Library/Frameworks/R.framework/Resources/bin/R CMD build --keep-empty-dirs --no-resave-data VAExprs ### ############################################################################## ############################################################################## * checking for file ‘VAExprs/DESCRIPTION’ ... OK * preparing ‘VAExprs’: * checking DESCRIPTION meta-information ... OK * installing the package to build vignettes * creating vignettes ... ERROR --- re-building ‘VAExprs.Rmd’ using rmarkdown /Users/biocbuild/Library/Python/3.9/lib/python/site-packages/urllib3/__init__.py:35: NotOpenSSLWarning: urllib3 v2 only supports OpenSSL 1.1.1+, currently the 'ssl' module is compiled with 'LibreSSL 2.8.3'. See: https://github.com/urllib3/urllib3/issues/3020 warnings.warn( 2025-02-03 18:29:05.162 R[91067:433575710] XType: Using static font registry. Quitting from lines 88-111 [unnamed-chunk-2] (VAExprs.Rmd) Error: processing vignette 'VAExprs.Rmd' failed with diagnostics: no applicable method for 'compile' applied to an object of class "c('keras.src.models.functional.Functional', 'keras.models.functional.Functional', 'keras.src.ops.function.Function', 'keras.ops.function.Function', 'keras.src.models.model.Model', 'keras.models.model.Model', 'keras.src.backend.tensorflow.trainer.TensorFlowTrainer', 'keras.backend.tensorflow.trainer.TensorFlowTrainer', 'keras.src.trainers.trainer.Trainer', 'keras.trainers.trainer.Trainer', 'keras.src.layers.layer.Layer', 'keras.layers.layer.Layer', 'keras.src.backend.tensorflow.layer.TFLayer', 'keras.backend.tensorflow.layer.TFLayer', 'keras.src.backend.tensorflow.trackable.KerasAutoTrackable', 'keras.backend.tensorflow.trackable.KerasAutoTrackable', 'tensorflow.python.trackable.autotrackable.AutoTrackable', 'tensorflow.python.trackable.base.Trackable', 'keras.src.ops.operation.Operation', 'keras.ops.operation.Operation', 'python.builtin.object')" --- failed re-building ‘VAExprs.Rmd’ SUMMARY: processing the following file failed: ‘VAExprs.Rmd’ Error: Vignette re-building failed. Execution halted