Back to Build/check report for BioC 3.23:   simplified   long
ABCDEFGHIJKLMNOPQRST[U]VWXYZ

This page was generated on 2025-11-01 11:33 -0400 (Sat, 01 Nov 2025).

HostnameOSArch (*)R versionInstalled pkgs
nebbiolo1Linux (Ubuntu 24.04.3 LTS)x86_64R Under development (unstable) (2025-10-20 r88955) -- "Unsuffered Consequences" 4774
Click on any hostname to see more info about the system (e.g. compilers)      (*) as reported by 'uname -p', except on Windows and Mac OS X

Package 2250/2321HostnameOS / ArchINSTALLBUILDCHECKBUILD BIN
Ularcirc 1.29.0  (landing page)
David Humphreys
Snapshot Date: 2025-10-31 13:40 -0400 (Fri, 31 Oct 2025)
git_url: https://git.bioconductor.org/packages/Ularcirc
git_branch: devel
git_last_commit: ff1d0ee
git_last_commit_date: 2025-10-29 10:45:47 -0400 (Wed, 29 Oct 2025)
nebbiolo1Linux (Ubuntu 24.04.3 LTS) / x86_64  OK    OK    WARNINGS  NO, package depends on 'BSgenome' which is not available


CHECK results for Ularcirc on nebbiolo1

To the developers/maintainers of the Ularcirc package:
- Allow up to 24 hours (and sometimes 48 hours) for your latest push to git@git.bioconductor.org:packages/Ularcirc.git to reflect on this report. See Troubleshooting Build Report for more information.
- Use the following Renviron settings to reproduce errors and warnings.
- If 'R CMD check' started to fail recently on the Linux builder(s) over a missing dependency, add the missing dependency to 'Suggests:' in your DESCRIPTION file. See Renviron.bioc for more information.

raw results


Summary

Package: Ularcirc
Version: 1.29.0
Command: /home/biocbuild/bbs-3.23-bioc/R/bin/R CMD check --install=check:Ularcirc.install-out.txt --library=/home/biocbuild/bbs-3.23-bioc/R/site-library --timings Ularcirc_1.29.0.tar.gz
StartedAt: 2025-11-01 04:35:13 -0400 (Sat, 01 Nov 2025)
EndedAt: 2025-11-01 04:36:56 -0400 (Sat, 01 Nov 2025)
EllapsedTime: 103.1 seconds
RetCode: 0
Status:   WARNINGS  
CheckDir: Ularcirc.Rcheck
Warnings: 1

Command output

##############################################################################
##############################################################################
###
### Running command:
###
###   /home/biocbuild/bbs-3.23-bioc/R/bin/R CMD check --install=check:Ularcirc.install-out.txt --library=/home/biocbuild/bbs-3.23-bioc/R/site-library --timings Ularcirc_1.29.0.tar.gz
###
##############################################################################
##############################################################################


* using log directory ‘/home/biocbuild/bbs-3.23-bioc/meat/Ularcirc.Rcheck’
* using R Under development (unstable) (2025-10-20 r88955)
* using platform: x86_64-pc-linux-gnu
* R was compiled by
    gcc (Ubuntu 13.3.0-6ubuntu2~24.04) 13.3.0
    GNU Fortran (Ubuntu 13.3.0-6ubuntu2~24.04) 13.3.0
* running under: Ubuntu 24.04.3 LTS
* using session charset: UTF-8
* checking for file ‘Ularcirc/DESCRIPTION’ ... OK
* checking extension type ... Package
* this is package ‘Ularcirc’ version ‘1.29.0’
* package encoding: UTF-8
* checking package namespace information ... OK
* checking package dependencies ... INFO
Imports includes 25 non-default packages.
Importing from so many packages makes the package vulnerable to any of
them becoming unavailable.  Move as many as possible to Suggests and
use conditionally.
* checking if this is a source package ... OK
* checking if there is a namespace ... OK
* checking for hidden files and directories ... OK
* checking for portable file names ... OK
* checking for sufficient/correct file permissions ... OK
* checking whether package ‘Ularcirc’ can be installed ... OK
* checking installed package size ... OK
* checking package directory ... OK
* checking ‘build’ directory ... OK
* checking DESCRIPTION meta-information ... OK
* checking top-level files ... OK
* checking for left-over files ... OK
* checking index information ... OK
* checking package subdirectories ... OK
* checking code files for non-ASCII characters ... OK
* checking R files for syntax errors ... OK
* checking whether the package can be loaded ... OK
* checking whether the package can be loaded with stated dependencies ... OK
* checking whether the package can be unloaded cleanly ... OK
* checking whether the namespace can be loaded with stated dependencies ... OK
* checking whether the namespace can be unloaded cleanly ... OK
* checking loading without being on the library search path ... OK
* checking dependencies in R code ... NOTE
Namespaces in Imports field not imported from:
  ‘DT’ ‘GenomeInfoDb’ ‘GenomeInfoDbData’ ‘Organism.dplyr’ ‘ggplot2’
  ‘ggrepel’ ‘moments’ ‘shinyFiles’ ‘shinydashboard’ ‘shinyjs’ ‘yaml’
  All declared Imports should be used.
* checking S3 generic/method consistency ... OK
* checking replacement functions ... OK
* checking foreign function calls ... OK
* checking R code for possible problems ... NOTE
FilterChimericJuncs: no visible global function definition for
  ‘Filter_by_Data_Set’
FilterChimericJuncs: no visible binding for global variable
  ‘strandDonor’
FilterChimericJuncs: no visible binding for global variable
  ‘startDonor’
FilterChimericJuncs: no visible binding for global variable
  ‘startAcceptor’
Junction_Sequence_from_Genome: no visible global function definition
  for ‘extractGenomeSequence’
SelectUniqueJunctions : filtersteps: no visible global function
  definition for ‘.’
SelectUniqueJunctions : filtersteps: no visible binding for global
  variable ‘type’
SelectUniqueJunctions: no visible binding for global variable
  ‘BSjuncName’
SelectUniqueJunctions: no visible binding for global variable
  ‘JuncType’
SelectUniqueJunctions: no visible binding for global variable
  ‘strandDonor’
loadSTAR_chimeric: no visible binding for global variable
  ‘..returnColIdx’
load_miRBase_fasta: no visible global function definition for
  ‘download.file’
Undefined global functions or variables:
  . ..returnColIdx BSjuncName Filter_by_Data_Set JuncType download.file
  extractGenomeSequence startAcceptor startDonor strandDonor type
Consider adding
  importFrom("utils", "download.file")
to your NAMESPACE file.
* checking Rd files ... OK
* checking Rd metadata ... OK
* checking Rd cross-references ... OK
* checking for missing documentation entries ... OK
* checking for code/documentation mismatches ... OK
* checking Rd \usage sections ... WARNING
Undocumented arguments in Rd file 'Junction_Sequence_from_Genome.Rd'
  ‘SelectUniqueJunct_Value’
Documented arguments not in \usage in Rd file 'Junction_Sequence_from_Genome.Rd':
  ‘SelectUniqueJunct_value’

Undocumented arguments in Rd file 'miR_binding_site_Analysis.Rd'
  ‘species_code’
Documented arguments not in \usage in Rd file 'miR_binding_site_Analysis.Rd':
  ‘speciesCode’

Functions with \usage entries need to have the appropriate \alias
entries, and all their arguments documented.
The \usage entries must correspond to syntactically valid R code.
See chapter ‘Writing R documentation files’ in the ‘Writing R
Extensions’ manual.
* checking Rd contents ... OK
* checking for unstated dependencies in examples ... OK
* checking files in ‘vignettes’ ... OK
* checking examples ... OK
Examples with CPU (user + system) or elapsed time > 5s
                           user system elapsed
Compatible_Annotation_DBs 8.796  0.389   9.188
miR_binding_site_Analysis 0.659  0.069  11.556
* checking for unstated dependencies in vignettes ... OK
* checking package vignettes ... OK
* checking re-building of vignette outputs ... OK
* checking PDF version of manual ... OK
* DONE

Status: 1 WARNING, 2 NOTEs
See
  ‘/home/biocbuild/bbs-3.23-bioc/meat/Ularcirc.Rcheck/00check.log’
for details.


Installation output

Ularcirc.Rcheck/00install.out

##############################################################################
##############################################################################
###
### Running command:
###
###   /home/biocbuild/bbs-3.23-bioc/R/bin/R CMD INSTALL Ularcirc
###
##############################################################################
##############################################################################


* installing to library ‘/home/biocbuild/bbs-3.23-bioc/R/site-library’
* installing *source* package ‘Ularcirc’ ...
** this is package ‘Ularcirc’ version ‘1.29.0’
** using staged installation
** R
** inst
** byte-compile and prepare package for lazy loading
** help
*** installing help indices
** building package indices
** installing vignettes
** testing if installed package can be loaded from temporary location
** testing if installed package can be loaded from final location
** testing if installed package keeps a record of temporary installation path
* DONE (Ularcirc)

Tests output


Example timings

Ularcirc.Rcheck/Ularcirc-Ex.timings

nameusersystemelapsed
BSJ_details0.0020.0000.001
Compatible_Annotation_DBs8.7960.3899.188
FilterChimericJuncs0.1080.0020.110
Ularcirc000
bsj_fastq_generate0.0620.0010.064
bsj_to_circRNA_sequence3.3840.1213.506
chimericStats0.0510.0010.051
circSequence000
miR_binding_site_Analysis 0.659 0.06911.556
plot_AllJunctions2.7840.1242.908