Back to Build/check report for BioC 3.23:   simplified   long
ABCDEFGHIJKLMNOPQRS[T]UVWXYZ

This page was generated on 2025-11-05 11:32 -0500 (Wed, 05 Nov 2025).

HostnameOSArch (*)R versionInstalled pkgs
nebbiolo1Linux (Ubuntu 24.04.3 LTS)x86_64R Under development (unstable) (2025-10-20 r88955) -- "Unsuffered Consequences" 4818
Click on any hostname to see more info about the system (e.g. compilers)      (*) as reported by 'uname -p', except on Windows and Mac OS X

Package 2156/2323HostnameOS / ArchINSTALLBUILDCHECKBUILD BIN
TCGAbiolinks 2.39.0  (landing page)
Tiago Chedraoui Silva
Snapshot Date: 2025-11-04 13:40 -0500 (Tue, 04 Nov 2025)
git_url: https://git.bioconductor.org/packages/TCGAbiolinks
git_branch: devel
git_last_commit: 2072af1
git_last_commit_date: 2025-10-29 10:27:16 -0500 (Wed, 29 Oct 2025)
nebbiolo1Linux (Ubuntu 24.04.3 LTS) / x86_64  OK    OK    WARNINGS  UNNEEDED, same version is already published


CHECK results for TCGAbiolinks on nebbiolo1

To the developers/maintainers of the TCGAbiolinks package:
- Allow up to 24 hours (and sometimes 48 hours) for your latest push to git@git.bioconductor.org:packages/TCGAbiolinks.git to reflect on this report. See Troubleshooting Build Report for more information.
- Use the following Renviron settings to reproduce errors and warnings.
- If 'R CMD check' started to fail recently on the Linux builder(s) over a missing dependency, add the missing dependency to 'Suggests:' in your DESCRIPTION file. See Renviron.bioc for more information.

raw results


Summary

Package: TCGAbiolinks
Version: 2.39.0
Command: /home/biocbuild/bbs-3.23-bioc/R/bin/R CMD check --install=check:TCGAbiolinks.install-out.txt --library=/home/biocbuild/bbs-3.23-bioc/R/site-library --timings TCGAbiolinks_2.39.0.tar.gz
StartedAt: 2025-11-05 04:31:16 -0500 (Wed, 05 Nov 2025)
EndedAt: 2025-11-05 04:47:44 -0500 (Wed, 05 Nov 2025)
EllapsedTime: 988.3 seconds
RetCode: 0
Status:   WARNINGS  
CheckDir: TCGAbiolinks.Rcheck
Warnings: 2

Command output

##############################################################################
##############################################################################
###
### Running command:
###
###   /home/biocbuild/bbs-3.23-bioc/R/bin/R CMD check --install=check:TCGAbiolinks.install-out.txt --library=/home/biocbuild/bbs-3.23-bioc/R/site-library --timings TCGAbiolinks_2.39.0.tar.gz
###
##############################################################################
##############################################################################


* using log directory ‘/home/biocbuild/bbs-3.23-bioc/meat/TCGAbiolinks.Rcheck’
* using R Under development (unstable) (2025-10-20 r88955)
* using platform: x86_64-pc-linux-gnu
* R was compiled by
    gcc (Ubuntu 13.3.0-6ubuntu2~24.04) 13.3.0
    GNU Fortran (Ubuntu 13.3.0-6ubuntu2~24.04) 13.3.0
* running under: Ubuntu 24.04.3 LTS
* using session charset: UTF-8
* checking for file ‘TCGAbiolinks/DESCRIPTION’ ... OK
* checking extension type ... Package
* this is package ‘TCGAbiolinks’ version ‘2.39.0’
* package encoding: UTF-8
* checking package namespace information ... OK
* checking package dependencies ... INFO
Imports includes 23 non-default packages.
Importing from so many packages makes the package vulnerable to any of
them becoming unavailable.  Move as many as possible to Suggests and
use conditionally.
* checking if this is a source package ... OK
* checking if there is a namespace ... OK
* checking for hidden files and directories ... OK
* checking for portable file names ... OK
* checking for sufficient/correct file permissions ... OK
* checking whether package ‘TCGAbiolinks’ can be installed ... OK
* checking installed package size ... INFO
  installed size is  6.3Mb
  sub-directories of 1Mb or more:
    R      1.6Mb
    data   4.3Mb
* checking package directory ... OK
* checking ‘build’ directory ... OK
* checking DESCRIPTION meta-information ... OK
* checking top-level files ... OK
* checking for left-over files ... OK
* checking index information ... OK
* checking package subdirectories ... OK
* checking code files for non-ASCII characters ... OK
* checking R files for syntax errors ... OK
* checking whether the package can be loaded ... OK
* checking whether the package can be loaded with stated dependencies ... OK
* checking whether the package can be unloaded cleanly ... OK
* checking whether the namespace can be loaded with stated dependencies ... OK
* checking whether the namespace can be unloaded cleanly ... OK
* checking loading without being on the library search path ... OK
* checking whether startup messages can be suppressed ... OK
* checking dependencies in R code ... WARNING
'::' or ':::' import not declared from: ‘dnet’
* checking S3 generic/method consistency ... WARNING
print:
  function(x, ...)
print.header:
  function(text, type)
See section ‘Generic functions and methods’ in the ‘Writing R
Extensions’ manual.
* checking replacement functions ... OK
* checking foreign function calls ... OK
* checking R code for possible problems ... NOTE
GDCprepare_clinic: no visible binding for global variable
  ‘bcr_patient_barcode’
GDCprepare_clinic: no visible binding for global variable
  ‘days_to_last_followup’
GDCprepare_clinic: no visible binding for global variable
  ‘vital_status’
GDCquery : <anonymous>: no visible binding for global variable
  ‘submitter_id’
GDCquery : <anonymous>: no visible binding for global variable
  ‘is_ffpe’
GDCquery_clinic: no visible binding for global variable ‘submitter_id’
GDCquery_clinic: no visible binding for global variable
  ‘days_to_follow_up’
GDCquery_clinic: no visible binding for global variable
  ‘disease_response’
GDCquery_clinic: no visible global function definition for ‘across’
GDCquery_clinic: no visible global function definition for ‘everything’
GDCquery_clinic : <anonymous>: no visible binding for global variable
  ‘submitter_id’
GDCquery_clinic : <anonymous>: no visible global function definition
  for ‘across’
GDCquery_clinic : <anonymous>: no visible global function definition
  for ‘everything’
TCGAanalyze_DEA: no visible binding for global variable ‘barcode’
TCGAanalyze_DEA: no visible binding for global variable ‘clinical’
TCGAquery_recount2: no visible binding for global variable ‘rse_gene’
TCGAtumor_purity: no visible binding for global variable ‘Tumor.purity’
TCGAvisualize_SurvivalCoxNET: no visible global function definition for
  ‘colorRampPalette’
TCGAvisualize_SurvivalCoxNET: no visible global function definition for
  ‘adjustcolor’
TCGAvisualize_oncoprint: no visible binding for global variable ‘value’
TCGAvisualize_starburst: no visible binding for global variable
  ‘gene_name’
TCGAvisualize_starburst: no visible binding for global variable
  ‘geFDR2’
TCGAvisualize_starburst: no visible binding for global variable ‘logFC’
TCGAvisualize_starburst: no visible binding for global variable
  ‘meFDR2’
TCGAvisualize_starburst: no visible binding for global variable
  ‘threshold.starburst’
TCGAvisualize_starburst: no visible binding for global variable
  ‘starburst.status’
colDataPrepare: no visible binding for global variable
  ‘sample_submitter_id’
colDataPrepare: no visible binding for global variable ‘submitter_id’
getBarcodeInfo: no visible binding for global variable
  ‘days_to_follow_up’
getBarcodeInfo: no visible binding for global variable
  ‘disease_response’
readExonQuantification: no visible binding for global variable ‘exon’
readExonQuantification: no visible binding for global variable
  ‘coordinates’
readSingleCellAnalysis : <anonymous>: no visible global function
  definition for ‘Read10X’
read_gene_expression_quantification : <anonymous>: no visible binding
  for '<<-' assignment to ‘assay.list’
read_gene_expression_quantification: no visible binding for global
  variable ‘assay.list’
Undefined global functions or variables:
  Read10X Tumor.purity across adjustcolor assay.list barcode
  bcr_patient_barcode clinical colorRampPalette coordinates
  days_to_follow_up days_to_last_followup disease_response everything
  exon geFDR2 gene_name is_ffpe logFC meFDR2 rse_gene
  sample_submitter_id starburst.status submitter_id threshold.starburst
  value vital_status
Consider adding
  importFrom("grDevices", "adjustcolor", "colorRampPalette")
to your NAMESPACE file.
* checking Rd files ... OK
* checking Rd metadata ... OK
* checking Rd cross-references ... OK
* checking for missing documentation entries ... OK
* checking for code/documentation mismatches ... OK
* checking Rd \usage sections ... OK
* checking Rd contents ... OK
* checking for unstated dependencies in examples ... OK
* checking contents of ‘data’ directory ... OK
* checking data for non-ASCII characters ... OK
* checking LazyData ... OK
* checking data for ASCII and uncompressed saves ... OK
* checking R/sysdata.rda ... OK
* checking files in ‘vignettes’ ... OK
* checking examples ... OK
Examples with CPU (user + system) or elapsed time > 5s
                       user system elapsed
TCGAanalyze_DEA      11.061  0.701  11.763
getManifest           7.911  0.533 121.414
TCGAanalyze_LevelTab  5.337  0.130   5.467
matchedMetExp         2.937  0.438  13.598
GDCprepare_clinic     1.363  0.306  40.202
getResults            1.344  0.085  15.822
GDCquery              1.035  0.282  11.210
* checking for unstated dependencies in ‘tests’ ... OK
* checking tests ...
  Running ‘testthat.R’
 OK
* checking for unstated dependencies in vignettes ... OK
* checking package vignettes ... OK
* checking re-building of vignette outputs ... OK
* checking PDF version of manual ... OK
* DONE

Status: 2 WARNINGs, 1 NOTE
See
  ‘/home/biocbuild/bbs-3.23-bioc/meat/TCGAbiolinks.Rcheck/00check.log’
for details.


Installation output

TCGAbiolinks.Rcheck/00install.out

##############################################################################
##############################################################################
###
### Running command:
###
###   /home/biocbuild/bbs-3.23-bioc/R/bin/R CMD INSTALL TCGAbiolinks
###
##############################################################################
##############################################################################


* installing to library ‘/home/biocbuild/bbs-3.23-bioc/R/site-library’
* installing *source* package ‘TCGAbiolinks’ ...
** this is package ‘TCGAbiolinks’ version ‘2.39.0’
** using staged installation
** R
** data
*** moving datasets to lazyload DB
** inst
** byte-compile and prepare package for lazy loading
** help
*** installing help indices
** building package indices
** installing vignettes
** testing if installed package can be loaded from temporary location
** testing if installed package can be loaded from final location
** testing if installed package keeps a record of temporary installation path
* DONE (TCGAbiolinks)

Tests output

TCGAbiolinks.Rcheck/tests/testthat.Rout


R Under development (unstable) (2025-10-20 r88955) -- "Unsuffered Consequences"
Copyright (C) 2025 The R Foundation for Statistical Computing
Platform: x86_64-pc-linux-gnu

R is free software and comes with ABSOLUTELY NO WARRANTY.
You are welcome to redistribute it under certain conditions.
Type 'license()' or 'licence()' for distribution details.

R is a collaborative project with many contributors.
Type 'contributors()' for more information and
'citation()' on how to cite R or R packages in publications.

Type 'demo()' for some demos, 'help()' for on-line help, or
'help.start()' for an HTML browser interface to help.
Type 'q()' to quit R.

> library(testthat)
> library(TCGAbiolinks)
> 
> test_check("TCGAbiolinks")

|                                                    |  0%                      
|==========================                          | 50% ~0 s remaining       
|====================================================|100% ~0 s remaining       
|====================================================|100%                      Completed after 0 s 

|                                                    |  0%                      
|==========================                          | 50% ~0 s remaining       
|====================================================|100% ~0 s remaining       
|====================================================|100%                      Completed after 0 s 
[1] "I need about  1 minute to finish complete  Enrichment analysis GO[BP,MF,CC] and Pathways... "
[1] "GO Enrichment Analysis BP completed....done"
[1] "GO Enrichment Analysis MF completed....done"
[1] "GO Enrichment Analysis CC completed....done"
[1] "Pathway Enrichment Analysis completed....done"
[ FAIL 0 | WARN 0 | SKIP 24 | PASS 31 ]

══ Skipped tests (24) ══════════════════════════════════════════════════════════
• On Bioconductor (24): 'test-prepare-download.R:4:5',
  'test-prepare-download.R:49:5', 'test-prepare-download.R:92:5',
  'test-prepare-download.R:102:5', 'test-prepare-download.R:124:5',
  'test-prepare-download.R:145:5', 'test-prepare-download.R:164:5',
  'test-prepare-download.R:183:5', 'test-prepare-download.R:199:5',
  'test-prepare-download.R:209:5', 'test-prepare-download.R:221:5',
  'test-prepare-download.R:246:5', 'test-prepare-download.R:286:5',
  'test-prepare-download.R:316:5', 'test-prepare-download.R:347:5',
  'test-prepare-download.R:381:5', 'test-query-clinical.R:13:5',
  'test-query-clinical.R:69:5', 'test-query.R:5:5', 'test-query.R:15:5',
  'test-query.R:44:5', 'test-query.R:86:5', 'test-query.R:127:5',
  'test-query.R:147:5'

[ FAIL 0 | WARN 0 | SKIP 24 | PASS 31 ]
> 
> proc.time()
   user  system elapsed 
 46.025   1.645  47.665 

Example timings

TCGAbiolinks.Rcheck/TCGAbiolinks-Ex.timings

nameusersystemelapsed
GDCdownload000
GDCprepare0.0000.0000.001
GDCprepare_clinic 1.363 0.30640.202
GDCquery 1.035 0.28211.210
GDCquery_ATAC_seq0.4910.0681.589
GDCquery_clinic1.2210.2744.714
PanCancerAtlas_subtypes0.0150.0050.019
TCGAVisualize_volcano0.4570.0940.551
TCGA_MolecularSubtype0.3500.0280.379
TCGAanalyze_DEA11.061 0.70111.763
TCGAanalyze_DEA_Affy0.0000.0010.000
TCGAanalyze_DMC1.2310.0891.321
TCGAanalyze_EA0.0000.0000.001
TCGAanalyze_EAcomplete2.0220.1492.176
TCGAanalyze_Filtering2.8370.0572.896
TCGAanalyze_LevelTab5.3370.1305.467
TCGAanalyze_Normalization1.1630.0041.166
TCGAanalyze_Pathview000
TCGAanalyze_Stemness1.3370.0011.338
TCGAanalyze_SurvivalKM0.1300.0020.132
TCGAanalyze_survival3.6960.0293.724
TCGAprepare_Affy0.0000.0000.001
TCGAquery_MatchedCoupledSampleTypes0.0030.0000.003
TCGAquery_SampleTypes0.0020.0000.001
TCGAquery_recount20.0000.0010.000
TCGAquery_subtype0.0070.0010.008
TCGAtumor_purity0.0560.0010.057
TCGAvisualize_EAbarplot1.9240.0431.968
TCGAvisualize_Heatmap1.9100.0321.942
TCGAvisualize_PCA1.6880.0201.709
TCGAvisualize_meanMethylation4.4770.0284.505
TCGAvisualize_oncoprint0.0000.0010.000
TCGAvisualize_starburst0.0000.0010.001
UseRaw_afterFilter0.0000.0010.000
colDataPrepare0.2990.0030.946
dmc.non.parametric0.1070.0150.121
dmc.non.parametric.se0.1620.0160.179
gaiaCNVplot0.0310.0010.032
geneInfoHT0.0010.0000.000
getAdjacencyBiogrid0.0010.0000.002
getDataCategorySummary1.4630.0604.476
getGDCInfo0.0540.0140.310
getGDCprojects0.0720.0090.274
getLinkedOmicsData0.0000.0000.001
getMC3MAF000
getManifest 7.911 0.533121.414
getNbCases0.0000.0000.001
getNbFiles0.0000.0010.000
getProjectSummary0.1220.0100.440
getResults 1.344 0.08515.822
getSampleFilesSummary0.6060.1202.460
getTSS000
gliomaClassifier0.0010.0000.000
isServeOK0.0490.0010.135
matchedMetExp 2.937 0.43813.598