Back to Multiple platform build/check report for BioC 3.21: simplified long |
|
This page was generated on 2025-01-28 11:48 -0500 (Tue, 28 Jan 2025).
Hostname | OS | Arch (*) | R version | Installed pkgs |
---|---|---|---|---|
nebbiolo1 | Linux (Ubuntu 24.04.1 LTS) | x86_64 | R Under development (unstable) (2025-01-20 r87609) -- "Unsuffered Consequences" | 4659 |
palomino7 | Windows Server 2022 Datacenter | x64 | R Under development (unstable) (2025-01-21 r87610 ucrt) -- "Unsuffered Consequences" | 4454 |
lconway | macOS 12.7.1 Monterey | x86_64 | R Under development (unstable) (2025-01-22 r87618) -- "Unsuffered Consequences" | 4465 |
kjohnson3 | macOS 13.7.1 Ventura | arm64 | R Under development (unstable) (2025-01-20 r87609) -- "Unsuffered Consequences" | 4419 |
kunpeng2 | Linux (openEuler 22.03 LTS-SP1) | aarch64 | R Under development (unstable) (2024-11-24 r87369) -- "Unsuffered Consequences" | 4409 |
Click on any hostname to see more info about the system (e.g. compilers) (*) as reported by 'uname -p', except on Windows and Mac OS X |
Package 2092/2286 | Hostname | OS / Arch | INSTALL | BUILD | CHECK | BUILD BIN | ||||||||
SWATH2stats 1.37.0 (landing page) Peter Blattmann
| nebbiolo1 | Linux (Ubuntu 24.04.1 LTS) / x86_64 | OK | OK | OK | |||||||||
palomino7 | Windows Server 2022 Datacenter / x64 | OK | OK | OK | OK | |||||||||
lconway | macOS 12.7.1 Monterey / x86_64 | OK | OK | OK | OK | |||||||||
kjohnson3 | macOS 13.7.1 Ventura / arm64 | OK | OK | ERROR | OK | |||||||||
kunpeng2 | Linux (openEuler 22.03 LTS-SP1) / aarch64 | OK | OK | WARNINGS | ||||||||||
To the developers/maintainers of the SWATH2stats package: - Allow up to 24 hours (and sometimes 48 hours) for your latest push to git@git.bioconductor.org:packages/SWATH2stats.git to reflect on this report. See Troubleshooting Build Report for more information. - Use the following Renviron settings to reproduce errors and warnings. - If 'R CMD check' started to fail recently on the Linux builder(s) over a missing dependency, add the missing dependency to 'Suggests:' in your DESCRIPTION file. See Renviron.bioc for more information. - See Martin Grigorov's blog post for how to debug Linux ARM64 related issues on a x86_64 host. |
Package: SWATH2stats |
Version: 1.37.0 |
Command: /home/biocbuild/R/R/bin/R CMD check --install=check:SWATH2stats.install-out.txt --library=/home/biocbuild/R/R/site-library --no-vignettes --timings SWATH2stats_1.37.0.tar.gz |
StartedAt: 2025-01-28 15:56:26 -0000 (Tue, 28 Jan 2025) |
EndedAt: 2025-01-28 15:59:43 -0000 (Tue, 28 Jan 2025) |
EllapsedTime: 197.4 seconds |
RetCode: 0 |
Status: WARNINGS |
CheckDir: SWATH2stats.Rcheck |
Warnings: 5 |
############################################################################## ############################################################################## ### ### Running command: ### ### /home/biocbuild/R/R/bin/R CMD check --install=check:SWATH2stats.install-out.txt --library=/home/biocbuild/R/R/site-library --no-vignettes --timings SWATH2stats_1.37.0.tar.gz ### ############################################################################## ############################################################################## * using log directory ‘/home/biocbuild/bbs-3.21-bioc/meat/SWATH2stats.Rcheck’ * using R Under development (unstable) (2024-11-24 r87369) * using platform: aarch64-unknown-linux-gnu * R was compiled by aarch64-unknown-linux-gnu-gcc (GCC) 14.2.0 GNU Fortran (GCC) 14.2.0 * running under: openEuler 24.03 (LTS) * using session charset: UTF-8 * using option ‘--no-vignettes’ * checking for file ‘SWATH2stats/DESCRIPTION’ ... OK * checking extension type ... Package * this is package ‘SWATH2stats’ version ‘1.37.0’ * package encoding: UTF-8 * checking package namespace information ... OK * checking package dependencies ... INFO Package which this enhances but not available for checking: ‘aLFQ’ * checking if this is a source package ... OK * checking if there is a namespace ... OK * checking for hidden files and directories ... OK * checking for portable file names ... OK * checking for sufficient/correct file permissions ... OK * checking whether package ‘SWATH2stats’ can be installed ... WARNING Found the following significant warnings: Warning: program compiled against libxml 212 using older 211 See ‘/home/biocbuild/bbs-3.21-bioc/meat/SWATH2stats.Rcheck/00install.out’ for details. * checking installed package size ... OK * checking package directory ... OK * checking ‘build’ directory ... OK * checking DESCRIPTION meta-information ... OK * checking top-level files ... OK * checking for left-over files ... OK * checking index information ... OK * checking package subdirectories ... OK * checking code files for non-ASCII characters ... OK * checking R files for syntax errors ... OK * checking whether the package can be loaded ... OK * checking whether the package can be loaded with stated dependencies ... OK * checking whether the package can be unloaded cleanly ... OK * checking whether the namespace can be loaded with stated dependencies ... NOTE Warning: program compiled against libxml 212 using older 211 A namespace must be able to be loaded with just the base namespace loaded: otherwise if the namespace gets loaded by a saved object, the session will be unable to start. Probably some imports need to be declared in the NAMESPACE file. * checking whether the namespace can be unloaded cleanly ... OK * checking loading without being on the library search path ... OK * checking dependencies in R code ... NOTE Warning: program compiled against libxml 212 using older 211 * checking S3 generic/method consistency ... WARNING Warning: program compiled against libxml 212 using older 211 See section ‘Generic functions and methods’ in the ‘Writing R Extensions’ manual. * checking replacement functions ... WARNING Warning: program compiled against libxml 212 using older 211 The argument of a replacement function which corresponds to the right hand side must be named ‘value’. * checking foreign function calls ... NOTE Warning: program compiled against libxml 212 using older 211 See chapter ‘System and foreign language interfaces’ in the ‘Writing R Extensions’ manual. * checking R code for possible problems ... NOTE Warning: program compiled against libxml 212 using older 211 * checking Rd files ... OK * checking Rd metadata ... OK * checking Rd cross-references ... OK * checking for missing documentation entries ... WARNING Warning: program compiled against libxml 212 using older 211 All user-level objects in a package should have documentation entries. See chapter ‘Writing R documentation files’ in the ‘Writing R Extensions’ manual. * checking for code/documentation mismatches ... WARNING Warning: program compiled against libxml 212 using older 211 Warning: program compiled against libxml 212 using older 211 Warning: program compiled against libxml 212 using older 211 * checking Rd \usage sections ... NOTE Warning: program compiled against libxml 212 using older 211 The \usage entries for S3 methods should use the \method markup and not their full name. See chapter ‘Writing R documentation files’ in the ‘Writing R Extensions’ manual. * checking Rd contents ... OK * checking for unstated dependencies in examples ... OK * checking contents of ‘data’ directory ... OK * checking data for non-ASCII characters ... OK * checking data for ASCII and uncompressed saves ... OK * checking files in ‘vignettes’ ... OK * checking examples ... OK Examples with CPU (user + system) or elapsed time > 5s user system elapsed load_mart 1.946 0.15 8.759 * checking for unstated dependencies in ‘tests’ ... OK * checking tests ... Running ‘test-all.R’ OK * checking for unstated dependencies in vignettes ... OK * checking package vignettes ... OK * checking running R code from vignettes ... SKIPPED * checking re-building of vignette outputs ... SKIPPED * checking PDF version of manual ... OK * DONE Status: 5 WARNINGs, 5 NOTEs See ‘/home/biocbuild/bbs-3.21-bioc/meat/SWATH2stats.Rcheck/00check.log’ for details.
SWATH2stats.Rcheck/00install.out
############################################################################## ############################################################################## ### ### Running command: ### ### /home/biocbuild/R/R/bin/R CMD INSTALL SWATH2stats ### ############################################################################## ############################################################################## * installing to library ‘/home/biocbuild/R/R-4.5.0-devel_2024-11-24/site-library’ * installing *source* package ‘SWATH2stats’ ... ** using staged installation ** R ** data ** inst ** byte-compile and prepare package for lazy loading Warning: program compiled against libxml 212 using older 211 ** help *** installing help indices ** building package indices ** installing vignettes ** testing if installed package can be loaded from temporary location Warning: program compiled against libxml 212 using older 211 ** testing if installed package can be loaded from final location Warning: program compiled against libxml 212 using older 211 ** testing if installed package keeps a record of temporary installation path * DONE (SWATH2stats)
SWATH2stats.Rcheck/tests/test-all.Rout
R Under development (unstable) (2024-11-24 r87369) -- "Unsuffered Consequences" Copyright (C) 2024 The R Foundation for Statistical Computing Platform: aarch64-unknown-linux-gnu R is free software and comes with ABSOLUTELY NO WARRANTY. You are welcome to redistribute it under certain conditions. Type 'license()' or 'licence()' for distribution details. R is a collaborative project with many contributors. Type 'contributors()' for more information and 'citation()' on how to cite R or R packages in publications. Type 'demo()' for some demos, 'help()' for on-line help, or 'help.start()' for an HTML browser interface to help. Type 'q()' to quit R. > library(testthat) > test_check("SWATH2stats") Loading required package: SWATH2stats Warning: program compiled against libxml 212 using older 211 [1] "peterb_J131223_054" [1] "peterb_L150425_011_SW" [1] "peterb_L150514_002_SW" [ FAIL 0 | WARN 74 | SKIP 0 | PASS 113 ] [ FAIL 0 | WARN 74 | SKIP 0 | PASS 113 ] > > proc.time() user system elapsed 17.564 0.794 26.201
SWATH2stats.Rcheck/SWATH2stats-Ex.timings
name | user | system | elapsed | |
JPP_update | 0.143 | 0.000 | 0.143 | |
add_genesymbol | 0.008 | 0.000 | 0.008 | |
assess_decoy_rate | 0.167 | 0.004 | 0.172 | |
assess_fdr_byrun | 0.225 | 0.004 | 0.230 | |
assess_fdr_overall | 0.330 | 0.012 | 0.343 | |
convert4MSstats | 0.728 | 0.024 | 0.753 | |
convert4PECA | 0.212 | 0.000 | 0.212 | |
convert4aLFQ | 0.721 | 0.024 | 0.746 | |
convert4mapDIA | 0.484 | 0.004 | 0.488 | |
convert4pythonscript | 0.158 | 0.000 | 0.158 | |
convert_protein_ids | 0 | 0 | 0 | |
count_analytes | 0.17 | 0.00 | 0.17 | |
disaggregate | 0.697 | 0.004 | 0.702 | |
filter_all_peptides | 0.159 | 0.000 | 0.159 | |
filter_mscore | 0.228 | 0.008 | 0.236 | |
filter_mscore_condition | 0.208 | 0.000 | 0.208 | |
filter_mscore_fdr | 0.505 | 0.000 | 0.506 | |
filter_mscore_freqobs | 0.195 | 0.008 | 0.203 | |
filter_on_max_peptides | 0.205 | 0.004 | 0.223 | |
filter_on_min_peptides | 0.197 | 0.000 | 0.200 | |
filter_proteotypic_peptides | 0.179 | 0.000 | 0.184 | |
import_data | 0.455 | 0.000 | 0.468 | |
load_mart | 1.946 | 0.150 | 8.759 | |
mscore4assayfdr | 0.340 | 0.036 | 0.378 | |
mscore4pepfdr | 0.317 | 0.008 | 0.325 | |
mscore4protfdr | 0.267 | 0.004 | 0.273 | |
plot.fdr_cube | 0.199 | 0.008 | 0.240 | |
plot.fdr_table | 0.180 | 0.000 | 0.181 | |
plot_correlation_between_samples | 0.600 | 0.024 | 0.625 | |
plot_variation | 0.521 | 0.012 | 0.533 | |
plot_variation_vs_total | 0.491 | 0.015 | 0.542 | |
reduce_OpenSWATH_output | 0.141 | 0.004 | 0.145 | |
removeDecoyProteins | 0.144 | 0.000 | 0.144 | |
sample_annotation | 0.176 | 0.003 | 0.181 | |
transform_MSstats_OpenSWATH | 0.003 | 0.001 | 0.003 | |
unifyProteinGroupLabels | 0.143 | 0.003 | 0.148 | |
validate_columns | 0.001 | 0.000 | 0.000 | |
write_matrix_peptides | 0.169 | 0.008 | 0.177 | |
write_matrix_proteins | 0.147 | 0.000 | 0.148 | |