Back to Multiple platform build/check report for BioC 3.21:   simplified   long
ABCDEFGHIJKLMNOPQ[R]STUVWXYZ

This page was generated on 2025-02-04 11:40 -0500 (Tue, 04 Feb 2025).

HostnameOSArch (*)R versionInstalled pkgs
nebbiolo1Linux (Ubuntu 24.04.1 LTS)x86_64R Under development (unstable) (2025-01-20 r87609) -- "Unsuffered Consequences" 4716
palomino7Windows Server 2022 Datacenterx64R Under development (unstable) (2025-01-21 r87610 ucrt) -- "Unsuffered Consequences" 4478
lconwaymacOS 12.7.1 Montereyx86_64R Under development (unstable) (2025-01-22 r87618) -- "Unsuffered Consequences" 4489
kjohnson3macOS 13.7.1 Venturaarm64R Under development (unstable) (2025-01-20 r87609) -- "Unsuffered Consequences" 4442
Click on any hostname to see more info about the system (e.g. compilers)      (*) as reported by 'uname -p', except on Windows and Mac OS X

Package 1735/2295HostnameOS / ArchINSTALLBUILDCHECKBUILD BIN
RGMQL 1.27.1  (landing page)
Simone Pallotta
Snapshot Date: 2025-02-03 13:40 -0500 (Mon, 03 Feb 2025)
git_url: https://git.bioconductor.org/packages/RGMQL
git_branch: devel
git_last_commit: 5ad3943
git_last_commit_date: 2024-12-17 11:09:59 -0500 (Tue, 17 Dec 2024)
nebbiolo1Linux (Ubuntu 24.04.1 LTS) / x86_64  OK    ERROR  skipped
palomino7Windows Server 2022 Datacenter / x64  OK    ERROR  skippedskipped
lconwaymacOS 12.7.1 Monterey / x86_64... NOT SUPPORTED ...
kjohnson3macOS 13.7.1 Ventura / arm64... NOT SUPPORTED ...


BUILD results for RGMQL on nebbiolo1

To the developers/maintainers of the RGMQL package:
- Allow up to 24 hours (and sometimes 48 hours) for your latest push to git@git.bioconductor.org:packages/RGMQL.git to reflect on this report. See Troubleshooting Build Report for more information.
- Use the following Renviron settings to reproduce errors and warnings.
- If 'R CMD check' started to fail recently on the Linux builder(s) over a missing dependency, add the missing dependency to 'Suggests:' in your DESCRIPTION file. See Renviron.bioc for more information.

raw results


Summary

Package: RGMQL
Version: 1.27.1
Command: /home/biocbuild/bbs-3.21-bioc/R/bin/R CMD build --keep-empty-dirs --no-resave-data RGMQL
StartedAt: 2025-02-03 19:03:27 -0500 (Mon, 03 Feb 2025)
EndedAt: 2025-02-03 19:04:18 -0500 (Mon, 03 Feb 2025)
EllapsedTime: 51.1 seconds
RetCode: 1
Status:   ERROR  
PackageFile: None
PackageFileSize: NA

Command output

##############################################################################
##############################################################################
###
### Running command:
###
###   /home/biocbuild/bbs-3.21-bioc/R/bin/R CMD build --keep-empty-dirs --no-resave-data RGMQL
###
##############################################################################
##############################################################################


* checking for file ‘RGMQL/DESCRIPTION’ ... OK
* preparing ‘RGMQL’:
* checking DESCRIPTION meta-information ... OK
* installing the package to build vignettes
* creating vignettes ... ERROR
--- re-building ‘RGMQL-vignette.Rmd’ using rmarkdown
Using Spark's default log4j profile: org/apache/spark/log4j-defaults.properties
25/02/03 19:04:13 INFO SparkContext: Running Spark version 2.2.0
25/02/03 19:04:13 WARN NativeCodeLoader: Unable to load native-hadoop library for your platform... using builtin-java classes where applicable
25/02/03 19:04:14 WARN Utils: Your hostname, nebbiolo1 resolves to a loopback address: 127.0.1.1; using 155.52.47.135 instead (on interface enp175s0f1np1)
25/02/03 19:04:14 WARN Utils: Set SPARK_LOCAL_IP if you need to bind to another address
25/02/03 19:04:14 INFO SparkContext: Submitted application: GMQL-R
25/02/03 19:04:14 INFO SecurityManager: Changing view acls to: biocbuild
25/02/03 19:04:14 INFO SecurityManager: Changing modify acls to: biocbuild
25/02/03 19:04:14 INFO SecurityManager: Changing view acls groups to: 
25/02/03 19:04:14 INFO SecurityManager: Changing modify acls groups to: 
25/02/03 19:04:14 INFO SecurityManager: SecurityManager: authentication disabled; ui acls disabled; users  with view permissions: Set(biocbuild); groups with view permissions: Set(); users  with modify permissions: Set(biocbuild); groups with modify permissions: Set()
25/02/03 19:04:14 INFO PlatformDependent: Your platform does not provide complete low-level API for accessing direct buffers reliably. Unless explicitly requested, heap buffer will always be preferred to avoid potential system unstability.
25/02/03 19:04:14 INFO Utils: Successfully started service 'sparkDriver' on port 46819.
25/02/03 19:04:14 INFO SparkEnv: Registering MapOutputTracker
25/02/03 19:04:14 INFO SparkEnv: Registering BlockManagerMaster
25/02/03 19:04:14 INFO BlockManagerMasterEndpoint: Using org.apache.spark.storage.DefaultTopologyMapper for getting topology information
25/02/03 19:04:14 INFO BlockManagerMasterEndpoint: BlockManagerMasterEndpoint up
25/02/03 19:04:14 INFO DiskBlockManager: Created local directory at /tmp/blockmgr-a99137fd-d667-4514-aa2c-00f6b72db3e9
25/02/03 19:04:14 INFO MemoryStore: MemoryStore started with capacity 127.2 MB
25/02/03 19:04:14 INFO SparkEnv: Registering OutputCommitCoordinator
25/02/03 19:04:14 INFO Utils: Successfully started service 'SparkUI' on port 4040.
25/02/03 19:04:14 INFO SparkUI: Bound SparkUI to 0.0.0.0, and started at http://155.52.47.135:4040
25/02/03 19:04:14 INFO Executor: Starting executor ID driver on host localhost
25/02/03 19:04:14 INFO Utils: Successfully started service 'org.apache.spark.network.netty.NettyBlockTransferService' on port 45323.
25/02/03 19:04:14 INFO NettyBlockTransferService: Server created on 155.52.47.135:45323
25/02/03 19:04:14 INFO BlockManager: Using org.apache.spark.storage.RandomBlockReplicationPolicy for block replication policy
25/02/03 19:04:14 INFO BlockManagerMaster: Registering BlockManager BlockManagerId(driver, 155.52.47.135, 45323, None)
25/02/03 19:04:14 INFO BlockManagerMasterEndpoint: Registering block manager 155.52.47.135:45323 with 127.2 MB RAM, BlockManagerId(driver, 155.52.47.135, 45323, None)
25/02/03 19:04:14 INFO BlockManagerMaster: Registered BlockManager BlockManagerId(driver, 155.52.47.135, 45323, None)
25/02/03 19:04:14 INFO BlockManager: Initialized BlockManager: BlockManagerId(driver, 155.52.47.135, 45323, None)
GMQL Server is up

Quitting from lines 471-473 [init with guest login] (RGMQL-vignette.Rmd)
Error: processing vignette 'RGMQL-vignette.Rmd' failed with diagnostics:

--- failed re-building ‘RGMQL-vignette.Rmd’

SUMMARY: processing the following file failed:
  ‘RGMQL-vignette.Rmd’

Error: Vignette re-building failed.
Execution halted