Back to Multiple platform build/check report for BioC 3.21:   simplified   long
ABCDEFGHIJKLMNOPQ[R]STUVWXYZ

This page was generated on 2025-02-03 12:37 -0500 (Mon, 03 Feb 2025).

HostnameOSArch (*)R versionInstalled pkgs
nebbiolo1Linux (Ubuntu 24.04.1 LTS)x86_64R Under development (unstable) (2025-01-20 r87609) -- "Unsuffered Consequences" 4704
palomino7Windows Server 2022 Datacenterx64R Under development (unstable) (2025-01-21 r87610 ucrt) -- "Unsuffered Consequences" 4467
lconwaymacOS 12.7.1 Montereyx86_64R Under development (unstable) (2025-01-22 r87618) -- "Unsuffered Consequences" 4478
Click on any hostname to see more info about the system (e.g. compilers)      (*) as reported by 'uname -p', except on Windows and Mac OS X

Package 1687/2289HostnameOS / ArchINSTALLBUILDCHECKBUILD BIN
RCyjs 2.29.0  (landing page)
Paul Shannon
Snapshot Date: 2025-02-02 13:40 -0500 (Sun, 02 Feb 2025)
git_url: https://git.bioconductor.org/packages/RCyjs
git_branch: devel
git_last_commit: d9fd4c8
git_last_commit_date: 2024-10-29 10:00:30 -0500 (Tue, 29 Oct 2024)
nebbiolo1Linux (Ubuntu 24.04.1 LTS) / x86_64  OK    OK    WARNINGS  UNNEEDED, same version is already published
palomino7Windows Server 2022 Datacenter / x64  OK    OK    WARNINGS    OK  UNNEEDED, same version is already published
lconwaymacOS 12.7.1 Monterey / x86_64  OK    OK    WARNINGS    OK  UNNEEDED, same version is already published


CHECK results for RCyjs on nebbiolo1

To the developers/maintainers of the RCyjs package:
- Allow up to 24 hours (and sometimes 48 hours) for your latest push to git@git.bioconductor.org:packages/RCyjs.git to reflect on this report. See Troubleshooting Build Report for more information.
- Use the following Renviron settings to reproduce errors and warnings.
- If 'R CMD check' started to fail recently on the Linux builder(s) over a missing dependency, add the missing dependency to 'Suggests:' in your DESCRIPTION file. See Renviron.bioc for more information.

raw results


Summary

Package: RCyjs
Version: 2.29.0
Command: /home/biocbuild/bbs-3.21-bioc/R/bin/R CMD check --install=check:RCyjs.install-out.txt --library=/home/biocbuild/bbs-3.21-bioc/R/site-library --timings RCyjs_2.29.0.tar.gz
StartedAt: 2025-02-03 01:36:02 -0500 (Mon, 03 Feb 2025)
EndedAt: 2025-02-03 01:36:38 -0500 (Mon, 03 Feb 2025)
EllapsedTime: 36.0 seconds
RetCode: 0
Status:   WARNINGS  
CheckDir: RCyjs.Rcheck
Warnings: 1

Command output

##############################################################################
##############################################################################
###
### Running command:
###
###   /home/biocbuild/bbs-3.21-bioc/R/bin/R CMD check --install=check:RCyjs.install-out.txt --library=/home/biocbuild/bbs-3.21-bioc/R/site-library --timings RCyjs_2.29.0.tar.gz
###
##############################################################################
##############################################################################


* using log directory ‘/home/biocbuild/bbs-3.21-bioc/meat/RCyjs.Rcheck’
* using R Under development (unstable) (2025-01-20 r87609)
* using platform: x86_64-pc-linux-gnu
* R was compiled by
    gcc (Ubuntu 13.3.0-6ubuntu2~24.04) 13.3.0
    GNU Fortran (Ubuntu 13.3.0-6ubuntu2~24.04) 13.3.0
* running under: Ubuntu 24.04.1 LTS
* using session charset: UTF-8
* checking for file ‘RCyjs/DESCRIPTION’ ... OK
* checking extension type ... Package
* this is package ‘RCyjs’ version ‘2.29.0’
* checking package namespace information ... OK
* checking package dependencies ... OK
* checking if this is a source package ... OK
* checking if there is a namespace ... OK
* checking for hidden files and directories ... OK
* checking for portable file names ... OK
* checking for sufficient/correct file permissions ... OK
* checking whether package ‘RCyjs’ can be installed ... OK
* checking installed package size ... OK
* checking package directory ... OK
* checking ‘build’ directory ... OK
* checking DESCRIPTION meta-information ... NOTE
License stub is invalid DCF.
* checking top-level files ... OK
* checking for left-over files ... OK
* checking index information ... OK
* checking package subdirectories ... OK
* checking code files for non-ASCII characters ... OK
* checking R files for syntax errors ... OK
* checking whether the package can be loaded ... OK
* checking whether the package can be loaded with stated dependencies ... OK
* checking whether the package can be unloaded cleanly ... OK
* checking whether the namespace can be loaded with stated dependencies ... OK
* checking whether the namespace can be unloaded cleanly ... OK
* checking loading without being on the library search path ... OK
* checking whether startup messages can be suppressed ... OK
* checking dependencies in R code ... OK
* checking S3 generic/method consistency ... OK
* checking replacement functions ... OK
* checking foreign function calls ... OK
* checking R code for possible problems ... OK
* checking Rd files ... OK
* checking Rd metadata ... OK
* checking Rd cross-references ... OK
* checking for missing documentation entries ... OK
* checking for code/documentation mismatches ... OK
* checking Rd \usage sections ... WARNING
Undocumented arguments in Rd file 'hideNodes.Rd'
  ‘nodeIDs’

Undocumented arguments in Rd file 'readAndStandardizeJSONNetworkFile.Rd'
  ‘filename’
Documented arguments not in \usage in Rd file 'readAndStandardizeJSONNetworkFile.Rd':
  ‘file’

Undocumented arguments in Rd file 'readAndStandardizeJSONStyleFile.Rd'
  ‘filename’
Documented arguments not in \usage in Rd file 'readAndStandardizeJSONStyleFile.Rd':
  ‘file’

Undocumented arguments in Rd file 'showNodes.Rd'
  ‘nodeIDs’

Functions with \usage entries need to have the appropriate \alias
entries, and all their arguments documented.
The \usage entries must correspond to syntactically valid R code.
See chapter ‘Writing R documentation files’ in the ‘Writing R
Extensions’ manual.
* checking Rd contents ... OK
* checking for unstated dependencies in examples ... OK
* checking include directives in Makefiles ... OK
* checking files in ‘vignettes’ ... OK
* checking examples ... OK
* checking for unstated dependencies in ‘tests’ ... OK
* checking tests ...
  Running ‘runTests.R’
 OK
* checking for unstated dependencies in vignettes ... OK
* checking package vignettes ... OK
* checking re-building of vignette outputs ... OK
* checking PDF version of manual ... OK
* DONE

Status: 1 WARNING, 1 NOTE
See
  ‘/home/biocbuild/bbs-3.21-bioc/meat/RCyjs.Rcheck/00check.log’
for details.


Installation output

RCyjs.Rcheck/00install.out

##############################################################################
##############################################################################
###
### Running command:
###
###   /home/biocbuild/bbs-3.21-bioc/R/bin/R CMD INSTALL RCyjs
###
##############################################################################
##############################################################################


* installing to library ‘/home/biocbuild/bbs-3.21-bioc/R/site-library’
* installing *source* package ‘RCyjs’ ...
** this is package ‘RCyjs’ version ‘2.29.0’
** using staged installation
** R
** inst
** byte-compile and prepare package for lazy loading
Creating a new generic function for ‘layout’ in package ‘RCyjs’
** help
*** installing help indices
** building package indices
** installing vignettes
** testing if installed package can be loaded from temporary location
** testing if installed package can be loaded from final location
** testing if installed package keeps a record of temporary installation path
* DONE (RCyjs)

Tests output

RCyjs.Rcheck/tests/runTests.Rout


R Under development (unstable) (2025-01-20 r87609) -- "Unsuffered Consequences"
Copyright (C) 2025 The R Foundation for Statistical Computing
Platform: x86_64-pc-linux-gnu

R is free software and comes with ABSOLUTELY NO WARRANTY.
You are welcome to redistribute it under certain conditions.
Type 'license()' or 'licence()' for distribution details.

R is a collaborative project with many contributors.
Type 'contributors()' for more information and
'citation()' on how to cite R or R packages in publications.

Type 'demo()' for some demos, 'help()' for on-line help, or
'help.start()' for an HTML browser interface to help.
Type 'q()' to quit R.

> # disabled: the bioc build system no longer supports browser use.
> # BiocGenerics:::testPackage("RCyjs")
> 
> proc.time()
   user  system elapsed 
  0.156   0.035   0.174 

Example timings

RCyjs.Rcheck/RCyjs-Ex.timings

nameusersystemelapsed
RCyjs-class0.0010.0000.000
addGraph000
addGraphFromFile000
clearSelection000
createTestGaph0.0060.0000.006
deleteGraph000
deleteSelectedNodes0.0010.0000.000
eda0.0000.0000.001
edaNames000
fit000
fitSelection0.0000.0010.001
getEdgeCount000
getJSON000
getLayoutStrategies0.0000.0000.001
getNodeCount000
getNodes000
getPosition0.0010.0000.000
getSelectedNodes0.0000.0000.001
getSupportedEdgeDecoratorShapes000
getSupportedNodeShapes000
getZoom0.0000.0000.001
graphNELtoJSON.string000
hAlign000
hideAllEdges0.0010.0000.000
hideEdges0.0000.0000.001
hideNodes0.0000.0000.001
hideSelectedNodes0.0000.0010.001
invertNodeSelection000
layout0.0010.0000.000
layoutSelectionInGrid0.0010.0000.000
layoutSelectionInGridInferAnchorm0.0000.0000.001
loadStyleFile0.0000.0000.001
noa000
noaNames0.0010.0000.000
redraw0.0000.0000.001
restoreLayout0.0000.0000.001
saveJPG000
saveLayout000
savePNG000
selectFirstNeighborsOfSelectedNodes000
selectNodes0.0000.0010.001
setBackgroundColor000
setDefaultEdgeColor0.0010.0000.000
setDefaultEdgeLineColor0.0000.0000.001
setDefaultEdgeLineStyle0.0000.0010.000
setDefaultEdgeSourceArrowColor000
setDefaultEdgeSourceArrowShape0.0010.0000.000
setDefaultEdgeTargetArrowColor0.0000.0000.001
setDefaultEdgeTargetArrowShape000
setDefaultEdgeWidth000
setDefaultNodeBorderColor0.0010.0000.000
setDefaultNodeBorderWidth0.0000.0010.001
setDefaultNodeColor000
setDefaultNodeFontColor000
setDefaultNodeFontSize000
setDefaultNodeHeight0.0000.0010.001
setDefaultNodeShape000
setDefaultNodeSize000
setDefaultNodeWidth0.0010.0000.000
setDefaultStyle0.0000.0010.001
setEdgeStyle0.0000.0010.001
setGraph000
setNodeAttributes000
setNodeBorderColor0.0000.0000.001
setNodeBorderWidth0.0000.0010.001
setNodeColor000
setNodeColorRule0.0010.0000.000
setNodeFontColor000
setNodeFontSize0.0000.0000.001
setNodeHeight000
setNodeLabelRule000
setNodeShape0.0000.0010.001
setNodeSize000
setNodeSizeRule000
setNodeWidth000
setPosition0.0000.0010.001
setZoom0.0000.0010.000
sfn000
showAll000
showEdges0.0000.0000.001
showNodes0.0000.0010.001
simpleDemoGraph0.0470.0000.048
vAlign0.0000.0000.001