| Back to Multiple platform build/check report for BioC 3.22: simplified long |
|
This page was generated on 2025-10-21 12:07 -0400 (Tue, 21 Oct 2025).
| Hostname | OS | Arch (*) | R version | Installed pkgs |
|---|---|---|---|---|
| nebbiolo2 | Linux (Ubuntu 24.04.3 LTS) | x86_64 | 4.5.1 Patched (2025-08-23 r88802) -- "Great Square Root" | 4887 |
| lconway | macOS 12.7.6 Monterey | x86_64 | 4.5.1 Patched (2025-09-10 r88807) -- "Great Square Root" | 4677 |
| kjohnson3 | macOS 13.7.7 Ventura | arm64 | 4.5.1 Patched (2025-09-10 r88807) -- "Great Square Root" | 4622 |
| taishan | Linux (openEuler 24.03 LTS) | aarch64 | 4.5.0 (2025-04-11) -- "How About a Twenty-Six" | 4642 |
| Click on any hostname to see more info about the system (e.g. compilers) (*) as reported by 'uname -p', except on Windows and Mac OS X | ||||
| Package 1632/2353 | Hostname | OS / Arch | INSTALL | BUILD | CHECK | BUILD BIN | ||||||||
| PrInCE 1.25.0 (landing page) Michael Skinnider
| nebbiolo2 | Linux (Ubuntu 24.04.3 LTS) / x86_64 | OK | OK | WARNINGS | |||||||||
| lconway | macOS 12.7.6 Monterey / x86_64 | OK | OK | WARNINGS | OK | |||||||||
| kjohnson3 | macOS 13.7.7 Ventura / arm64 | OK | OK | WARNINGS | OK | |||||||||
| taishan | Linux (openEuler 24.03 LTS) / aarch64 | OK | OK | WARNINGS | ||||||||||
|
To the developers/maintainers of the PrInCE package: - Allow up to 24 hours (and sometimes 48 hours) for your latest push to git@git.bioconductor.org:packages/PrInCE.git to reflect on this report. See Troubleshooting Build Report for more information. - Use the following Renviron settings to reproduce errors and warnings. - If 'R CMD check' started to fail recently on the Linux builder(s) over a missing dependency, add the missing dependency to 'Suggests:' in your DESCRIPTION file. See Renviron.bioc for more information. - See Martin Grigorov's blog post for how to debug Linux ARM64 related issues on a x86_64 host. |
| Package: PrInCE |
| Version: 1.25.0 |
| Command: /home/biocbuild/R/R/bin/R CMD check --install=check:PrInCE.install-out.txt --library=/home/biocbuild/R/R/site-library --no-vignettes --timings PrInCE_1.25.0.tar.gz |
| StartedAt: 2025-10-17 12:19:25 -0000 (Fri, 17 Oct 2025) |
| EndedAt: 2025-10-17 12:26:13 -0000 (Fri, 17 Oct 2025) |
| EllapsedTime: 408.5 seconds |
| RetCode: 0 |
| Status: WARNINGS |
| CheckDir: PrInCE.Rcheck |
| Warnings: 1 |
##############################################################################
##############################################################################
###
### Running command:
###
### /home/biocbuild/R/R/bin/R CMD check --install=check:PrInCE.install-out.txt --library=/home/biocbuild/R/R/site-library --no-vignettes --timings PrInCE_1.25.0.tar.gz
###
##############################################################################
##############################################################################
* using log directory ‘/home/biocbuild/bbs-3.22-bioc/meat/PrInCE.Rcheck’
* using R version 4.5.0 (2025-04-11)
* using platform: aarch64-unknown-linux-gnu
* R was compiled by
aarch64-unknown-linux-gnu-gcc (GCC) 14.2.0
GNU Fortran (GCC) 14.2.0
* running under: openEuler 24.03 (LTS)
* using session charset: UTF-8
* using option ‘--no-vignettes’
* checking for file ‘PrInCE/DESCRIPTION’ ... OK
* this is package ‘PrInCE’ version ‘1.25.0’
* package encoding: UTF-8
* checking package namespace information ... OK
* checking package dependencies ... OK
* checking if this is a source package ... OK
* checking if there is a namespace ... OK
* checking for hidden files and directories ... NOTE
Found the following hidden files and directories:
.lintr
These were most likely included in error. See section ‘Package
structure’ in the ‘Writing R Extensions’ manual.
* checking for portable file names ... OK
* checking for sufficient/correct file permissions ... OK
* checking whether package ‘PrInCE’ can be installed ... OK
* checking installed package size ... OK
* checking package directory ... OK
* checking ‘build’ directory ... OK
* checking DESCRIPTION meta-information ... OK
* checking top-level files ... OK
* checking for left-over files ... OK
* checking index information ... OK
* checking package subdirectories ... OK
* checking code files for non-ASCII characters ... OK
* checking R files for syntax errors ... OK
* checking whether the package can be loaded ... OK
* checking whether the package can be loaded with stated dependencies ... OK
* checking whether the package can be unloaded cleanly ... OK
* checking whether the namespace can be loaded with stated dependencies ... OK
* checking whether the namespace can be unloaded cleanly ... OK
* checking loading without being on the library search path ... OK
* checking dependencies in R code ... OK
* checking S3 generic/method consistency ... OK
* checking replacement functions ... OK
* checking foreign function calls ... OK
* checking R code for possible problems ... NOTE
calculate_features: no visible global function definition for
‘quantile’
Undefined global functions or variables:
quantile
Consider adding
importFrom("stats", "quantile")
to your NAMESPACE file.
* checking Rd files ... OK
* checking Rd metadata ... OK
* checking Rd cross-references ... NOTE
Found the following Rd file(s) with Rd \link{} targets missing package
anchors:
PrInCE.Rd: MSnSet-class
build_gaussians.Rd: MSnSet-class
calculate_autocorrelation.Rd: MSnSet-class
calculate_features.Rd: MSnSet-class
clean_profiles.Rd: MSnSet-class
detect_complexes.Rd: MSnSet-class
filter_profiles.Rd: MSnSet-class
Please provide package anchors for all Rd \link{} targets not in the
package itself and the base packages.
* checking for missing documentation entries ... OK
* checking for code/documentation mismatches ... OK
* checking Rd \usage sections ... WARNING
Undocumented arguments in Rd file 'calculate_autocorrelation.Rd'
‘min_replicates’
Undocumented arguments in Rd file 'calculate_features.Rd'
‘n_pairs’
Functions with \usage entries need to have the appropriate \alias
entries, and all their arguments documented.
The \usage entries must correspond to syntactically valid R code.
See chapter ‘Writing R documentation files’ in the ‘Writing R
Extensions’ manual.
* checking Rd contents ... OK
* checking for unstated dependencies in examples ... OK
* checking contents of ‘data’ directory ... OK
* checking data for non-ASCII characters ... OK
* checking data for ASCII and uncompressed saves ... OK
* checking files in ‘vignettes’ ... OK
* checking examples ... OK
Examples with CPU (user + system) or elapsed time > 5s
user system elapsed
predict_ensemble 7.107 0.060 7.184
PrInCE 6.702 0.095 6.817
predict_interactions 6.453 0.004 6.475
calculate_precision 6.323 0.108 6.448
threshold_precision 5.980 0.004 6.001
* checking for unstated dependencies in vignettes ... OK
* checking package vignettes ... OK
* checking running R code from vignettes ... SKIPPED
* checking re-building of vignette outputs ... SKIPPED
* checking PDF version of manual ... OK
* DONE
Status: 1 WARNING, 3 NOTEs
See
‘/home/biocbuild/bbs-3.22-bioc/meat/PrInCE.Rcheck/00check.log’
for details.
PrInCE.Rcheck/00install.out
############################################################################## ############################################################################## ### ### Running command: ### ### /home/biocbuild/R/R/bin/R CMD INSTALL PrInCE ### ############################################################################## ############################################################################## * installing to library ‘/home/biocbuild/R/R-4.5.0/site-library’ * installing *source* package ‘PrInCE’ ... ** this is package ‘PrInCE’ version ‘1.25.0’ ** using staged installation ** R ** data ** inst ** byte-compile and prepare package for lazy loading ** help Loading required namespace: PrInCE Registered S3 method overwritten by 'quantmod': method from as.zoo.data.frame zoo *** installing help indices ** building package indices ** installing vignettes ** testing if installed package can be loaded from temporary location ** testing if installed package can be loaded from final location ** testing if installed package keeps a record of temporary installation path * DONE (PrInCE)
PrInCE.Rcheck/PrInCE-Ex.timings
| name | user | system | elapsed | |
| PrInCE | 6.702 | 0.095 | 6.817 | |
| adjacency_matrix_from_data_frame | 0.002 | 0.000 | 0.002 | |
| adjacency_matrix_from_list | 0.539 | 0.000 | 0.542 | |
| build_gaussians | 0.647 | 0.052 | 0.701 | |
| calculate_precision | 6.323 | 0.108 | 6.448 | |
| check_gaussians | 0.157 | 0.000 | 0.157 | |
| choose_gaussians | 0.261 | 0.004 | 0.265 | |
| clean_profile | 0.044 | 0.004 | 0.047 | |
| clean_profiles | 0.048 | 0.000 | 0.048 | |
| co_apex | 0.122 | 0.000 | 0.123 | |
| detect_complexes | 0.215 | 0.000 | 0.216 | |
| filter_profiles | 0.345 | 0.000 | 0.346 | |
| fit_curve | 0.199 | 0.000 | 0.200 | |
| fit_gaussians | 0.191 | 0.000 | 0.192 | |
| impute_neighbors | 0.047 | 0.003 | 0.051 | |
| is_unweighted | 0.617 | 0.028 | 0.646 | |
| is_weighted | 0.546 | 0.012 | 0.560 | |
| make_initial_conditions | 0.042 | 0.004 | 0.046 | |
| make_labels | 0.567 | 0.000 | 0.568 | |
| match_matrix_dimensions | 0.792 | 0.000 | 0.795 | |
| predict_ensemble | 7.107 | 0.060 | 7.184 | |
| predict_interactions | 6.453 | 0.004 | 6.475 | |
| threshold_precision | 5.980 | 0.004 | 6.001 | |