Back to Multiple platform build/check report for BioC 3.21: simplified long |
|
This page was generated on 2025-02-19 11:43 -0500 (Wed, 19 Feb 2025).
Hostname | OS | Arch (*) | R version | Installed pkgs |
---|---|---|---|---|
nebbiolo1 | Linux (Ubuntu 24.04.1 LTS) | x86_64 | R Under development (unstable) (2025-01-20 r87609) -- "Unsuffered Consequences" | 4720 |
palomino7 | Windows Server 2022 Datacenter | x64 | R Under development (unstable) (2025-01-21 r87610 ucrt) -- "Unsuffered Consequences" | 4482 |
lconway | macOS 12.7.1 Monterey | x86_64 | R Under development (unstable) (2025-01-22 r87618) -- "Unsuffered Consequences" | 4493 |
kjohnson3 | macOS 13.7.1 Ventura | arm64 | R Under development (unstable) (2025-01-20 r87609) -- "Unsuffered Consequences" | 4446 |
Click on any hostname to see more info about the system (e.g. compilers) (*) as reported by 'uname -p', except on Windows and Mac OS X |
Package 1594/2295 | Hostname | OS / Arch | INSTALL | BUILD | CHECK | BUILD BIN | ||||||||
PrInCE 1.23.0 (landing page) Michael Skinnider
| nebbiolo1 | Linux (Ubuntu 24.04.1 LTS) / x86_64 | OK | OK | WARNINGS | ![]() | ||||||||
palomino7 | Windows Server 2022 Datacenter / x64 | OK | OK | WARNINGS | OK | ![]() | ||||||||
lconway | macOS 12.7.1 Monterey / x86_64 | OK | OK | WARNINGS | OK | ![]() | ||||||||
kjohnson3 | macOS 13.7.1 Ventura / arm64 | OK | OK | WARNINGS | OK | ![]() | ||||||||
To the developers/maintainers of the PrInCE package: - Allow up to 24 hours (and sometimes 48 hours) for your latest push to git@git.bioconductor.org:packages/PrInCE.git to reflect on this report. See Troubleshooting Build Report for more information. - Use the following Renviron settings to reproduce errors and warnings. - If 'R CMD check' started to fail recently on the Linux builder(s) over a missing dependency, add the missing dependency to 'Suggests:' in your DESCRIPTION file. See Renviron.bioc for more information. |
Package: PrInCE |
Version: 1.23.0 |
Command: /Library/Frameworks/R.framework/Resources/bin/R CMD check --install=check:PrInCE.install-out.txt --library=/Library/Frameworks/R.framework/Resources/library --no-vignettes --timings PrInCE_1.23.0.tar.gz |
StartedAt: 2025-02-18 22:22:47 -0500 (Tue, 18 Feb 2025) |
EndedAt: 2025-02-18 22:28:16 -0500 (Tue, 18 Feb 2025) |
EllapsedTime: 329.2 seconds |
RetCode: 0 |
Status: WARNINGS |
CheckDir: PrInCE.Rcheck |
Warnings: 1 |
############################################################################## ############################################################################## ### ### Running command: ### ### /Library/Frameworks/R.framework/Resources/bin/R CMD check --install=check:PrInCE.install-out.txt --library=/Library/Frameworks/R.framework/Resources/library --no-vignettes --timings PrInCE_1.23.0.tar.gz ### ############################################################################## ############################################################################## * using log directory ‘/Users/biocbuild/bbs-3.21-bioc/meat/PrInCE.Rcheck’ * using R Under development (unstable) (2025-01-22 r87618) * using platform: x86_64-apple-darwin20 * R was compiled by Apple clang version 14.0.0 (clang-1400.0.29.202) GNU Fortran (GCC) 14.2.0 * running under: macOS Monterey 12.7.6 * using session charset: UTF-8 * using option ‘--no-vignettes’ * checking for file ‘PrInCE/DESCRIPTION’ ... OK * this is package ‘PrInCE’ version ‘1.23.0’ * package encoding: UTF-8 * checking package namespace information ... OK * checking package dependencies ... OK * checking if this is a source package ... OK * checking if there is a namespace ... OK * checking for hidden files and directories ... NOTE Found the following hidden files and directories: .lintr These were most likely included in error. See section ‘Package structure’ in the ‘Writing R Extensions’ manual. * checking for portable file names ... OK * checking for sufficient/correct file permissions ... OK * checking whether package ‘PrInCE’ can be installed ... OK * checking installed package size ... OK * checking package directory ... OK * checking ‘build’ directory ... OK * checking DESCRIPTION meta-information ... OK * checking top-level files ... OK * checking for left-over files ... OK * checking index information ... OK * checking package subdirectories ... OK * checking code files for non-ASCII characters ... OK * checking R files for syntax errors ... OK * checking whether the package can be loaded ... OK * checking whether the package can be loaded with stated dependencies ... OK * checking whether the package can be unloaded cleanly ... OK * checking whether the namespace can be loaded with stated dependencies ... OK * checking whether the namespace can be unloaded cleanly ... OK * checking dependencies in R code ... OK * checking S3 generic/method consistency ... OK * checking replacement functions ... OK * checking foreign function calls ... OK * checking R code for possible problems ... NOTE calculate_features: no visible global function definition for ‘quantile’ Undefined global functions or variables: quantile Consider adding importFrom("stats", "quantile") to your NAMESPACE file. * checking Rd files ... OK * checking Rd metadata ... OK * checking Rd cross-references ... NOTE Found the following Rd file(s) with Rd \link{} targets missing package anchors: PrInCE.Rd: MSnSet-class build_gaussians.Rd: MSnSet-class calculate_autocorrelation.Rd: MSnSet-class calculate_features.Rd: MSnSet-class clean_profiles.Rd: MSnSet-class detect_complexes.Rd: MSnSet-class filter_profiles.Rd: MSnSet-class Please provide package anchors for all Rd \link{} targets not in the package itself and the base packages. * checking for missing documentation entries ... OK * checking for code/documentation mismatches ... OK * checking Rd \usage sections ... WARNING Undocumented arguments in Rd file 'calculate_autocorrelation.Rd' ‘min_replicates’ Undocumented arguments in Rd file 'calculate_features.Rd' ‘n_pairs’ Functions with \usage entries need to have the appropriate \alias entries, and all their arguments documented. The \usage entries must correspond to syntactically valid R code. See chapter ‘Writing R documentation files’ in the ‘Writing R Extensions’ manual. * checking Rd contents ... OK * checking for unstated dependencies in examples ... OK * checking contents of ‘data’ directory ... OK * checking data for non-ASCII characters ... OK * checking data for ASCII and uncompressed saves ... OK * checking files in ‘vignettes’ ... OK * checking examples ... OK Examples with CPU (user + system) or elapsed time > 5s user system elapsed PrInCE 6.721 0.195 6.967 predict_ensemble 5.301 0.231 5.565 calculate_precision 5.295 0.198 5.524 predict_interactions 5.325 0.152 5.511 threshold_precision 4.968 0.133 5.125 * checking for unstated dependencies in vignettes ... OK * checking package vignettes ... OK * checking running R code from vignettes ... SKIPPED * checking re-building of vignette outputs ... SKIPPED * checking PDF version of manual ... OK * DONE Status: 1 WARNING, 3 NOTEs See ‘/Users/biocbuild/bbs-3.21-bioc/meat/PrInCE.Rcheck/00check.log’ for details.
PrInCE.Rcheck/00install.out
############################################################################## ############################################################################## ### ### Running command: ### ### /Library/Frameworks/R.framework/Resources/bin/R CMD INSTALL PrInCE ### ############################################################################## ############################################################################## * installing to library ‘/Library/Frameworks/R.framework/Versions/4.5-x86_64/Resources/library’ * installing *source* package ‘PrInCE’ ... ** this is package ‘PrInCE’ version ‘1.23.0’ ** using staged installation ** R ** data ** inst ** byte-compile and prepare package for lazy loading ** help Loading required namespace: PrInCE Registered S3 method overwritten by 'quantmod': method from as.zoo.data.frame zoo *** installing help indices ** building package indices ** installing vignettes ** testing if installed package can be loaded from temporary location ** testing if installed package can be loaded from final location ** testing if installed package keeps a record of temporary installation path * DONE (PrInCE)
PrInCE.Rcheck/PrInCE-Ex.timings
name | user | system | elapsed | |
PrInCE | 6.721 | 0.195 | 6.967 | |
adjacency_matrix_from_data_frame | 0.001 | 0.000 | 0.002 | |
adjacency_matrix_from_list | 0.363 | 0.008 | 0.372 | |
build_gaussians | 0.502 | 0.031 | 0.537 | |
calculate_precision | 5.295 | 0.198 | 5.524 | |
check_gaussians | 0.170 | 0.005 | 0.177 | |
choose_gaussians | 0.189 | 0.005 | 0.197 | |
clean_profile | 0.043 | 0.004 | 0.046 | |
clean_profiles | 0.043 | 0.003 | 0.046 | |
co_apex | 0.137 | 0.005 | 0.143 | |
detect_complexes | 0.101 | 0.007 | 0.109 | |
filter_profiles | 0.224 | 0.007 | 0.232 | |
fit_curve | 0.148 | 0.006 | 0.157 | |
fit_gaussians | 0.137 | 0.008 | 0.146 | |
impute_neighbors | 0.050 | 0.005 | 0.056 | |
is_unweighted | 0.377 | 0.015 | 0.393 | |
is_weighted | 0.394 | 0.024 | 0.421 | |
make_initial_conditions | 0.055 | 0.005 | 0.060 | |
make_labels | 0.358 | 0.006 | 0.368 | |
match_matrix_dimensions | 0.533 | 0.012 | 0.549 | |
predict_ensemble | 5.301 | 0.231 | 5.565 | |
predict_interactions | 5.325 | 0.152 | 5.511 | |
threshold_precision | 4.968 | 0.133 | 5.125 | |