Back to Multiple platform build/check report for BioC 3.21:   simplified   long
ABCDEFGHIJKLMNO[P]QRSTUVWXYZ

This page was generated on 2025-04-14 11:44 -0400 (Mon, 14 Apr 2025).

HostnameOSArch (*)R versionInstalled pkgs
nebbiolo1Linux (Ubuntu 24.04.1 LTS)x86_644.5.0 RC (2025-04-04 r88126) -- "How About a Twenty-Six" 4634
palomino7Windows Server 2022 Datacenterx644.5.0 RC (2025-04-04 r88126 ucrt) -- "How About a Twenty-Six" 4572
lconwaymacOS 12.7.1 Montereyx86_644.5.0 RC (2025-04-04 r88126) -- "How About a Twenty-Six" 4599
kjohnson3macOS 13.7.1 Venturaarm644.5.0 RC (2025-04-04 r88126) -- "How About a Twenty-Six" 4553
kunpeng2Linux (openEuler 24.03 LTS)aarch64R Under development (unstable) (2025-02-19 r87757) -- "Unsuffered Consequences" 4570
Click on any hostname to see more info about the system (e.g. compilers)      (*) as reported by 'uname -p', except on Windows and Mac OS X

Package 1584/2341HostnameOS / ArchINSTALLBUILDCHECKBUILD BIN
PING 2.51.1  (landing page)
Renan Sauteraud
Snapshot Date: 2025-04-13 13:40 -0400 (Sun, 13 Apr 2025)
git_url: https://git.bioconductor.org/packages/PING
git_branch: devel
git_last_commit: 51dfa3f
git_last_commit_date: 2025-03-26 11:21:38 -0400 (Wed, 26 Mar 2025)
nebbiolo1Linux (Ubuntu 24.04.1 LTS) / x86_64  ERROR    OK    ERROR  
palomino7Windows Server 2022 Datacenter / x64  ERROR    OK    ERROR    ERROR  
lconwaymacOS 12.7.1 Monterey / x86_64  ERROR    OK    ERROR    ERROR  
kjohnson3macOS 13.7.1 Ventura / arm64  ERROR    OK    ERROR    ERROR  
kunpeng2Linux (openEuler 24.03 LTS) / aarch64  ERROR    OK    ERROR  


CHECK results for PING on lconway

To the developers/maintainers of the PING package:
- Allow up to 24 hours (and sometimes 48 hours) for your latest push to git@git.bioconductor.org:packages/PING.git to reflect on this report. See Troubleshooting Build Report for more information.
- Use the following Renviron settings to reproduce errors and warnings.
- If 'R CMD check' started to fail recently on the Linux builder(s) over a missing dependency, add the missing dependency to 'Suggests:' in your DESCRIPTION file. See Renviron.bioc for more information.

raw results


Summary

Package: PING
Version: 2.51.1
Command: /Library/Frameworks/R.framework/Resources/bin/R CMD check --install=check:PING.install-out.txt --library=/Library/Frameworks/R.framework/Resources/library --no-vignettes --timings PING_2.51.1.tar.gz
StartedAt: 2025-04-13 22:39:03 -0400 (Sun, 13 Apr 2025)
EndedAt: 2025-04-13 22:39:16 -0400 (Sun, 13 Apr 2025)
EllapsedTime: 12.6 seconds
RetCode: 1
Status:   ERROR  
CheckDir: PING.Rcheck
Warnings: NA

Command output

##############################################################################
##############################################################################
###
### Running command:
###
###   /Library/Frameworks/R.framework/Resources/bin/R CMD check --install=check:PING.install-out.txt --library=/Library/Frameworks/R.framework/Resources/library --no-vignettes --timings PING_2.51.1.tar.gz
###
##############################################################################
##############################################################################


* using log directory ‘/Users/biocbuild/bbs-3.21-bioc/meat/PING.Rcheck’
* using R version 4.5.0 RC (2025-04-04 r88126)
* using platform: x86_64-apple-darwin20
* R was compiled by
    Apple clang version 14.0.0 (clang-1400.0.29.202)
    GNU Fortran (GCC) 14.2.0
* running under: macOS Monterey 12.7.6
* using session charset: UTF-8
* using option ‘--no-vignettes’
* checking for file ‘PING/DESCRIPTION’ ... OK
* checking extension type ... Package
* this is package ‘PING’ version ‘2.51.1’
* checking package namespace information ... OK
* checking package dependencies ... ERROR
Package required but not available: ‘PICS’

See section ‘The DESCRIPTION file’ in the ‘Writing R Extensions’
manual.
* DONE

Status: 1 ERROR
See
  ‘/Users/biocbuild/bbs-3.21-bioc/meat/PING.Rcheck/00check.log’
for details.


Installation output


Tests output


Example timings