Back to Multiple platform build/check report for BioC 3.21:   simplified   long
ABCDEFGHIJKLMN[O]PQRSTUVWXYZ

This page was generated on 2025-01-29 11:47 -0500 (Wed, 29 Jan 2025).

HostnameOSArch (*)R versionInstalled pkgs
nebbiolo1Linux (Ubuntu 24.04.1 LTS)x86_64R Under development (unstable) (2025-01-20 r87609) -- "Unsuffered Consequences" 4661
palomino7Windows Server 2022 Datacenterx64R Under development (unstable) (2025-01-21 r87610 ucrt) -- "Unsuffered Consequences" 4457
lconwaymacOS 12.7.1 Montereyx86_64R Under development (unstable) (2025-01-22 r87618) -- "Unsuffered Consequences" 4468
kjohnson3macOS 13.7.1 Venturaarm64R Under development (unstable) (2025-01-20 r87609) -- "Unsuffered Consequences" 4421
kunpeng2Linux (openEuler 22.03 LTS-SP1)aarch64R Under development (unstable) (2024-11-24 r87369) -- "Unsuffered Consequences" 4411
Click on any hostname to see more info about the system (e.g. compilers)      (*) as reported by 'uname -p', except on Windows and Mac OS X

Package 1454/2286HostnameOS / ArchINSTALLBUILDCHECKBUILD BIN
OmnipathR 3.15.0  (landing page)
Denes Turei
Snapshot Date: 2025-01-28 13:40 -0500 (Tue, 28 Jan 2025)
git_url: https://git.bioconductor.org/packages/OmnipathR
git_branch: devel
git_last_commit: bc4d2dd
git_last_commit_date: 2024-10-29 10:41:00 -0500 (Tue, 29 Oct 2024)
nebbiolo1Linux (Ubuntu 24.04.1 LTS) / x86_64  OK    ERROR  skipped
palomino7Windows Server 2022 Datacenter / x64  OK    ERROR  skippedskipped
lconwaymacOS 12.7.1 Monterey / x86_64  OK    ERROR  skippedskipped
kjohnson3macOS 13.7.1 Ventura / arm64  OK    ERROR  skippedskipped
kunpeng2Linux (openEuler 22.03 LTS-SP1) / aarch64  OK    ERROR  skipped


BUILD results for OmnipathR on kunpeng2

To the developers/maintainers of the OmnipathR package:
- Allow up to 24 hours (and sometimes 48 hours) for your latest push to git@git.bioconductor.org:packages/OmnipathR.git to reflect on this report. See Troubleshooting Build Report for more information.
- Use the following Renviron settings to reproduce errors and warnings.
- If 'R CMD check' started to fail recently on the Linux builder(s) over a missing dependency, add the missing dependency to 'Suggests:' in your DESCRIPTION file. See Renviron.bioc for more information.
- See Martin Grigorov's blog post for how to debug Linux ARM64 related issues on a x86_64 host.

raw results


Summary

Package: OmnipathR
Version: 3.15.0
Command: /home/biocbuild/R/R/bin/R CMD build --keep-empty-dirs --no-resave-data OmnipathR
StartedAt: 2025-01-29 00:59:39 -0000 (Wed, 29 Jan 2025)
EndedAt: 2025-01-29 01:19:54 -0000 (Wed, 29 Jan 2025)
EllapsedTime: 1214.6 seconds
RetCode: 1
Status:   ERROR  
PackageFile: None
PackageFileSize: NA

Command output

##############################################################################
##############################################################################
###
### Running command:
###
###   /home/biocbuild/R/R/bin/R CMD build --keep-empty-dirs --no-resave-data OmnipathR
###
##############################################################################
##############################################################################


* checking for file ‘OmnipathR/DESCRIPTION’ ... OK
* preparing ‘OmnipathR’:
* checking DESCRIPTION meta-information ... OK
* installing the package to build vignettes
* creating vignettes ... ERROR
--- re-building ‘bioc_workshop.Rmd’ using rmarkdown
Warning: program compiled against libxml 212 using older 211
[2025-01-29 01:00:19] [TRACE]   [OmnipathR] Reading JSON from `/home/biocbuild/.cache/OmnipathR/cache.json` (encoding: UTF-8).
[2025-01-29 01:00:19] [TRACE]   [OmnipathR] JSON validation successful: TRUE
[2025-01-29 01:00:19] [INFO]    [OmnipathR] Initialized cache: `/home/biocbuild/.cache/OmnipathR`.
[2025-01-29 01:00:19] [TRACE]   [OmnipathR] Running on a build server, wiping cache.
[2025-01-29 01:00:19] [TRACE]   [OmnipathR] Cache is at `/home/biocbuild/.cache/OmnipathR`.
[2025-01-29 01:00:19] [TRACE]   [OmnipathR] Contains 1 files.
[2025-01-29 01:00:19] [TRACE]   [OmnipathR] Cache is locked: FALSE.
[2025-01-29 01:00:19] [TRACE]   [OmnipathR] Reading JSON from `/home/biocbuild/.cache/OmnipathR/cache.json` (encoding: UTF-8).
[2025-01-29 01:00:19] [TRACE]   [OmnipathR] JSON validation successful: TRUE
[2025-01-29 01:00:20] [SUCCESS] [OmnipathR] Removing all cache contents from `/home/biocbuild/.cache/OmnipathR`.
[2025-01-29 01:00:20] [TRACE]   [OmnipathR] Pandoc version: `2.12`.
[2025-01-29 01:00:20] [TRACE]   [OmnipathR] Reading JSON from `/home/biocbuild/tmp/RtmpA4uO4u/Rinstf78f4408d63d0/OmnipathR/db/db_def.json` (encoding: UTF-8).
[2025-01-29 01:00:20] [TRACE]   [OmnipathR] JSON validation successful: TRUE
[2025-01-29 01:00:20] [TRACE]   [OmnipathR] Reading JSON from `/home/biocbuild/tmp/RtmpA4uO4u/Rinstf78f4408d63d0/OmnipathR/internal/magic_bytes.json` (encoding: UTF-8).
[2025-01-29 01:00:20] [TRACE]   [OmnipathR] JSON validation successful: TRUE
[2025-01-29 01:00:20] [TRACE]   [OmnipathR] Reading JSON from `/home/biocbuild/tmp/RtmpA4uO4u/Rinstf78f4408d63d0/OmnipathR/internal/urls.json` (encoding: UTF-8).
[2025-01-29 01:00:20] [TRACE]   [OmnipathR] JSON validation successful: TRUE
[2025-01-29 01:00:20] [TRACE]   [OmnipathR] Reading JSON from `/home/biocbuild/tmp/RtmpA4uO4u/Rinstf78f4408d63d0/OmnipathR/internal/id_types.json` (encoding: UTF-8).
[2025-01-29 01:00:20] [TRACE]   [OmnipathR] JSON validation successful: TRUE
[2025-01-29 01:00:20] [TRACE]   [OmnipathR] Cache locked: FALSE
[2025-01-29 01:00:20] [TRACE]   [OmnipathR] Arguments for OmniPath query: [dorothea_levels=[A,B],query_type=interactions]
[2025-01-29 01:00:20] [INFO]    [OmnipathR] Loading database `Ensembl and OMA organism names`.
[2025-01-29 01:00:20] [TRACE]   [OmnipathR] Reading JSON from `/home/biocbuild/.cache/OmnipathR/cache.json` (encoding: UTF-8).
[2025-01-29 01:00:20] [TRACE]   [OmnipathR] JSON validation successful: TRUE
[2025-01-29 01:00:20] [INFO]    [OmnipathR] Looking up in cache `https://www.ensembl.org/info/about/species.html`: key=7332486db7400730697234bad76ca0c8e4d00799, no version available.
[2025-01-29 01:00:20] [TRACE]   [OmnipathR] Reading JSON from `/home/biocbuild/.cache/OmnipathR/cache.json` (encoding: UTF-8).
[2025-01-29 01:00:20] [TRACE]   [OmnipathR] JSON validation successful: TRUE
[2025-01-29 01:00:20] [INFO]    [OmnipathR] Created new version for cache record 7332486db7400730697234bad76ca0c8e4d00799: version 1.
[2025-01-29 01:00:20] [TRACE]   [OmnipathR] Cache file path: /home/biocbuild/.cache/OmnipathR/7332486db7400730697234bad76ca0c8e4d00799-1.html
[2025-01-29 01:00:20] [INFO]    [OmnipathR] Retrieving URL: `https://www.ensembl.org/info/about/species.html`
[2025-01-29 01:00:20] [TRACE]   [OmnipathR] Attempt 1/3: `https://www.ensembl.org/info/about/species.html`
[2025-01-29 01:00:21] [TRACE]   [OmnipathR] HTTP 200
[2025-01-29 01:00:21] [INFO]    [OmnipathR] Download ready [key=7332486db7400730697234bad76ca0c8e4d00799, version=1]
[2025-01-29 01:00:21] [TRACE]   [OmnipathR] Reading JSON from `/home/biocbuild/.cache/OmnipathR/cache.json` (encoding: UTF-8).
[2025-01-29 01:00:21] [TRACE]   [OmnipathR] JSON validation successful: TRUE
[2025-01-29 01:00:21] [INFO]    [OmnipathR] Cache item `7332486db7400730697234bad76ca0c8e4d00799` version 1: status changed from `unknown` to `ready`.
[2025-01-29 01:00:22] [TRACE]   [OmnipathR] Looking up in cache: `https://omabrowser.org/All/oma-species.txt`.
[2025-01-29 01:00:22] [INFO]    [OmnipathR] Cache record does not exist: `https://omabrowser.org/All/oma-species.txt`
[2025-01-29 01:00:22] [TRACE]   [OmnipathR] Could not find in cache, initiating download: `https://omabrowser.org/All/oma-species.txt`.
[2025-01-29 01:00:22] [TRACE]   [OmnipathR] Reading JSON from `/home/biocbuild/.cache/OmnipathR/cache.json` (encoding: UTF-8).
[2025-01-29 01:00:22] [TRACE]   [OmnipathR] JSON validation successful: TRUE
[2025-01-29 01:00:22] [TRACE]   [OmnipathR] Reading JSON from `/home/biocbuild/.cache/OmnipathR/cache.json` (encoding: UTF-8).
[2025-01-29 01:00:22] [TRACE]   [OmnipathR] JSON validation successful: TRUE
[2025-01-29 01:00:22] [INFO]    [OmnipathR] Cache item `30e690cbb55dfc63b5903ab337f34ffc2f4be397` version 1: status changed from `unknown` to `started`.
[2025-01-29 01:00:22] [TRACE]   [OmnipathR] Exporting object to RDS: `/home/biocbuild/.cache/OmnipathR/30e690cbb55dfc63b5903ab337f34ffc2f4be397-1.rds`.
[2025-01-29 01:00:22] [INFO]    [OmnipathR] Retrieving URL: `https://omabrowser.org/All/oma-species.txt`
[2025-01-29 01:00:22] [TRACE]   [OmnipathR] Attempt 1/3: `https://omabrowser.org/All/oma-species.txt`
[2025-01-29 01:00:24] [TRACE]   [OmnipathR] Exported RDS to `/home/biocbuild/.cache/OmnipathR/30e690cbb55dfc63b5903ab337f34ffc2f4be397-1.rds`.
[2025-01-29 01:00:24] [INFO]    [OmnipathR] Download ready [key=30e690cbb55dfc63b5903ab337f34ffc2f4be397, version=1]
[2025-01-29 01:00:24] [TRACE]   [OmnipathR] Reading JSON from `/home/biocbuild/.cache/OmnipathR/cache.json` (encoding: UTF-8).
[2025-01-29 01:00:24] [TRACE]   [OmnipathR] JSON validation successful: TRUE
[2025-01-29 01:00:24] [INFO]    [OmnipathR] Cache item `30e690cbb55dfc63b5903ab337f34ffc2f4be397` version 1: status changed from `started` to `ready`.
[2025-01-29 01:00:24] [INFO]    [OmnipathR] Loaded database `Ensembl and OMA organism names`.
[2025-01-29 01:00:24] [TRACE]   [OmnipathR] Organism(s): 9606
[2025-01-29 01:00:24] [TRACE]   [OmnipathR] Orthology targets: 
[2025-01-29 01:00:24] [TRACE]   [OmnipathR] Looking up in cache: `https://omnipathdb.org/interactions?genesymbols=yes&datasets=dorothea,tf_target,collectri&organisms=9606&dorothea_levels=A,B&fields=sources,references,curation_effort,dorothea_level&license=academic`
[2025-01-29 01:00:24] [INFO]    [OmnipathR] Cache record does not exist: `https://omnipathdb.org/interactions?genesymbols=yes&datasets=dorothea,tf_target,collectri&organisms=9606&dorothea_levels=A,B&fields=sources,references,curation_effort,dorothea_level&license=academic`
[2025-01-29 01:00:24] [TRACE]   [OmnipathR] Looking up in cache: `http://no-tls.omnipathdb.org/interactions?genesymbols=yes&datasets=dorothea,tf_target,collectri&organisms=9606&dorothea_levels=A,B&fields=sources,references,curation_effort,dorothea_level&license=academic`
[2025-01-29 01:00:24] [INFO]    [OmnipathR] Cache record does not exist: `http://no-tls.omnipathdb.org/interactions?genesymbols=yes&datasets=dorothea,tf_target,collectri&organisms=9606&dorothea_levels=A,B&fields=sources,references,curation_effort,dorothea_level&license=academic`
[2025-01-29 01:00:24] [TRACE]   [OmnipathR] Attempting `https://omnipathdb.org/interactions?genesymbols=yes&datasets=dorothea,tf_target,collectri&organisms=9606&dorothea_levels=A,B&fields=sources,references,curation_effort,dorothea_level&license=academic`
[2025-01-29 01:00:24] [INFO]    [OmnipathR] Retrieving URL: `https://omnipathdb.org/interactions?genesymbols=yes&datasets=dorothea,tf_target,collectri&organisms=9606&dorothea_levels=A,B&fields=sources,references,curation_effort,dorothea_level&license=academic`
[2025-01-29 01:00:24] [TRACE]   [OmnipathR] Attempt 1/3: `https://omnipathdb.org/interactions?genesymbols=yes&datasets=dorothea,tf_target,collectri&organisms=9606&dorothea_levels=A,B&fields=sources,references,curation_effort,dorothea_level&license=academic`
[2025-01-29 01:00:28] [INFO]    [OmnipathR] Successfully retrieved: `https://omnipathdb.org/interactions?genesymbols=yes&datasets=dorothea,tf_target,collectri&organisms=9606&dorothea_levels=A,B&fields=sources,references,curation_effort,dorothea_level&license=academic`
[2025-01-29 01:00:28] [TRACE]   [OmnipathR] Reading JSON from `/home/biocbuild/.cache/OmnipathR/cache.json` (encoding: UTF-8).
[2025-01-29 01:00:28] [TRACE]   [OmnipathR] JSON validation successful: TRUE
[2025-01-29 01:00:28] [TRACE]   [OmnipathR] Reading JSON from `/home/biocbuild/.cache/OmnipathR/cache.json` (encoding: UTF-8).
[2025-01-29 01:00:28] [TRACE]   [OmnipathR] JSON validation successful: TRUE
[2025-01-29 01:00:28] [INFO]    [OmnipathR] Cache item `8e1fed15bbe7704374f40d278e719e18b4a9d60f` version 1: status changed from `unknown` to `started`.
[2025-01-29 01:00:28] [TRACE]   [OmnipathR] Exporting object to RDS: `/home/biocbuild/.cache/OmnipathR/8e1fed15bbe7704374f40d278e719e18b4a9d60f-1.rds`.
[2025-01-29 01:00:29] [TRACE]   [OmnipathR] Exported RDS to `/home/biocbuild/.cache/OmnipathR/8e1fed15bbe7704374f40d278e719e18b4a9d60f-1.rds`.
[2025-01-29 01:00:29] [INFO]    [OmnipathR] Download ready [key=8e1fed15bbe7704374f40d278e719e18b4a9d60f, version=1]
[2025-01-29 01:00:29] [TRACE]   [OmnipathR] Reading JSON from `/home/biocbuild/.cache/OmnipathR/cache.json` (encoding: UTF-8).
[2025-01-29 01:00:29] [TRACE]   [OmnipathR] JSON validation successful: TRUE
[2025-01-29 01:00:29] [INFO]    [OmnipathR] Cache item `8e1fed15bbe7704374f40d278e719e18b4a9d60f` version 1: status changed from `started` to `ready`.
[2025-01-29 01:00:37] [SUCCESS] [OmnipathR] Downloaded 128218 interactions.
[2025-01-29 01:00:46] [TRACE]   [OmnipathR] Arguments for OmniPath query: [query_type=enzsub]
[2025-01-29 01:00:46] [TRACE]   [OmnipathR] Organism(s): 9606
[2025-01-29 01:00:46] [TRACE]   [OmnipathR] Orthology targets: 
[2025-01-29 01:00:46] [TRACE]   [OmnipathR] Looking up in cache: `https://omnipathdb.org/enzsub?genesymbols=yes&organisms=9606&fields=sources,references,curation_effort&license=academic`
[2025-01-29 01:00:46] [INFO]    [OmnipathR] Cache record does not exist: `https://omnipathdb.org/enzsub?genesymbols=yes&organisms=9606&fields=sources,references,curation_effort&license=academic`
[2025-01-29 01:00:46] [TRACE]   [OmnipathR] Looking up in cache: `http://no-tls.omnipathdb.org/enzsub?genesymbols=yes&organisms=9606&fields=sources,references,curation_effort&license=academic`
[2025-01-29 01:00:46] [INFO]    [OmnipathR] Cache record does not exist: `http://no-tls.omnipathdb.org/enzsub?genesymbols=yes&organisms=9606&fields=sources,references,curation_effort&license=academic`
[2025-01-29 01:00:46] [TRACE]   [OmnipathR] Attempting `https://omnipathdb.org/enzsub?genesymbols=yes&organisms=9606&fields=sources,references,curation_effort&license=academic`
[2025-01-29 01:00:46] [INFO]    [OmnipathR] Retrieving URL: `https://omnipathdb.org/enzsub?genesymbols=yes&organisms=9606&fields=sources,references,curation_effort&license=academic`
[2025-01-29 01:00:46] [TRACE]   [OmnipathR] Attempt 1/3: `https://omnipathdb.org/enzsub?genesymbols=yes&organisms=9606&fields=sources,references,curation_effort&license=academic`
[2025-01-29 01:00:48] [INFO]    [OmnipathR] Successfully retrieved: `https://omnipathdb.org/enzsub?genesymbols=yes&organisms=9606&fields=sources,references,curation_effort&license=academic`
[2025-01-29 01:00:48] [TRACE]   [OmnipathR] Reading JSON from `/home/biocbuild/.cache/OmnipathR/cache.json` (encoding: UTF-8).
[2025-01-29 01:00:48] [TRACE]   [OmnipathR] JSON validation successful: TRUE
[2025-01-29 01:00:48] [TRACE]   [OmnipathR] Reading JSON from `/home/biocbuild/.cache/OmnipathR/cache.json` (encoding: UTF-8).
[2025-01-29 01:00:48] [TRACE]   [OmnipathR] JSON validation successful: TRUE
[2025-01-29 01:00:48] [INFO]    [OmnipathR] Cache item `a6f560033dff45b503a8016c14c974c4c04b5967` version 1: status changed from `unknown` to `started`.
[2025-01-29 01:00:48] [TRACE]   [OmnipathR] Exporting object to RDS: `/home/biocbuild/.cache/OmnipathR/a6f560033dff45b503a8016c14c974c4c04b5967-1.rds`.
[2025-01-29 01:00:48] [TRACE]   [OmnipathR] Exported RDS to `/home/biocbuild/.cache/OmnipathR/a6f560033dff45b503a8016c14c974c4c04b5967-1.rds`.
[2025-01-29 01:00:48] [INFO]    [OmnipathR] Download ready [key=a6f560033dff45b503a8016c14c974c4c04b5967, version=1]
[2025-01-29 01:00:48] [TRACE]   [OmnipathR] Reading JSON from `/home/biocbuild/.cache/OmnipathR/cache.json` (encoding: UTF-8).
[2025-01-29 01:00:48] [TRACE]   [OmnipathR] JSON validation successful: TRUE
[2025-01-29 01:00:48] [INFO]    [OmnipathR] Cache item `a6f560033dff45b503a8016c14c974c4c04b5967` version 1: status changed from `started` to `ready`.
[2025-01-29 01:00:51] [SUCCESS] [OmnipathR] Downloaded 43269 enzyme-substrate relationships.
[2025-01-29 01:00:53] [TRACE]   [OmnipathR] Arguments for OmniPath query: [query_type=interactions]
[2025-01-29 01:00:53] [TRACE]   [OmnipathR] Organism(s): 9606
[2025-01-29 01:00:53] [TRACE]   [OmnipathR] Orthology targets: 
[2025-01-29 01:00:53] [TRACE]   [OmnipathR] Looking up in cache: `https://omnipathdb.org/interactions?genesymbols=yes&datasets=omnipath&organisms=9606&fields=sources,references,curation_effort&license=academic`
[2025-01-29 01:00:53] [INFO]    [OmnipathR] Cache record does not exist: `https://omnipathdb.org/interactions?genesymbols=yes&datasets=omnipath&organisms=9606&fields=sources,references,curation_effort&license=academic`
[2025-01-29 01:00:53] [TRACE]   [OmnipathR] Looking up in cache: `http://no-tls.omnipathdb.org/interactions?genesymbols=yes&datasets=omnipath&organisms=9606&fields=sources,references,curation_effort&license=academic`
[2025-01-29 01:00:53] [INFO]    [OmnipathR] Cache record does not exist: `http://no-tls.omnipathdb.org/interactions?genesymbols=yes&datasets=omnipath&organisms=9606&fields=sources,references,curation_effort&license=academic`
[2025-01-29 01:00:53] [TRACE]   [OmnipathR] Attempting `https://omnipathdb.org/interactions?genesymbols=yes&datasets=omnipath&organisms=9606&fields=sources,references,curation_effort&license=academic`
[2025-01-29 01:00:53] [INFO]    [OmnipathR] Retrieving URL: `https://omnipathdb.org/interactions?genesymbols=yes&datasets=omnipath&organisms=9606&fields=sources,references,curation_effort&license=academic`
[2025-01-29 01:00:53] [TRACE]   [OmnipathR] Attempt 1/3: `https://omnipathdb.org/interactions?genesymbols=yes&datasets=omnipath&organisms=9606&fields=sources,references,curation_effort&license=academic`
[2025-01-29 01:00:56] [INFO]    [OmnipathR] Successfully retrieved: `https://omnipathdb.org/interactions?genesymbols=yes&datasets=omnipath&organisms=9606&fields=sources,references,curation_effort&license=academic`
[2025-01-29 01:00:56] [TRACE]   [OmnipathR] Reading JSON from `/home/biocbuild/.cache/OmnipathR/cache.json` (encoding: UTF-8).
[2025-01-29 01:00:56] [TRACE]   [OmnipathR] JSON validation successful: TRUE
[2025-01-29 01:00:56] [TRACE]   [OmnipathR] Reading JSON from `/home/biocbuild/.cache/OmnipathR/cache.json` (encoding: UTF-8).
[2025-01-29 01:00:56] [TRACE]   [OmnipathR] JSON validation successful: TRUE
[2025-01-29 01:00:56] [INFO]    [OmnipathR] Cache item `a7b21d9d80a3837a50268df16d168128fc1c6ede` version 1: status changed from `unknown` to `started`.
[2025-01-29 01:00:56] [TRACE]   [OmnipathR] Exporting object to RDS: `/home/biocbuild/.cache/OmnipathR/a7b21d9d80a3837a50268df16d168128fc1c6ede-1.rds`.
[2025-01-29 01:00:56] [TRACE]   [OmnipathR] Exported RDS to `/home/biocbuild/.cache/OmnipathR/a7b21d9d80a3837a50268df16d168128fc1c6ede-1.rds`.
[2025-01-29 01:00:56] [INFO]    [OmnipathR] Download ready [key=a7b21d9d80a3837a50268df16d168128fc1c6ede, version=1]
[2025-01-29 01:00:56] [TRACE]   [OmnipathR] Reading JSON from `/home/biocbuild/.cache/OmnipathR/cache.json` (encoding: UTF-8).
[2025-01-29 01:00:56] [TRACE]   [OmnipathR] JSON validation successful: TRUE
[2025-01-29 01:00:56] [INFO]    [OmnipathR] Cache item `a7b21d9d80a3837a50268df16d168128fc1c6ede` version 1: status changed from `started` to `ready`.
[2025-01-29 01:01:01] [SUCCESS] [OmnipathR] Downloaded 81529 interactions.
[2025-01-29 01:01:01] [TRACE]   [OmnipathR] Arguments for OmniPath query: [query_type=complexes]
[2025-01-29 01:01:01] [TRACE]   [OmnipathR] Organism(s): 9606
[2025-01-29 01:01:01] [TRACE]   [OmnipathR] Orthology targets: 
[2025-01-29 01:01:02] [TRACE]   [OmnipathR] Looking up in cache: `https://omnipathdb.org/complexes?license=academic`
[2025-01-29 01:01:02] [INFO]    [OmnipathR] Cache record does not exist: `https://omnipathdb.org/complexes?license=academic`
[2025-01-29 01:01:02] [TRACE]   [OmnipathR] Looking up in cache: `http://no-tls.omnipathdb.org/complexes?license=academic`
[2025-01-29 01:01:02] [INFO]    [OmnipathR] Cache record does not exist: `http://no-tls.omnipathdb.org/complexes?license=academic`
[2025-01-29 01:01:02] [TRACE]   [OmnipathR] Attempting `https://omnipathdb.org/complexes?license=academic`
[2025-01-29 01:01:02] [INFO]    [OmnipathR] Retrieving URL: `https://omnipathdb.org/complexes?license=academic`
[2025-01-29 01:01:02] [TRACE]   [OmnipathR] Attempt 1/3: `https://omnipathdb.org/complexes?license=academic`
[2025-01-29 01:01:04] [INFO]    [OmnipathR] Successfully retrieved: `https://omnipathdb.org/complexes?license=academic`
[2025-01-29 01:01:04] [TRACE]   [OmnipathR] Reading JSON from `/home/biocbuild/.cache/OmnipathR/cache.json` (encoding: UTF-8).
[2025-01-29 01:01:04] [TRACE]   [OmnipathR] JSON validation successful: TRUE
[2025-01-29 01:01:04] [TRACE]   [OmnipathR] Reading JSON from `/home/biocbuild/.cache/OmnipathR/cache.json` (encoding: UTF-8).
[2025-01-29 01:01:04] [TRACE]   [OmnipathR] JSON validation successful: TRUE
[2025-01-29 01:01:04] [INFO]    [OmnipathR] Cache item `d562abda40303226daf98b436df9cb85eaeb2ef3` version 1: status changed from `unknown` to `started`.
[2025-01-29 01:01:04] [TRACE]   [OmnipathR] Exporting object to RDS: `/home/biocbuild/.cache/OmnipathR/d562abda40303226daf98b436df9cb85eaeb2ef3-1.rds`.
[2025-01-29 01:01:05] [TRACE]   [OmnipathR] Exported RDS to `/home/biocbuild/.cache/OmnipathR/d562abda40303226daf98b436df9cb85eaeb2ef3-1.rds`.
[2025-01-29 01:01:05] [INFO]    [OmnipathR] Download ready [key=d562abda40303226daf98b436df9cb85eaeb2ef3, version=1]
[2025-01-29 01:01:05] [TRACE]   [OmnipathR] Reading JSON from `/home/biocbuild/.cache/OmnipathR/cache.json` (encoding: UTF-8).
[2025-01-29 01:01:05] [TRACE]   [OmnipathR] JSON validation successful: TRUE
[2025-01-29 01:01:05] [INFO]    [OmnipathR] Cache item `d562abda40303226daf98b436df9cb85eaeb2ef3` version 1: status changed from `started` to `ready`.
[2025-01-29 01:01:05] [SUCCESS] [OmnipathR] Downloaded 35459 protein complexes.
[2025-01-29 01:01:05] [TRACE]   [OmnipathR] Arguments for OmniPath query: [wide=TRUE,resources=UniProt_location,query_type=annotations]
[2025-01-29 01:01:05] [TRACE]   [OmnipathR] Organism(s): 9606
[2025-01-29 01:01:05] [TRACE]   [OmnipathR] Orthology targets: 
[2025-01-29 01:01:06] [TRACE]   [OmnipathR] Reading JSON from `https://omnipathdb.org/resources` (encoding: UTF-8).
[2025-01-29 01:01:06] [TRACE]   [OmnipathR] JSON validation successful: TRUE
[2025-01-29 01:01:06] [TRACE]   [OmnipathR] Looking up in cache: `https://omnipathdb.org/annotations?resources=UniProt_location&license=academic`
[2025-01-29 01:01:06] [INFO]    [OmnipathR] Cache record does not exist: `https://omnipathdb.org/annotations?resources=UniProt_location&license=academic`
[2025-01-29 01:01:06] [TRACE]   [OmnipathR] Looking up in cache: `http://no-tls.omnipathdb.org/annotations?resources=UniProt_location&license=academic`
[2025-01-29 01:01:06] [INFO]    [OmnipathR] Cache record does not exist: `http://no-tls.omnipathdb.org/annotations?resources=UniProt_location&license=academic`
[2025-01-29 01:01:06] [TRACE]   [OmnipathR] Attempting `https://omnipathdb.org/annotations?resources=UniProt_location&license=academic`
[2025-01-29 01:01:06] [INFO]    [OmnipathR] Retrieving URL: `https://omnipathdb.org/annotations?resources=UniProt_location&license=academic`
[2025-01-29 01:01:06] [TRACE]   [OmnipathR] Attempt 1/3: `https://omnipathdb.org/annotations?resources=UniProt_location&license=academic`
[2025-01-29 01:01:09] [INFO]    [OmnipathR] Successfully retrieved: `https://omnipathdb.org/annotations?resources=UniProt_location&license=academic`
[2025-01-29 01:01:09] [TRACE]   [OmnipathR] Reading JSON from `/home/biocbuild/.cache/OmnipathR/cache.json` (encoding: UTF-8).
[2025-01-29 01:01:09] [TRACE]   [OmnipathR] JSON validation successful: TRUE
[2025-01-29 01:01:09] [TRACE]   [OmnipathR] Reading JSON from `/home/biocbuild/.cache/OmnipathR/cache.json` (encoding: UTF-8).
[2025-01-29 01:01:09] [TRACE]   [OmnipathR] JSON validation successful: TRUE
[2025-01-29 01:01:09] [INFO]    [OmnipathR] Cache item `f2e7cc5e753cd4e22d458171359dea86781ebae8` version 1: status changed from `unknown` to `started`.
[2025-01-29 01:01:09] [TRACE]   [OmnipathR] Exporting object to RDS: `/home/biocbuild/.cache/OmnipathR/f2e7cc5e753cd4e22d458171359dea86781ebae8-1.rds`.
[2025-01-29 01:01:10] [TRACE]   [OmnipathR] Exported RDS to `/home/biocbuild/.cache/OmnipathR/f2e7cc5e753cd4e22d458171359dea86781ebae8-1.rds`.
[2025-01-29 01:01:10] [INFO]    [OmnipathR] Download ready [key=f2e7cc5e753cd4e22d458171359dea86781ebae8, version=1]
[2025-01-29 01:01:10] [TRACE]   [OmnipathR] Reading JSON from `/home/biocbuild/.cache/OmnipathR/cache.json` (encoding: UTF-8).
[2025-01-29 01:01:10] [TRACE]   [OmnipathR] JSON validation successful: TRUE
[2025-01-29 01:01:10] [INFO]    [OmnipathR] Cache item `f2e7cc5e753cd4e22d458171359dea86781ebae8` version 1: status changed from `started` to `ready`.
[2025-01-29 01:01:10] [SUCCESS] [OmnipathR] Downloaded 76260 annotation records.
[2025-01-29 01:01:10] [TRACE]   [OmnipathR] Arguments for OmniPath query: [wide=TRUE,resources=Uniprot_location,query_type=annotations]
[2025-01-29 01:01:10] [TRACE]   [OmnipathR] Organism(s): 9606
[2025-01-29 01:01:10] [TRACE]   [OmnipathR] Orthology targets: 
[2025-01-29 01:01:11] [TRACE]   [OmnipathR] Reading JSON from `https://omnipathdb.org/resources` (encoding: UTF-8).
[2025-01-29 01:01:11] [TRACE]   [OmnipathR] JSON validation successful: TRUE
[2025-01-29 01:01:12] [TRACE]   [OmnipathR] Looking up in cache: `https://omnipathdb.org/annotations?resources=Uniprot_location&license=academic`
[2025-01-29 01:01:12] [INFO]    [OmnipathR] Cache record does not exist: `https://omnipathdb.org/annotations?resources=Uniprot_location&license=academic`
[2025-01-29 01:01:12] [TRACE]   [OmnipathR] Looking up in cache: `http://no-tls.omnipathdb.org/annotations?resources=Uniprot_location&license=academic`
[2025-01-29 01:01:12] [INFO]    [OmnipathR] Cache record does not exist: `http://no-tls.omnipathdb.org/annotations?resources=Uniprot_location&license=academic`
[2025-01-29 01:01:12] [TRACE]   [OmnipathR] Attempting `https://omnipathdb.org/annotations?resources=Uniprot_location&license=academic`
[2025-01-29 01:01:12] [INFO]    [OmnipathR] Retrieving URL: `https://omnipathdb.org/annotations?resources=Uniprot_location&license=academic`
[2025-01-29 01:01:12] [TRACE]   [OmnipathR] Attempt 1/3: `https://omnipathdb.org/annotations?resources=Uniprot_location&license=academic`
[2025-01-29 01:01:12] [INFO]    [OmnipathR] Successfully retrieved: `https://omnipathdb.org/annotations?resources=Uniprot_location&license=academic`
[2025-01-29 01:01:12] [TRACE]   [OmnipathR] Reading JSON from `/home/biocbuild/.cache/OmnipathR/cache.json` (encoding: UTF-8).
[2025-01-29 01:01:12] [TRACE]   [OmnipathR] JSON validation successful: TRUE
[2025-01-29 01:01:12] [TRACE]   [OmnipathR] Reading JSON from `/home/biocbuild/.cache/OmnipathR/cache.json` (encoding: UTF-8).
[2025-01-29 01:01:12] [TRACE]   [OmnipathR] JSON validation successful: TRUE
[2025-01-29 01:01:12] [INFO]    [OmnipathR] Cache item `07dc3ca232cbc620ab6be7d21a3a41bfc7b2d3e1` version 1: status changed from `unknown` to `started`.
[2025-01-29 01:01:13] [TRACE]   [OmnipathR] Exporting object to RDS: `/home/biocbuild/.cache/OmnipathR/07dc3ca232cbc620ab6be7d21a3a41bfc7b2d3e1-1.rds`.
[2025-01-29 01:01:13] [TRACE]   [OmnipathR] Exported RDS to `/home/biocbuild/.cache/OmnipathR/07dc3ca232cbc620ab6be7d21a3a41bfc7b2d3e1-1.rds`.
[2025-01-29 01:01:13] [INFO]    [OmnipathR] Download ready [key=07dc3ca232cbc620ab6be7d21a3a41bfc7b2d3e1, version=1]
[2025-01-29 01:01:13] [TRACE]   [OmnipathR] Reading JSON from `/home/biocbuild/.cache/OmnipathR/cache.json` (encoding: UTF-8).
[2025-01-29 01:01:13] [TRACE]   [OmnipathR] JSON validation successful: TRUE
[2025-01-29 01:01:13] [INFO]    [OmnipathR] Cache item `07dc3ca232cbc620ab6be7d21a3a41bfc7b2d3e1` version 1: status changed from `started` to `ready`.
[2025-01-29 01:01:13] [SUCCESS] [OmnipathR] Downloaded 0 annotation records.
[2025-01-29 01:01:13] [TRACE]   [OmnipathR] Arguments for OmniPath query: [wide=TRUE,resuorces=UniProt_location,query_type=annotations]
[2025-01-29 01:01:13] [FATAL]   [OmnipathR] Downloading the entire annotations database is not allowed by default because of its huge size (>1GB). If you really want to do that, you find static files at https://archive.omnipathdb.org/. However we recommend to query a set of proteins or a few resources, depending on your interest.
[2025-01-29 01:01:13] [TRACE]   [OmnipathR] Arguments for OmniPath query: [wide=TRUE,resources=UniProt_location,query_type=annotations]
[2025-01-29 01:01:13] [TRACE]   [OmnipathR] Organism(s): 9606
[2025-01-29 01:01:13] [TRACE]   [OmnipathR] Orthology targets: 
[2025-01-29 01:01:14] [TRACE]   [OmnipathR] Reading JSON from `https://omnipathdb.org/resources` (encoding: UTF-8).
[2025-01-29 01:01:14] [TRACE]   [OmnipathR] JSON validation successful: TRUE
[2025-01-29 01:01:14] [TRACE]   [OmnipathR] Looking up in cache: `https://omnipathdb.org/annotations?resources=UniProt_location&license=academic`
[2025-01-29 01:01:14] [TRACE]   [OmnipathR] Loaded data from RDS `/home/biocbuild/.cache/OmnipathR/f2e7cc5e753cd4e22d458171359dea86781ebae8-1.rds`.
[2025-01-29 01:01:14] [INFO]    [OmnipathR] Loaded from cache: `https://omnipathdb.org/annotations?resources=UniProt_location&license=academic`
[2025-01-29 01:01:14] [SUCCESS] [OmnipathR] Loaded 76260 annotation records from cache.
[2025-01-29 01:01:15] [TRACE]   [OmnipathR] Arguments for OmniPath query: [proteins=[DLL1,MEIS2,PHOX2A,BACH1,KLF11,FOXO3,MEFV],wide=TRUE,resources=HPA_tissue,query_type=annotations]
[2025-01-29 01:01:15] [TRACE]   [OmnipathR] Organism(s): 9606
[2025-01-29 01:01:15] [TRACE]   [OmnipathR] Orthology targets: 
[2025-01-29 01:01:16] [TRACE]   [OmnipathR] Reading JSON from `https://omnipathdb.org/resources` (encoding: UTF-8).
[2025-01-29 01:01:16] [TRACE]   [OmnipathR] JSON validation successful: TRUE
[2025-01-29 01:01:16] [TRACE]   [OmnipathR] Looking up in cache: `https://omnipathdb.org/annotations?resources=HPA_tissue&proteins=DLL1,MEIS2,PHOX2A,BACH1,KLF11,FOXO3,MEFV&license=academic`
[2025-01-29 01:01:16] [INFO]    [OmnipathR] Cache record does not exist: `https://omnipathdb.org/annotations?resources=HPA_tissue&proteins=DLL1,MEIS2,PHOX2A,BACH1,KLF11,FOXO3,MEFV&license=academic`
[2025-01-29 01:01:16] [TRACE]   [OmnipathR] Looking up in cache: `http://no-tls.omnipathdb.org/annotations?resources=HPA_tissue&proteins=DLL1,MEIS2,PHOX2A,BACH1,KLF11,FOXO3,MEFV&license=academic`
[2025-01-29 01:01:16] [INFO]    [OmnipathR] Cache record does not exist: `http://no-tls.omnipathdb.org/annotations?resources=HPA_tissue&proteins=DLL1,MEIS2,PHOX2A,BACH1,KLF11,FOXO3,MEFV&license=academic`
[2025-01-29 01:01:16] [TRACE]   [OmnipathR] Attempting `https://omnipathdb.org/annotations?resources=HPA_tissue&proteins=DLL1,MEIS2,PHOX2A,BACH1,KLF11,FOXO3,MEFV&license=academic`
[2025-01-29 01:01:16] [INFO]    [OmnipathR] Retrieving URL: `https://omnipathdb.org/annotations?resources=HPA_tissue&proteins=DLL1,MEIS2,PHOX2A,BACH1,KLF11,FOXO3,MEFV&license=academic`
[2025-01-29 01:01:16] [TRACE]   [OmnipathR] Attempt 1/3: `https://omnipathdb.org/annotations?resources=HPA_tissue&proteins=DLL1,MEIS2,PHOX2A,BACH1,KLF11,FOXO3,MEFV&license=academic`
[2025-01-29 01:01:17] [INFO]    [OmnipathR] Successfully retrieved: `https://omnipathdb.org/annotations?resources=HPA_tissue&proteins=DLL1,MEIS2,PHOX2A,BACH1,KLF11,FOXO3,MEFV&license=academic`
[2025-01-29 01:01:17] [TRACE]   [OmnipathR] Reading JSON from `/home/biocbuild/.cache/OmnipathR/cache.json` (encoding: UTF-8).
[2025-01-29 01:01:17] [TRACE]   [OmnipathR] JSON validation successful: TRUE
[2025-01-29 01:01:17] [TRACE]   [OmnipathR] Reading JSON from `/home/biocbuild/.cache/OmnipathR/cache.json` (encoding: UTF-8).
[2025-01-29 01:01:17] [TRACE]   [OmnipathR] JSON validation successful: TRUE
[2025-01-29 01:01:17] [INFO]    [OmnipathR] Cache item `92ead83eb455386da8cefb938ee16521d1b5f02d` version 1: status changed from `unknown` to `started`.
[2025-01-29 01:01:17] [TRACE]   [OmnipathR] Exporting object to RDS: `/home/biocbuild/.cache/OmnipathR/92ead83eb455386da8cefb938ee16521d1b5f02d-1.rds`.
[2025-01-29 01:01:17] [TRACE]   [OmnipathR] Exported RDS to `/home/biocbuild/.cache/OmnipathR/92ead83eb455386da8cefb938ee16521d1b5f02d-1.rds`.
[2025-01-29 01:01:17] [INFO]    [OmnipathR] Download ready [key=92ead83eb455386da8cefb938ee16521d1b5f02d, version=1]
[2025-01-29 01:01:17] [TRACE]   [OmnipathR] Reading JSON from `/home/biocbuild/.cache/OmnipathR/cache.json` (encoding: UTF-8).
[2025-01-29 01:01:17] [TRACE]   [OmnipathR] JSON validation successful: TRUE
[2025-01-29 01:01:17] [INFO]    [OmnipathR] Cache item `92ead83eb455386da8cefb938ee16521d1b5f02d` version 1: status changed from `started` to `ready`.
[2025-01-29 01:01:17] [SUCCESS] [OmnipathR] Downloaded 3870 annotation records.
[2025-01-29 01:01:17] [TRACE]   [OmnipathR] Arguments for OmniPath query: [wide=TRUE,resources=SignaLink_pathway,query_type=annotations]
[2025-01-29 01:01:17] [TRACE]   [OmnipathR] Organism(s): 9606
[2025-01-29 01:01:17] [TRACE]   [OmnipathR] Orthology targets: 
[2025-01-29 01:01:18] [TRACE]   [OmnipathR] Reading JSON from `https://omnipathdb.org/resources` (encoding: UTF-8).
[2025-01-29 01:01:18] [TRACE]   [OmnipathR] JSON validation successful: TRUE
[2025-01-29 01:01:19] [TRACE]   [OmnipathR] Looking up in cache: `https://omnipathdb.org/annotations?resources=SignaLink_pathway&license=academic`
[2025-01-29 01:01:19] [INFO]    [OmnipathR] Cache record does not exist: `https://omnipathdb.org/annotations?resources=SignaLink_pathway&license=academic`
[2025-01-29 01:01:19] [TRACE]   [OmnipathR] Looking up in cache: `http://no-tls.omnipathdb.org/annotations?resources=SignaLink_pathway&license=academic`
[2025-01-29 01:01:19] [INFO]    [OmnipathR] Cache record does not exist: `http://no-tls.omnipathdb.org/annotations?resources=SignaLink_pathway&license=academic`
[2025-01-29 01:01:19] [TRACE]   [OmnipathR] Attempting `https://omnipathdb.org/annotations?resources=SignaLink_pathway&license=academic`
[2025-01-29 01:01:19] [INFO]    [OmnipathR] Retrieving URL: `https://omnipathdb.org/annotations?resources=SignaLink_pathway&license=academic`
[2025-01-29 01:01:19] [TRACE]   [OmnipathR] Attempt 1/3: `https://omnipathdb.org/annotations?resources=SignaLink_pathway&license=academic`
[2025-01-29 01:01:20] [INFO]    [OmnipathR] Successfully retrieved: `https://omnipathdb.org/annotations?resources=SignaLink_pathway&license=academic`
[2025-01-29 01:01:20] [TRACE]   [OmnipathR] Reading JSON from `/home/biocbuild/.cache/OmnipathR/cache.json` (encoding: UTF-8).
[2025-01-29 01:01:20] [TRACE]   [OmnipathR] JSON validation successful: TRUE
[2025-01-29 01:01:20] [TRACE]   [OmnipathR] Reading JSON from `/home/biocbuild/.cache/OmnipathR/cache.json` (encoding: UTF-8).
[2025-01-29 01:01:20] [TRACE]   [OmnipathR] JSON validation successful: TRUE
[2025-01-29 01:01:20] [INFO]    [OmnipathR] Cache item `48f6d1c796292ce438ca19de4baf3e99ff368b61` version 1: status changed from `unknown` to `started`.
[2025-01-29 01:01:20] [TRACE]   [OmnipathR] Exporting object to RDS: `/home/biocbuild/.cache/OmnipathR/48f6d1c796292ce438ca19de4baf3e99ff368b61-1.rds`.
[2025-01-29 01:01:20] [TRACE]   [OmnipathR] Exported RDS to `/home/biocbuild/.cache/OmnipathR/48f6d1c796292ce438ca19de4baf3e99ff368b61-1.rds`.
[2025-01-29 01:01:20] [INFO]    [OmnipathR] Download ready [key=48f6d1c796292ce438ca19de4baf3e99ff368b61, version=1]
[2025-01-29 01:01:20] [TRACE]   [OmnipathR] Reading JSON from `/home/biocbuild/.cache/OmnipathR/cache.json` (encoding: UTF-8).
[2025-01-29 01:01:20] [TRACE]   [OmnipathR] JSON validation successful: TRUE
[2025-01-29 01:01:20] [INFO]    [OmnipathR] Cache item `48f6d1c796292ce438ca19de4baf3e99ff368b61` version 1: status changed from `started` to `ready`.
[2025-01-29 01:01:20] [SUCCESS] [OmnipathR] Downloaded 2487 annotation records.
[2025-01-29 01:01:20] [TRACE]   [OmnipathR] Arguments for OmniPath query: [datasets=omnipath]
[2025-01-29 01:01:20] [TRACE]   [OmnipathR] Arguments for OmniPath query: [datasets=omnipath,query_type=interactions]
[2025-01-29 01:01:20] [TRACE]   [OmnipathR] Organism(s): 9606
[2025-01-29 01:01:20] [TRACE]   [OmnipathR] Orthology targets: 
[2025-01-29 01:01:20] [TRACE]   [OmnipathR] Looking up in cache: `https://omnipathdb.org/interactions?genesymbols=yes&datasets=omnipath&organisms=9606&fields=sources,references,curation_effort&license=academic`
[2025-01-29 01:01:20] [TRACE]   [OmnipathR] Loaded data from RDS `/home/biocbuild/.cache/OmnipathR/a7b21d9d80a3837a50268df16d168128fc1c6ede-1.rds`.
[2025-01-29 01:01:20] [INFO]    [OmnipathR] Loaded from cache: `https://omnipathdb.org/interactions?genesymbols=yes&datasets=omnipath&organisms=9606&fields=sources,references,curation_effort&license=academic`
[2025-01-29 01:01:25] [SUCCESS] [OmnipathR] Loaded 81529 interactions from cache.
[2025-01-29 01:01:25] [TRACE]   [OmnipathR] Arguments for OmniPath query: [wide=FALSE,resources=SignaLink_pathway,query_type=annotations]
[2025-01-29 01:01:25] [TRACE]   [OmnipathR] Organism(s): 9606
[2025-01-29 01:01:25] [TRACE]   [OmnipathR] Orthology targets: 
[2025-01-29 01:01:26] [TRACE]   [OmnipathR] Reading JSON from `https://omnipathdb.org/resources` (encoding: UTF-8).
[2025-01-29 01:01:26] [TRACE]   [OmnipathR] JSON validation successful: TRUE
[2025-01-29 01:01:26] [TRACE]   [OmnipathR] Looking up in cache: `https://omnipathdb.org/annotations?resources=SignaLink_pathway&license=academic`
[2025-01-29 01:01:26] [TRACE]   [OmnipathR] Loaded data from RDS `/home/biocbuild/.cache/OmnipathR/48f6d1c796292ce438ca19de4baf3e99ff368b61-1.rds`.
[2025-01-29 01:01:26] [INFO]    [OmnipathR] Loaded from cache: `https://omnipathdb.org/annotations?resources=SignaLink_pathway&license=academic`
[2025-01-29 01:01:26] [SUCCESS] [OmnipathR] Loaded 2487 annotation records from cache.
[2025-01-29 01:01:26] [TRACE]   [OmnipathR] Organism(s): 9606
[2025-01-29 01:01:26] [TRACE]   [OmnipathR] Orthology targets: 
[2025-01-29 01:01:26] [TRACE]   [OmnipathR] Looking up in cache: `https://omnipathdb.org/intercell?license=academic`
[2025-01-29 01:01:26] [INFO]    [OmnipathR] Cache record does not exist: `https://omnipathdb.org/intercell?license=academic`
[2025-01-29 01:01:26] [TRACE]   [OmnipathR] Looking up in cache: `http://no-tls.omnipathdb.org/intercell?license=academic`
[2025-01-29 01:01:26] [INFO]    [OmnipathR] Cache record does not exist: `http://no-tls.omnipathdb.org/intercell?license=academic`
[2025-01-29 01:01:26] [TRACE]   [OmnipathR] Attempting `https://omnipathdb.org/intercell?license=academic`
[2025-01-29 01:01:26] [INFO]    [OmnipathR] Retrieving URL: `https://omnipathdb.org/intercell?license=academic`
[2025-01-29 01:01:26] [TRACE]   [OmnipathR] Attempt 1/3: `https://omnipathdb.org/intercell?license=academic`
[2025-01-29 01:01:36] [INFO]    [OmnipathR] Successfully retrieved: `https://omnipathdb.org/intercell?license=academic`
[2025-01-29 01:01:36] [TRACE]   [OmnipathR] Reading JSON from `/home/biocbuild/.cache/OmnipathR/cache.json` (encoding: UTF-8).
[2025-01-29 01:01:36] [TRACE]   [OmnipathR] JSON validation successful: TRUE
[2025-01-29 01:01:36] [TRACE]   [OmnipathR] Reading JSON from `/home/biocbuild/.cache/OmnipathR/cache.json` (encoding: UTF-8).
[2025-01-29 01:01:36] [TRACE]   [OmnipathR] JSON validation successful: TRUE
[2025-01-29 01:01:36] [INFO]    [OmnipathR] Cache item `88868f24833199a6a4a8e27980fa32cd50c1c600` version 1: status changed from `unknown` to `started`.
[2025-01-29 01:01:36] [TRACE]   [OmnipathR] Exporting object to RDS: `/home/biocbuild/.cache/OmnipathR/88868f24833199a6a4a8e27980fa32cd50c1c600-1.rds`.
[2025-01-29 01:01:39] [TRACE]   [OmnipathR] Exported RDS to `/home/biocbuild/.cache/OmnipathR/88868f24833199a6a4a8e27980fa32cd50c1c600-1.rds`.
[2025-01-29 01:01:39] [INFO]    [OmnipathR] Download ready [key=88868f24833199a6a4a8e27980fa32cd50c1c600, version=1]
[2025-01-29 01:01:39] [TRACE]   [OmnipathR] Reading JSON from `/home/biocbuild/.cache/OmnipathR/cache.json` (encoding: UTF-8).
[2025-01-29 01:01:39] [TRACE]   [OmnipathR] JSON validation successful: TRUE
[2025-01-29 01:01:39] [INFO]    [OmnipathR] Cache item `88868f24833199a6a4a8e27980fa32cd50c1c600` version 1: status changed from `started` to `ready`.
[2025-01-29 01:01:39] [SUCCESS] [OmnipathR] Downloaded 332447 intercellular communication role records.
[2025-01-29 01:01:41] [TRACE]   [OmnipathR] Bypassing call: `intercell_network(high_confidence = TRUE)`.
[2025-01-29 01:01:41] [TRACE]   [OmnipathR] This behaviour is intended for running R CMD check within limited time and is triggered solely by the user name. Please report if you see this anywhere outside of a Bioconductor build server.
[2025-01-29 01:01:41] [TRACE]   [OmnipathR] Bypassing call: `intercell_network()`.
[2025-01-29 01:01:41] [TRACE]   [OmnipathR] This behaviour is intended for running R CMD check within limited time and is triggered solely by the user name. Please report if you see this anywhere outside of a Bioconductor build server.
[2025-01-29 01:01:41] [TRACE]   [OmnipathR] Bypassing call: `filter_intercell_network(icn, ligand_receptor = TRUE, consensus_percentile = 30, `.
[2025-01-29 01:01:41] [TRACE]   [OmnipathR] Bypassing call: `    loc_consensus_percentile = 50, simplify = TRUE)`.
[2025-01-29 01:01:41] [TRACE]   [OmnipathR] This behaviour is intended for running R CMD check within limited time and is triggered solely by the user name. Please report if you see this anywhere outside of a Bioconductor build server.
[2025-01-29 01:01:42] [TRACE]   [OmnipathR] Reading JSON from `https://omnipathdb.org/resources` (encoding: UTF-8).
[2025-01-29 01:01:42] [TRACE]   [OmnipathR] JSON validation successful: TRUE
[2025-01-29 01:01:42] [TRACE]   [OmnipathR] Organism(s): 9606
[2025-01-29 01:01:42] [TRACE]   [OmnipathR] Orthology targets: 
[2025-01-29 01:01:42] [TRACE]   [OmnipathR] Looking up in cache: `https://omnipathdb.org/intercell_summary`
[2025-01-29 01:01:42] [INFO]    [OmnipathR] Cache record does not exist: `https://omnipathdb.org/intercell_summary`
[2025-01-29 01:01:42] [TRACE]   [OmnipathR] Looking up in cache: `http://no-tls.omnipathdb.org/intercell_summary`
[2025-01-29 01:01:42] [INFO]    [OmnipathR] Cache record does not exist: `http://no-tls.omnipathdb.org/intercell_summary`
[2025-01-29 01:01:42] [TRACE]   [OmnipathR] Attempting `https://omnipathdb.org/intercell_summary`
[2025-01-29 01:01:42] [INFO]    [OmnipathR] Retrieving URL: `https://omnipathdb.org/intercell_summary`
[2025-01-29 01:01:42] [TRACE]   [OmnipathR] Attempt 1/3: `https://omnipathdb.org/intercell_summary`
[2025-01-29 01:01:43] [INFO]    [OmnipathR] Successfully retrieved: `https://omnipathdb.org/intercell_summary`
[2025-01-29 01:01:43] [TRACE]   [OmnipathR] Reading JSON from `/home/biocbuild/.cache/OmnipathR/cache.json` (encoding: UTF-8).
[2025-01-29 01:01:43] [TRACE]   [OmnipathR] JSON validation successful: TRUE
[2025-01-29 01:01:43] [TRACE]   [OmnipathR] Reading JSON from `/home/biocbuild/.cache/OmnipathR/cache.json` (encoding: UTF-8).
[2025-01-29 01:01:43] [TRACE]   [OmnipathR] JSON validation successful: TRUE
[2025-01-29 01:01:43] [INFO]    [OmnipathR] Cache item `4609206529e6ae997a8de976fe1277b3b74cc032` version 1: status changed from `unknown` to `started`.
[2025-01-29 01:01:43] [TRACE]   [OmnipathR] Exporting object to RDS: `/home/biocbuild/.cache/OmnipathR/4609206529e6ae997a8de976fe1277b3b74cc032-1.rds`.
[2025-01-29 01:01:43] [TRACE]   [OmnipathR] Exported RDS to `/home/biocbuild/.cache/OmnipathR/4609206529e6ae997a8de976fe1277b3b74cc032-1.rds`.
[2025-01-29 01:01:43] [INFO]    [OmnipathR] Download ready [key=4609206529e6ae997a8de976fe1277b3b74cc032, version=1]
[2025-01-29 01:01:43] [TRACE]   [OmnipathR] Reading JSON from `/home/biocbuild/.cache/OmnipathR/cache.json` (encoding: UTF-8).
[2025-01-29 01:01:43] [TRACE]   [OmnipathR] JSON validation successful: TRUE
[2025-01-29 01:01:43] [INFO]    [OmnipathR] Cache item `4609206529e6ae997a8de976fe1277b3b74cc032` version 1: status changed from `started` to `ready`.
[2025-01-29 01:01:43] [SUCCESS] [OmnipathR] Downloaded 1098 records.
[2025-01-29 01:01:43] [TRACE]   [OmnipathR] ID translation table: from `uniprot` to `genesymbol`, using `uniprot`.
[2025-01-29 01:01:43] [TRACE]   [OmnipathR] Creating ID mapping table from `accession` to `gene_primary`, for organism 9606 (only reviewed: TRUE)
[2025-01-29 01:01:43] [TRACE]   [OmnipathR] Loading all UniProt records for organism 9606 (only reviewed: TRUE); fields: accession,gene_primary
[2025-01-29 01:01:43] [TRACE]   [OmnipathR] Looking up in cache: `https://rest.uniprot.org/uniprotkb/stream?format=tsv&fields=accession,gene_primary&query=organism_id:9606%20AND%20reviewed:true`.
[2025-01-29 01:01:43] [INFO]    [OmnipathR] Cache record does not exist: `https://rest.uniprot.org/uniprotkb/stream?format=tsv&fields=accession,gene_primary&query=organism_id:9606%20AND%20reviewed:true`
[2025-01-29 01:01:43] [TRACE]   [OmnipathR] Could not find in cache, initiating download: `https://rest.uniprot.org/uniprotkb/stream?format=tsv&fields=accession,gene_primary&query=organism_id:9606%20AND%20reviewed:true`.
[2025-01-29 01:01:43] [TRACE]   [OmnipathR] Reading JSON from `/home/biocbuild/.cache/OmnipathR/cache.json` (encoding: UTF-8).
[2025-01-29 01:01:43] [TRACE]   [OmnipathR] JSON validation successful: TRUE
[2025-01-29 01:01:43] [TRACE]   [OmnipathR] Reading JSON from `/home/biocbuild/.cache/OmnipathR/cache.json` (encoding: UTF-8).
[2025-01-29 01:01:44] [TRACE]   [OmnipathR] JSON validation successful: TRUE
[2025-01-29 01:01:44] [INFO]    [OmnipathR] Cache item `5edbb7050189a96382506b82b49b51a411621af7` version 1: status changed from `unknown` to `started`.
[2025-01-29 01:01:44] [TRACE]   [OmnipathR] Exporting object to RDS: `/home/biocbuild/.cache/OmnipathR/5edbb7050189a96382506b82b49b51a411621af7-1.rds`.
[2025-01-29 01:01:44] [INFO]    [OmnipathR] Retrieving URL: `https://rest.uniprot.org/uniprotkb/stream?format=tsv&fields=accession,gene_primary&query=organism_id:9606%20AND%20reviewed:true`
[2025-01-29 01:01:44] [TRACE]   [OmnipathR] Attempt 1/3: `https://rest.uniprot.org/uniprotkb/stream?format=tsv&fields=accession,gene_primary&query=organism_id:9606%20AND%20reviewed:true`
[2025-01-29 01:02:46] [WARN]    [OmnipathR] Failed to download `https://rest.uniprot.org/uniprotkb/stream?format=tsv&fields=accession,gene_primary&query=organism_id:9606%20AND%20reviewed:true` (attempt 1/3); error: Stream error in the HTTP/2 framing layer [rest.uniprot.org]: HTTP/2 stream 1 was not closed cleanly: INTERNAL_ERROR (err 2)
[2025-01-29 01:02:51] [TRACE]   [OmnipathR] Attempt 2/3: `https://rest.uniprot.org/uniprotkb/stream?format=tsv&fields=accession,gene_primary&query=organism_id:9606%20AND%20reviewed:true`
[2025-01-29 01:04:47] [WARN]    [OmnipathR] Failed to download `https://rest.uniprot.org/uniprotkb/stream?format=tsv&fields=accession,gene_primary&query=organism_id:9606%20AND%20reviewed:true` (attempt 2/3); error: Stream error in the HTTP/2 framing layer [rest.uniprot.org]: HTTP/2 stream 1 was not closed cleanly: INTERNAL_ERROR (err 2)
[2025-01-29 01:04:52] [TRACE]   [OmnipathR] Attempt 3/3: `https://rest.uniprot.org/uniprotkb/stream?format=tsv&fields=accession,gene_primary&query=organism_id:9606%20AND%20reviewed:true`
[2025-01-29 01:07:38] [ERROR]   [OmnipathR] Failed to download `https://rest.uniprot.org/uniprotkb/stream?format=tsv&fields=accession,gene_primary&query=organism_id:9606%20AND%20reviewed:true` (attempt 3/3); error: Stream error in the HTTP/2 framing layer [rest.uniprot.org]: HTTP/2 stream 1 was not closed cleanly: INTERNAL_ERROR (err 2)

Quitting from lines 452-459 [id-translate-vector] (bioc_workshop.Rmd)
Error: processing vignette 'bioc_workshop.Rmd' failed with diagnostics:
Stream error in the HTTP/2 framing layer [rest.uniprot.org]: HTTP/2 stream 1 was not closed cleanly: INTERNAL_ERROR (err 2)
--- failed re-building ‘bioc_workshop.Rmd’

--- re-building ‘cosmos.Rmd’ using rmarkdown
[2025-01-29 01:07:38] [TRACE]   [OmnipathR] Bypassing call: `chalmers_gem_raw()`.
[2025-01-29 01:07:38] [TRACE]   [OmnipathR] This behaviour is intended for running R CMD check within limited time and is triggered solely by the user name. Please report if you see this anywhere outside of a Bioconductor build server.
[2025-01-29 01:07:38] [TRACE]   [OmnipathR] Bypassing call: `chalmers_gem()`.
[2025-01-29 01:07:38] [TRACE]   [OmnipathR] This behaviour is intended for running R CMD check within limited time and is triggered solely by the user name. Please report if you see this anywhere outside of a Bioconductor build server.
[2025-01-29 01:07:38] [TRACE]   [OmnipathR] Bypassing call: `chalmers_gem_metabolites()`.
[2025-01-29 01:07:38] [TRACE]   [OmnipathR] This behaviour is intended for running R CMD check within limited time and is triggered solely by the user name. Please report if you see this anywhere outside of a Bioconductor build server.
[2025-01-29 01:07:39] [INFO]    [OmnipathR] OmniPath network for COSMOS PKN; datasets: omnipath; resources: all; interaction types: post-translational (PPI); organism: Human.
[2025-01-29 01:07:39] [TRACE]   [OmnipathR] Arguments for OmniPath query: [organisms=9606,query_type=interactions]
[2025-01-29 01:07:39] [TRACE]   [OmnipathR] Organism(s): 9606
[2025-01-29 01:07:39] [TRACE]   [OmnipathR] Orthology targets: 
[2025-01-29 01:07:39] [TRACE]   [OmnipathR] Looking up in cache: `https://omnipathdb.org/interactions?genesymbols=yes&datasets=omnipath&organisms=9606&fields=sources,references,curation_effort&license=academic`
[2025-01-29 01:07:39] [TRACE]   [OmnipathR] Loaded data from RDS `/home/biocbuild/.cache/OmnipathR/a7b21d9d80a3837a50268df16d168128fc1c6ede-1.rds`.
[2025-01-29 01:07:39] [INFO]    [OmnipathR] Loaded from cache: `https://omnipathdb.org/interactions?genesymbols=yes&datasets=omnipath&organisms=9606&fields=sources,references,curation_effort&license=academic`
[2025-01-29 01:07:44] [SUCCESS] [OmnipathR] Loaded 81529 interactions from cache.
[2025-01-29 01:07:44] [TRACE]   [OmnipathR] ID translation table: from `uniprot` to `genesymbol`, using Ensembl BioMart.
[2025-01-29 01:07:44] [TRACE]   [OmnipathR] Creating ID mapping table from `uniprotswissprot` to `external_gene_name`, for organism hsapiens
[2025-01-29 01:07:44] [TRACE]   [OmnipathR] BioMart query: <?xml version="1.0" encoding="UTF-8"?>
<!DOCTYPE Query>
<Query  virtualSchemaName="default" formatter="TSV" header="0" uniqueRows="0" count="" datasetConfigVersion="0.6" completionStamp="1" >
    <Dataset name="hsapiens_gene_ensembl" interface="default" >
        <Attribute name="uniprotswissprot"/>
        <Attribute name="external_gene_name"/>
    </Dataset>
</Query>
[2025-01-29 01:07:44] [TRACE]   [OmnipathR] Looking up in cache: `http://www.ensembl.org/biomart/martservice?query=%3C?xml%20version=%221.0%22%20encoding=%22UTF-8%22?%3E%0A%3C!DOCTYPE%20Query%3E%0A%3CQuery%20%20virtualSchemaName=%22default%22%20formatter=%22TSV%22%20header=%220%22%20uniqueRows=%220%22%20count=%22%22%20datasetConfigVersion=%220.6%22%20completionStamp=%221%22%20%3E%0A%20%20%20%20%3CDataset%20name=%22hsapiens_gene_ensembl%22%20interface=%22default%22%20%3E%0A%20%20%20%20%20%20%20%20%3CAttribute%20name=%22uniprotswissprot%22/%3E%0A%20%20%20%20%20%20%20%20%3CAttribute%20name=%22external_gene_name%22/%3E%0A%20%20%20%20%3C/Dataset%3E%0A%3C/Query%3E%0A`.
[2025-01-29 01:07:44] [INFO]    [OmnipathR] Cache record does not exist: `http://www.ensembl.org/biomart/martservice?query=%3C?xml%20version=%221.0%22%20encoding=%22UTF-8%22?%3E%0A%3C!DOCTYPE%20Query%3E%0A%3CQuery%20%20virtualSchemaName=%22default%22%20formatter=%22TSV%22%20header=%220%22%20uniqueRows=%220%22%20count=%22%22%20datasetConfigVersion=%220.6%22%20completionStamp=%221%22%20%3E%0A%20%20%20%20%3CDataset%20name=%22hsapiens_gene_ensembl%22%20interface=%22default%22%20%3E%0A%20%20%20%20%20%20%20%20%3CAttribute%20name=%22uniprotswissprot%22/%3E%0A%20%20%20%20%20%20%20%20%3CAttribute%20name=%22external_gene_name%22/%3E%0A%20%20%20%20%3C/Dataset%3E%0A%3C/Query%3E%0A`
[2025-01-29 01:07:44] [TRACE]   [OmnipathR] Could not find in cache, initiating download: `http://www.ensembl.org/biomart/martservice?query=%3C?xml%20version=%221.0%22%20encoding=%22UTF-8%22?%3E%0A%3C!DOCTYPE%20Query%3E%0A%3CQuery%20%20virtualSchemaName=%22default%22%20formatter=%22TSV%22%20header=%220%22%20uniqueRows=%220%22%20count=%22%22%20datasetConfigVersion=%220.6%22%20completionStamp=%221%22%20%3E%0A%20%20%20%20%3CDataset%20name=%22hsapiens_gene_ensembl%22%20interface=%22default%22%20%3E%0A%20%20%20%20%20%20%20%20%3CAttribute%20name=%22uniprotswissprot%22/%3E%0A%20%20%20%20%20%20%20%20%3CAttribute%20name=%22external_gene_name%22/%3E%0A%20%20%20%20%3C/Dataset%3E%0A%3C/Query%3E%0A`.
[2025-01-29 01:07:44] [TRACE]   [OmnipathR] Reading JSON from `/home/biocbuild/.cache/OmnipathR/cache.json` (encoding: UTF-8).
[2025-01-29 01:07:44] [TRACE]   [OmnipathR] JSON validation successful: TRUE
[2025-01-29 01:07:44] [TRACE]   [OmnipathR] Reading JSON from `/home/biocbuild/.cache/OmnipathR/cache.json` (encoding: UTF-8).
[2025-01-29 01:07:44] [TRACE]   [OmnipathR] JSON validation successful: TRUE
[2025-01-29 01:07:44] [INFO]    [OmnipathR] Cache item `d8282bd9b4260cbc5a0923f1eff00b1534d7f081` version 1: status changed from `unknown` to `started`.
[2025-01-29 01:07:44] [TRACE]   [OmnipathR] Exporting object to RDS: `/home/biocbuild/.cache/OmnipathR/d8282bd9b4260cbc5a0923f1eff00b1534d7f081-1.rds`.
[2025-01-29 01:07:44] [INFO]    [OmnipathR] Retrieving URL: `http://www.ensembl.org/biomart/martservice?query=%3C?xml%20version=%221.0%22%20encoding=%22UTF-8%22?%3E%0A%3C!DOCTYPE%20Query%3E%0A%3CQuery%20%20virtualSchemaName=%22default%22%20formatter=%22TSV%22%20header=%220%22%20uniqueRows=%220%22%20count=%22%22%20datasetConfigVersion=%220.6%22%20completionStamp=%221%22%20%3E%0A%20%20%20%20%3CDataset%20name=%22hsapiens_gene_ensembl%22%20interface=%22default%22%20%3E%0A%20%20%20%20%20%20%20%20%3CAttribute%20name=%22uniprotswissprot%22/%3E%0A%20%20%20%20%20%20%20%20%3CAttribute%20name=%22external_gene_name%22/%3E%0A%20%20%20%20%3C/Dataset%3E%0A%3C/Query%3E%0A`
[2025-01-29 01:07:44] [TRACE]   [OmnipathR] Attempt 1/3: `http://www.ensembl.org/biomart/martservice?query=%3C?xml%20version=%221.0%22%20encoding=%22UTF-8%22?%3E%0A%3C!DOCTYPE%20Query%3E%0A%3CQuery%20%20virtualSchemaName=%22default%22%20formatter=%22TSV%22%20header=%220%22%20uniqueRows=%220%22%20count=%22%22%20datasetConfigVersion=%220.6%22%20completionStamp=%221%22%20%3E%0A%20%20%20%20%3CDataset%20name=%22hsapiens_gene_ensembl%22%20interface=%22default%22%20%3E%0A%20%20%20%20%20%20%20%20%3CAttribute%20name=%22uniprotswissprot%22/%3E%0A%20%20%20%20%20%20%20%20%3CAttribute%20name=%22external_gene_name%22/%3E%0A%20%20%20%20%3C/Dataset%3E%0A%3C/Query%3E%0A`
[2025-01-29 01:07:58] [TRACE]   [OmnipathR] HTTP 200
[2025-01-29 01:07:59] [TRACE]   [OmnipathR] Exported RDS to `/home/biocbuild/.cache/OmnipathR/d8282bd9b4260cbc5a0923f1eff00b1534d7f081-1.rds`.
[2025-01-29 01:07:59] [INFO]    [OmnipathR] Download ready [key=d8282bd9b4260cbc5a0923f1eff00b1534d7f081, version=1]
[2025-01-29 01:07:59] [TRACE]   [OmnipathR] Reading JSON from `/home/biocbuild/.cache/OmnipathR/cache.json` (encoding: UTF-8).
[2025-01-29 01:07:59] [TRACE]   [OmnipathR] JSON validation successful: TRUE
[2025-01-29 01:07:59] [INFO]    [OmnipathR] Cache item `d8282bd9b4260cbc5a0923f1eff00b1534d7f081` version 1: status changed from `started` to `ready`.
[2025-01-29 01:07:59] [SUCCESS] [OmnipathR] www.ensembl.org: downloaded 122413 records
[2025-01-29 01:07:59] [TRACE]   [OmnipathR] Translating complexes: 592 complexes in data.
[2025-01-29 01:08:00] [TRACE]   [OmnipathR] 433 complexes after removing the ones mapping to more than 1 items in target identifier space.
[2025-01-29 01:08:02] [TRACE]   [OmnipathR] Translated 433 complexes to 433.
[2025-01-29 01:08:02] [TRACE]   [OmnipathR] 67526 rows before translation, 4551 uniprot IDs in column `source`.
[2025-01-29 01:08:02] [TRACE]   [OmnipathR] 67599 rows after translation; translated 4551 `uniprot` IDs in column `source` to 4392 `genesymbol` IDs in column `genesymbol_source`.
[2025-01-29 01:08:02] [TRACE]   [OmnipathR] ID translation table: from `uniprot` to `genesymbol`, using Ensembl BioMart.
[2025-01-29 01:08:02] [TRACE]   [OmnipathR] Creating ID mapping table from `uniprotswissprot` to `external_gene_name`, for organism hsapiens
[2025-01-29 01:08:02] [TRACE]   [OmnipathR] BioMart query: <?xml version="1.0" encoding="UTF-8"?>
<!DOCTYPE Query>
<Query  virtualSchemaName="default" formatter="TSV" header="0" uniqueRows="0" count="" datasetConfigVersion="0.6" completionStamp="1" >
    <Dataset name="hsapiens_gene_ensembl" interface="default" >
        <Attribute name="uniprotswissprot"/>
        <Attribute name="external_gene_name"/>
    </Dataset>
</Query>
[2025-01-29 01:08:02] [TRACE]   [OmnipathR] Looking up in cache: `http://www.ensembl.org/biomart/martservice?query=%3C?xml%20version=%221.0%22%20encoding=%22UTF-8%22?%3E%0A%3C!DOCTYPE%20Query%3E%0A%3CQuery%20%20virtualSchemaName=%22default%22%20formatter=%22TSV%22%20header=%220%22%20uniqueRows=%220%22%20count=%22%22%20datasetConfigVersion=%220.6%22%20completionStamp=%221%22%20%3E%0A%20%20%20%20%3CDataset%20name=%22hsapiens_gene_ensembl%22%20interface=%22default%22%20%3E%0A%20%20%20%20%20%20%20%20%3CAttribute%20name=%22uniprotswissprot%22/%3E%0A%20%20%20%20%20%20%20%20%3CAttribute%20name=%22external_gene_name%22/%3E%0A%20%20%20%20%3C/Dataset%3E%0A%3C/Query%3E%0A`.
[2025-01-29 01:08:02] [TRACE]   [OmnipathR] Loaded data from RDS `/home/biocbuild/.cache/OmnipathR/d8282bd9b4260cbc5a0923f1eff00b1534d7f081-1.rds`.
[2025-01-29 01:08:02] [SUCCESS] [OmnipathR] www.ensembl.org: loaded 122413 records from cache
[2025-01-29 01:08:02] [TRACE]   [OmnipathR] Translating complexes: 311 complexes in data.
[2025-01-29 01:08:02] [TRACE]   [OmnipathR] 220 complexes after removing the ones mapping to more than 1 items in target identifier space.
[2025-01-29 01:08:03] [TRACE]   [OmnipathR] Translated 220 complexes to 220.
[2025-01-29 01:08:03] [TRACE]   [OmnipathR] 67599 rows before translation, 4638 uniprot IDs in column `target`.
[2025-01-29 01:08:03] [TRACE]   [OmnipathR] 69184 rows after translation; translated 4638 `uniprot` IDs in column `target` to 4555 `genesymbol` IDs in column `genesymbol_target`.
[2025-01-29 01:08:03] [INFO]    [OmnipathR] OmniPath PPI for COSMOS PKN ready: 138490 interactions.
--- finished re-building ‘cosmos.Rmd’

--- re-building ‘db_manager.Rmd’ using rmarkdown
[2025-01-29 01:08:05] [INFO]    [OmnipathR] Loading database `UniProt-GeneSymbol table`.
[2025-01-29 01:08:05] [TRACE]   [OmnipathR] Creating ID mapping table from `accession` to `gene_primary`, for organism 9606 (only reviewed: TRUE)
[2025-01-29 01:08:05] [TRACE]   [OmnipathR] Loading all UniProt records for organism 9606 (only reviewed: TRUE); fields: accession,gene_primary
[2025-01-29 01:08:05] [TRACE]   [OmnipathR] Looking up in cache: `https://rest.uniprot.org/uniprotkb/stream?format=tsv&fields=accession,gene_primary&query=organism_id:9606%20AND%20reviewed:true`.
[2025-01-29 01:08:05] [INFO]    [OmnipathR] No version is available for key `5edbb7050189a96382506b82b49b51a411621af7` (https://rest.uniprot.org/uniprotkb/stream?format=tsv&fields=accession,gene_primary&query=organism_id:9606%20AND%20reviewed:true).
[2025-01-29 01:08:05] [SUCCESS] [OmnipathR] UniProt (rest.uniprot.org): downloaded 2 records

Quitting from lines 67-69 [get] (db_manager.Rmd)
Error: processing vignette 'db_manager.Rmd' failed with diagnostics:
no applicable method for 'rename' applied to an object of class "list"
--- failed re-building ‘db_manager.Rmd’

--- re-building ‘drug_targets.Rmd’ using rmarkdown
[2025-01-29 01:08:06] [TRACE]   [OmnipathR] Arguments for OmniPath query: [datasets=omnipath]
[2025-01-29 01:08:06] [TRACE]   [OmnipathR] Arguments for OmniPath query: [datasets=omnipath,query_type=interactions]
[2025-01-29 01:08:06] [TRACE]   [OmnipathR] Organism(s): 9606
[2025-01-29 01:08:06] [TRACE]   [OmnipathR] Orthology targets: 
[2025-01-29 01:08:06] [TRACE]   [OmnipathR] Looking up in cache: `https://omnipathdb.org/interactions?genesymbols=yes&datasets=omnipath&organisms=9606&fields=sources,references,curation_effort&license=academic`
[2025-01-29 01:08:06] [TRACE]   [OmnipathR] Loaded data from RDS `/home/biocbuild/.cache/OmnipathR/a7b21d9d80a3837a50268df16d168128fc1c6ede-1.rds`.
[2025-01-29 01:08:06] [INFO]    [OmnipathR] Loaded from cache: `https://omnipathdb.org/interactions?genesymbols=yes&datasets=omnipath&organisms=9606&fields=sources,references,curation_effort&license=academic`
[2025-01-29 01:08:11] [SUCCESS] [OmnipathR] Loaded 81529 interactions from cache.
--- finished re-building ‘drug_targets.Rmd’

--- re-building ‘extra_attrs.Rmd’ using rmarkdown
[2025-01-29 01:08:19] [TRACE]   [OmnipathR] Arguments for OmniPath query: [fields=extra_attrs,query_type=interactions]
[2025-01-29 01:08:19] [TRACE]   [OmnipathR] Organism(s): 9606
[2025-01-29 01:08:19] [TRACE]   [OmnipathR] Orthology targets: 
[2025-01-29 01:08:19] [TRACE]   [OmnipathR] Looking up in cache: `https://omnipathdb.org/interactions?genesymbols=yes&datasets=omnipath,pathwayextra,kinaseextra,ligrecextra&organisms=9606&fields=extra_attrs,sources,references,curation_effort&license=academic`
[2025-01-29 01:08:19] [INFO]    [OmnipathR] Cache record does not exist: `https://omnipathdb.org/interactions?genesymbols=yes&datasets=omnipath,pathwayextra,kinaseextra,ligrecextra&organisms=9606&fields=extra_attrs,sources,references,curation_effort&license=academic`
[2025-01-29 01:08:19] [TRACE]   [OmnipathR] Looking up in cache: `http://no-tls.omnipathdb.org/interactions?genesymbols=yes&datasets=omnipath,pathwayextra,kinaseextra,ligrecextra&organisms=9606&fields=extra_attrs,sources,references,curation_effort&license=academic`
[2025-01-29 01:08:19] [INFO]    [OmnipathR] Cache record does not exist: `http://no-tls.omnipathdb.org/interactions?genesymbols=yes&datasets=omnipath,pathwayextra,kinaseextra,ligrecextra&organisms=9606&fields=extra_attrs,sources,references,curation_effort&license=academic`
[2025-01-29 01:08:19] [TRACE]   [OmnipathR] Attempting `https://omnipathdb.org/interactions?genesymbols=yes&datasets=omnipath,pathwayextra,kinaseextra,ligrecextra&organisms=9606&fields=extra_attrs,sources,references,curation_effort&license=academic`
[2025-01-29 01:08:19] [INFO]    [OmnipathR] Retrieving URL: `https://omnipathdb.org/interactions?genesymbols=yes&datasets=omnipath,pathwayextra,kinaseextra,ligrecextra&organisms=9606&fields=extra_attrs,sources,references,curation_effort&license=academic`
[2025-01-29 01:08:19] [TRACE]   [OmnipathR] Attempt 1/3: `https://omnipathdb.org/interactions?genesymbols=yes&datasets=omnipath,pathwayextra,kinaseextra,ligrecextra&organisms=9606&fields=extra_attrs,sources,references,curation_effort&license=academic`
[2025-01-29 01:08:24] [INFO]    [OmnipathR] Successfully retrieved: `https://omnipathdb.org/interactions?genesymbols=yes&datasets=omnipath,pathwayextra,kinaseextra,ligrecextra&organisms=9606&fields=extra_attrs,sources,references,curation_effort&license=academic`
[2025-01-29 01:08:24] [TRACE]   [OmnipathR] Reading JSON from `/home/biocbuild/.cache/OmnipathR/cache.json` (encoding: UTF-8).
[2025-01-29 01:08:24] [TRACE]   [OmnipathR] JSON validation successful: TRUE
[2025-01-29 01:08:24] [TRACE]   [OmnipathR] Reading JSON from `/home/biocbuild/.cache/OmnipathR/cache.json` (encoding: UTF-8).
[2025-01-29 01:08:24] [TRACE]   [OmnipathR] JSON validation successful: TRUE
[2025-01-29 01:08:24] [INFO]    [OmnipathR] Cache item `e9af339ce8e80bcec1a654822637ae3b71e035e2` version 1: status changed from `unknown` to `started`.
[2025-01-29 01:08:24] [TRACE]   [OmnipathR] Exporting object to RDS: `/home/biocbuild/.cache/OmnipathR/e9af339ce8e80bcec1a654822637ae3b71e035e2-1.rds`.
[2025-01-29 01:08:25] [TRACE]   [OmnipathR] Exported RDS to `/home/biocbuild/.cache/OmnipathR/e9af339ce8e80bcec1a654822637ae3b71e035e2-1.rds`.
[2025-01-29 01:08:25] [INFO]    [OmnipathR] Download ready [key=e9af339ce8e80bcec1a654822637ae3b71e035e2, version=1]
[2025-01-29 01:08:25] [TRACE]   [OmnipathR] Reading JSON from `/home/biocbuild/.cache/OmnipathR/cache.json` (encoding: UTF-8).
[2025-01-29 01:08:25] [TRACE]   [OmnipathR] JSON validation successful: TRUE
[2025-01-29 01:08:25] [INFO]    [OmnipathR] Cache item `e9af339ce8e80bcec1a654822637ae3b71e035e2` version 1: status changed from `started` to `ready`.
[2025-01-29 01:08:25] [TRACE]   [OmnipathR] Converting JSON column `extra_attrs` to list.
[2025-01-29 01:08:38] [SUCCESS] [OmnipathR] Downloaded 134282 interactions.
[2025-01-29 01:17:38] [TRACE]   [OmnipathR] Arguments for OmniPath query: [wide=TRUE,resources=UniProt_keyword,entity_types=protein,query_type=annotations]
[2025-01-29 01:17:38] [TRACE]   [OmnipathR] Organism(s): 9606
[2025-01-29 01:17:38] [TRACE]   [OmnipathR] Orthology targets: 
[2025-01-29 01:17:39] [TRACE]   [OmnipathR] Reading JSON from `https://omnipathdb.org/resources` (encoding: UTF-8).
[2025-01-29 01:17:39] [TRACE]   [OmnipathR] JSON validation successful: TRUE
[2025-01-29 01:17:39] [TRACE]   [OmnipathR] Looking up in cache: `https://omnipathdb.org/annotations?resources=UniProt_keyword&entity_types=protein&license=academic`
[2025-01-29 01:17:39] [INFO]    [OmnipathR] Cache record does not exist: `https://omnipathdb.org/annotations?resources=UniProt_keyword&entity_types=protein&license=academic`
[2025-01-29 01:17:39] [TRACE]   [OmnipathR] Looking up in cache: `http://no-tls.omnipathdb.org/annotations?resources=UniProt_keyword&entity_types=protein&license=academic`
[2025-01-29 01:17:39] [INFO]    [OmnipathR] Cache record does not exist: `http://no-tls.omnipathdb.org/annotations?resources=UniProt_keyword&entity_types=protein&license=academic`
[2025-01-29 01:17:39] [TRACE]   [OmnipathR] Attempting `https://omnipathdb.org/annotations?resources=UniProt_keyword&entity_types=protein&license=academic`
[2025-01-29 01:17:39] [INFO]    [OmnipathR] Retrieving URL: `https://omnipathdb.org/annotations?resources=UniProt_keyword&entity_types=protein&license=academic`
[2025-01-29 01:17:39] [TRACE]   [OmnipathR] Attempt 1/3: `https://omnipathdb.org/annotations?resources=UniProt_keyword&entity_types=protein&license=academic`
[2025-01-29 01:17:41] [INFO]    [OmnipathR] Successfully retrieved: `https://omnipathdb.org/annotations?resources=UniProt_keyword&entity_types=protein&license=academic`
[2025-01-29 01:17:41] [TRACE]   [OmnipathR] Reading JSON from `/home/biocbuild/.cache/OmnipathR/cache.json` (encoding: UTF-8).
[2025-01-29 01:17:41] [TRACE]   [OmnipathR] JSON validation successful: TRUE
[2025-01-29 01:17:41] [TRACE]   [OmnipathR] Reading JSON from `/home/biocbuild/.cache/OmnipathR/cache.json` (encoding: UTF-8).
[2025-01-29 01:17:41] [TRACE]   [OmnipathR] JSON validation successful: TRUE
[2025-01-29 01:17:41] [INFO]    [OmnipathR] Cache item `0e2cc6ec8db9efe88661b213cfb09be72a32df7d` version 1: status changed from `unknown` to `started`.
[2025-01-29 01:17:41] [TRACE]   [OmnipathR] Exporting object to RDS: `/home/biocbuild/.cache/OmnipathR/0e2cc6ec8db9efe88661b213cfb09be72a32df7d-1.rds`.
[2025-01-29 01:17:42] [TRACE]   [OmnipathR] Exported RDS to `/home/biocbuild/.cache/OmnipathR/0e2cc6ec8db9efe88661b213cfb09be72a32df7d-1.rds`.
[2025-01-29 01:17:42] [INFO]    [OmnipathR] Download ready [key=0e2cc6ec8db9efe88661b213cfb09be72a32df7d, version=1]
[2025-01-29 01:17:42] [TRACE]   [OmnipathR] Reading JSON from `/home/biocbuild/.cache/OmnipathR/cache.json` (encoding: UTF-8).
[2025-01-29 01:17:42] [TRACE]   [OmnipathR] JSON validation successful: TRUE
[2025-01-29 01:17:42] [INFO]    [OmnipathR] Cache item `0e2cc6ec8db9efe88661b213cfb09be72a32df7d` version 1: status changed from `started` to `ready`.
[2025-01-29 01:17:42] [SUCCESS] [OmnipathR] Downloaded 205690 annotation records.
[2025-01-29 01:17:43] [TRACE]   [OmnipathR] Arguments for OmniPath query: [types=ubiquitination,query_type=enzsub]
[2025-01-29 01:17:43] [TRACE]   [OmnipathR] Organism(s): 9606
[2025-01-29 01:17:43] [TRACE]   [OmnipathR] Orthology targets: 
[2025-01-29 01:17:43] [TRACE]   [OmnipathR] Looking up in cache: `https://omnipathdb.org/enzsub?genesymbols=yes&organisms=9606&fields=sources,references,curation_effort&license=academic&types=ubiquitination`
[2025-01-29 01:17:43] [INFO]    [OmnipathR] Cache record does not exist: `https://omnipathdb.org/enzsub?genesymbols=yes&organisms=9606&fields=sources,references,curation_effort&license=academic&types=ubiquitination`
[2025-01-29 01:17:43] [TRACE]   [OmnipathR] Looking up in cache: `http://no-tls.omnipathdb.org/enzsub?genesymbols=yes&organisms=9606&fields=sources,references,curation_effort&license=academic&types=ubiquitination`
[2025-01-29 01:17:43] [INFO]    [OmnipathR] Cache record does not exist: `http://no-tls.omnipathdb.org/enzsub?genesymbols=yes&organisms=9606&fields=sources,references,curation_effort&license=academic&types=ubiquitination`
[2025-01-29 01:17:43] [TRACE]   [OmnipathR] Attempting `https://omnipathdb.org/enzsub?genesymbols=yes&organisms=9606&fields=sources,references,curation_effort&license=academic&types=ubiquitination`
[2025-01-29 01:17:43] [INFO]    [OmnipathR] Retrieving URL: `https://omnipathdb.org/enzsub?genesymbols=yes&organisms=9606&fields=sources,references,curation_effort&license=academic&types=ubiquitination`
[2025-01-29 01:17:43] [TRACE]   [OmnipathR] Attempt 1/3: `https://omnipathdb.org/enzsub?genesymbols=yes&organisms=9606&fields=sources,references,curation_effort&license=academic&types=ubiquitination`
[2025-01-29 01:17:43] [INFO]    [OmnipathR] Successfully retrieved: `https://omnipathdb.org/enzsub?genesymbols=yes&organisms=9606&fields=sources,references,curation_effort&license=academic&types=ubiquitination`
[2025-01-29 01:17:43] [TRACE]   [OmnipathR] Reading JSON from `/home/biocbuild/.cache/OmnipathR/cache.json` (encoding: UTF-8).
[2025-01-29 01:17:43] [TRACE]   [OmnipathR] JSON validation successful: TRUE
[2025-01-29 01:17:43] [TRACE]   [OmnipathR] Reading JSON from `/home/biocbuild/.cache/OmnipathR/cache.json` (encoding: UTF-8).
[2025-01-29 01:17:43] [TRACE]   [OmnipathR] JSON validation successful: TRUE
[2025-01-29 01:17:43] [INFO]    [OmnipathR] Cache item `4525739875a94da1bbc48b8fada15795d234adcc` version 1: status changed from `unknown` to `started`.
[2025-01-29 01:17:43] [TRACE]   [OmnipathR] Exporting object to RDS: `/home/biocbuild/.cache/OmnipathR/4525739875a94da1bbc48b8fada15795d234adcc-1.rds`.
[2025-01-29 01:17:43] [TRACE]   [OmnipathR] Exported RDS to `/home/biocbuild/.cache/OmnipathR/4525739875a94da1bbc48b8fada15795d234adcc-1.rds`.
[2025-01-29 01:17:43] [INFO]    [OmnipathR] Download ready [key=4525739875a94da1bbc48b8fada15795d234adcc, version=1]
[2025-01-29 01:17:43] [TRACE]   [OmnipathR] Reading JSON from `/home/biocbuild/.cache/OmnipathR/cache.json` (encoding: UTF-8).
[2025-01-29 01:17:43] [TRACE]   [OmnipathR] JSON validation successful: TRUE
[2025-01-29 01:17:43] [INFO]    [OmnipathR] Cache item `4525739875a94da1bbc48b8fada15795d234adcc` version 1: status changed from `started` to `ready`.
[2025-01-29 01:17:43] [SUCCESS] [OmnipathR] Downloaded 70 enzyme-substrate relationships.
--- finished re-building ‘extra_attrs.Rmd’

--- re-building ‘nichenet.Rmd’ using rmarkdown
--- finished re-building ‘nichenet.Rmd’

--- re-building ‘omnipath_intro.Rmd’ using rmarkdown
[2025-01-29 01:17:48] [TRACE]   [OmnipathR] Reading JSON from `https://omnipathdb.org/resources` (encoding: UTF-8).
[2025-01-29 01:17:48] [TRACE]   [OmnipathR] JSON validation successful: TRUE
[2025-01-29 01:17:48] [TRACE]   [OmnipathR] Arguments for OmniPath query: [resources=[SignaLink3,PhosphoSite,SIGNOR],datasets=omnipath]
[2025-01-29 01:17:48] [TRACE]   [OmnipathR] Arguments for OmniPath query: [resources=[SignaLink3,PhosphoSite,SIGNOR],datasets=omnipath,query_type=interactions]
[2025-01-29 01:17:48] [TRACE]   [OmnipathR] Organism(s): 9606
[2025-01-29 01:17:48] [TRACE]   [OmnipathR] Orthology targets: 
[2025-01-29 01:17:49] [TRACE]   [OmnipathR] Reading JSON from `https://omnipathdb.org/resources` (encoding: UTF-8).
[2025-01-29 01:17:49] [TRACE]   [OmnipathR] JSON validation successful: TRUE
[2025-01-29 01:17:49] [TRACE]   [OmnipathR] Looking up in cache: `https://omnipathdb.org/interactions?genesymbols=yes&resources=SignaLink3,PhosphoSite,SIGNOR&datasets=omnipath&organisms=9606&fields=sources,references,curation_effort&license=academic`
[2025-01-29 01:17:49] [INFO]    [OmnipathR] Cache record does not exist: `https://omnipathdb.org/interactions?genesymbols=yes&resources=SignaLink3,PhosphoSite,SIGNOR&datasets=omnipath&organisms=9606&fields=sources,references,curation_effort&license=academic`
[2025-01-29 01:17:49] [TRACE]   [OmnipathR] Looking up in cache: `http://no-tls.omnipathdb.org/interactions?genesymbols=yes&resources=SignaLink3,PhosphoSite,SIGNOR&datasets=omnipath&organisms=9606&fields=sources,references,curation_effort&license=academic`
[2025-01-29 01:17:49] [INFO]    [OmnipathR] Cache record does not exist: `http://no-tls.omnipathdb.org/interactions?genesymbols=yes&resources=SignaLink3,PhosphoSite,SIGNOR&datasets=omnipath&organisms=9606&fields=sources,references,curation_effort&license=academic`
[2025-01-29 01:17:49] [TRACE]   [OmnipathR] Attempting `https://omnipathdb.org/interactions?genesymbols=yes&resources=SignaLink3,PhosphoSite,SIGNOR&datasets=omnipath&organisms=9606&fields=sources,references,curation_effort&license=academic`
[2025-01-29 01:17:49] [INFO]    [OmnipathR] Retrieving URL: `https://omnipathdb.org/interactions?genesymbols=yes&resources=SignaLink3,PhosphoSite,SIGNOR&datasets=omnipath&organisms=9606&fields=sources,references,curation_effort&license=academic`
[2025-01-29 01:17:49] [TRACE]   [OmnipathR] Attempt 1/3: `https://omnipathdb.org/interactions?genesymbols=yes&resources=SignaLink3,PhosphoSite,SIGNOR&datasets=omnipath&organisms=9606&fields=sources,references,curation_effort&license=academic`
[2025-01-29 01:17:51] [INFO]    [OmnipathR] Successfully retrieved: `https://omnipathdb.org/interactions?genesymbols=yes&resources=SignaLink3,PhosphoSite,SIGNOR&datasets=omnipath&organisms=9606&fields=sources,references,curation_effort&license=academic`
[2025-01-29 01:17:51] [TRACE]   [OmnipathR] Reading JSON from `/home/biocbuild/.cache/OmnipathR/cache.json` (encoding: UTF-8).
[2025-01-29 01:17:51] [TRACE]   [OmnipathR] JSON validation successful: TRUE
[2025-01-29 01:17:51] [TRACE]   [OmnipathR] Reading JSON from `/home/biocbuild/.cache/OmnipathR/cache.json` (encoding: UTF-8).
[2025-01-29 01:17:51] [TRACE]   [OmnipathR] JSON validation successful: TRUE
[2025-01-29 01:17:51] [INFO]    [OmnipathR] Cache item `5fc92405e5592146693f05f443dd80aec58163a5` version 1: status changed from `unknown` to `started`.
[2025-01-29 01:17:51] [TRACE]   [OmnipathR] Exporting object to RDS: `/home/biocbuild/.cache/OmnipathR/5fc92405e5592146693f05f443dd80aec58163a5-1.rds`.
[2025-01-29 01:17:51] [TRACE]   [OmnipathR] Exported RDS to `/home/biocbuild/.cache/OmnipathR/5fc92405e5592146693f05f443dd80aec58163a5-1.rds`.
[2025-01-29 01:17:51] [INFO]    [OmnipathR] Download ready [key=5fc92405e5592146693f05f443dd80aec58163a5, version=1]
[2025-01-29 01:17:51] [TRACE]   [OmnipathR] Reading JSON from `/home/biocbuild/.cache/OmnipathR/cache.json` (encoding: UTF-8).
[2025-01-29 01:17:51] [TRACE]   [OmnipathR] JSON validation successful: TRUE
[2025-01-29 01:17:52] [INFO]    [OmnipathR] Cache item `5fc92405e5592146693f05f443dd80aec58163a5` version 1: status changed from `started` to `ready`.
[2025-01-29 01:17:55] [SUCCESS] [OmnipathR] Downloaded 64485 interactions.
[2025-01-29 01:18:04] [TRACE]   [OmnipathR] Arguments for OmniPath query: [resources=[Wang,Lit-BM-17],organisms=10090,datasets=pathwayextra]
[2025-01-29 01:18:04] [TRACE]   [OmnipathR] Arguments for OmniPath query: [resources=[Wang,Lit-BM-17],organisms=10090,datasets=pathwayextra,query_type=interactions]
[2025-01-29 01:18:04] [TRACE]   [OmnipathR] Organism(s): 10090
[2025-01-29 01:18:04] [TRACE]   [OmnipathR] Orthology targets: 
[2025-01-29 01:18:06] [TRACE]   [OmnipathR] Reading JSON from `https://omnipathdb.org/resources` (encoding: UTF-8).
[2025-01-29 01:18:06] [TRACE]   [OmnipathR] JSON validation successful: TRUE
[2025-01-29 01:18:06] [TRACE]   [OmnipathR] Looking up in cache: `https://omnipathdb.org/interactions?genesymbols=yes&resources=Wang,Lit-BM-17&datasets=pathwayextra&organisms=10090&fields=sources,references,curation_effort&license=academic`
[2025-01-29 01:18:06] [INFO]    [OmnipathR] Cache record does not exist: `https://omnipathdb.org/interactions?genesymbols=yes&resources=Wang,Lit-BM-17&datasets=pathwayextra&organisms=10090&fields=sources,references,curation_effort&license=academic`
[2025-01-29 01:18:06] [TRACE]   [OmnipathR] Looking up in cache: `http://no-tls.omnipathdb.org/interactions?genesymbols=yes&resources=Wang,Lit-BM-17&datasets=pathwayextra&organisms=10090&fields=sources,references,curation_effort&license=academic`
[2025-01-29 01:18:06] [INFO]    [OmnipathR] Cache record does not exist: `http://no-tls.omnipathdb.org/interactions?genesymbols=yes&resources=Wang,Lit-BM-17&datasets=pathwayextra&organisms=10090&fields=sources,references,curation_effort&license=academic`
[2025-01-29 01:18:06] [TRACE]   [OmnipathR] Attempting `https://omnipathdb.org/interactions?genesymbols=yes&resources=Wang,Lit-BM-17&datasets=pathwayextra&organisms=10090&fields=sources,references,curation_effort&license=academic`
[2025-01-29 01:18:06] [INFO]    [OmnipathR] Retrieving URL: `https://omnipathdb.org/interactions?genesymbols=yes&resources=Wang,Lit-BM-17&datasets=pathwayextra&organisms=10090&fields=sources,references,curation_effort&license=academic`
[2025-01-29 01:18:06] [TRACE]   [OmnipathR] Attempt 1/3: `https://omnipathdb.org/interactions?genesymbols=yes&resources=Wang,Lit-BM-17&datasets=pathwayextra&organisms=10090&fields=sources,references,curation_effort&license=academic`
[2025-01-29 01:18:08] [INFO]    [OmnipathR] Successfully retrieved: `https://omnipathdb.org/interactions?genesymbols=yes&resources=Wang,Lit-BM-17&datasets=pathwayextra&organisms=10090&fields=sources,references,curation_effort&license=academic`
[2025-01-29 01:18:08] [TRACE]   [OmnipathR] Reading JSON from `/home/biocbuild/.cache/OmnipathR/cache.json` (encoding: UTF-8).
[2025-01-29 01:18:08] [TRACE]   [OmnipathR] JSON validation successful: TRUE
[2025-01-29 01:18:08] [TRACE]   [OmnipathR] Reading JSON from `/home/biocbuild/.cache/OmnipathR/cache.json` (encoding: UTF-8).
[2025-01-29 01:18:08] [TRACE]   [OmnipathR] JSON validation successful: TRUE
[2025-01-29 01:18:08] [INFO]    [OmnipathR] Cache item `3bebb563f03426a03a2bbe2548cea1de114c32e2` version 1: status changed from `unknown` to `started`.
[2025-01-29 01:18:08] [TRACE]   [OmnipathR] Exporting object to RDS: `/home/biocbuild/.cache/OmnipathR/3bebb563f03426a03a2bbe2548cea1de114c32e2-1.rds`.
[2025-01-29 01:18:08] [TRACE]   [OmnipathR] Exported RDS to `/home/biocbuild/.cache/OmnipathR/3bebb563f03426a03a2bbe2548cea1de114c32e2-1.rds`.
[2025-01-29 01:18:08] [INFO]    [OmnipathR] Download ready [key=3bebb563f03426a03a2bbe2548cea1de114c32e2, version=1]
[2025-01-29 01:18:08] [TRACE]   [OmnipathR] Reading JSON from `/home/biocbuild/.cache/OmnipathR/cache.json` (encoding: UTF-8).
[2025-01-29 01:18:08] [TRACE]   [OmnipathR] JSON validation successful: TRUE
[2025-01-29 01:18:08] [INFO]    [OmnipathR] Cache item `3bebb563f03426a03a2bbe2548cea1de114c32e2` version 1: status changed from `started` to `ready`.
[2025-01-29 01:18:10] [SUCCESS] [OmnipathR] Downloaded 39742 interactions.
[2025-01-29 01:18:10] [TRACE]   [OmnipathR] Arguments for OmniPath query: [resources=[PhosphoPoint,PhosphoSite],organisms=10116,datasets=kinaseextra]
[2025-01-29 01:18:10] [TRACE]   [OmnipathR] Arguments for OmniPath query: [resources=[PhosphoPoint,PhosphoSite],organisms=10116,datasets=kinaseextra,query_type=interactions]
[2025-01-29 01:18:10] [TRACE]   [OmnipathR] Organism(s): 10116
[2025-01-29 01:18:10] [TRACE]   [OmnipathR] Orthology targets: 
[2025-01-29 01:18:11] [TRACE]   [OmnipathR] Reading JSON from `https://omnipathdb.org/resources` (encoding: UTF-8).
[2025-01-29 01:18:11] [TRACE]   [OmnipathR] JSON validation successful: TRUE
[2025-01-29 01:18:11] [TRACE]   [OmnipathR] Looking up in cache: `https://omnipathdb.org/interactions?genesymbols=yes&resources=PhosphoPoint,PhosphoSite&datasets=kinaseextra&organisms=10116&fields=sources,references,curation_effort&license=academic`
[2025-01-29 01:18:11] [INFO]    [OmnipathR] Cache record does not exist: `https://omnipathdb.org/interactions?genesymbols=yes&resources=PhosphoPoint,PhosphoSite&datasets=kinaseextra&organisms=10116&fields=sources,references,curation_effort&license=academic`
[2025-01-29 01:18:11] [TRACE]   [OmnipathR] Looking up in cache: `http://no-tls.omnipathdb.org/interactions?genesymbols=yes&resources=PhosphoPoint,PhosphoSite&datasets=kinaseextra&organisms=10116&fields=sources,references,curation_effort&license=academic`
[2025-01-29 01:18:11] [INFO]    [OmnipathR] Cache record does not exist: `http://no-tls.omnipathdb.org/interactions?genesymbols=yes&resources=PhosphoPoint,PhosphoSite&datasets=kinaseextra&organisms=10116&fields=sources,references,curation_effort&license=academic`
[2025-01-29 01:18:11] [TRACE]   [OmnipathR] Attempting `https://omnipathdb.org/interactions?genesymbols=yes&resources=PhosphoPoint,PhosphoSite&datasets=kinaseextra&organisms=10116&fields=sources,references,curation_effort&license=academic`
[2025-01-29 01:18:11] [INFO]    [OmnipathR] Retrieving URL: `https://omnipathdb.org/interactions?genesymbols=yes&resources=PhosphoPoint,PhosphoSite&datasets=kinaseextra&organisms=10116&fields=sources,references,curation_effort&license=academic`
[2025-01-29 01:18:11] [TRACE]   [OmnipathR] Attempt 1/3: `https://omnipathdb.org/interactions?genesymbols=yes&resources=PhosphoPoint,PhosphoSite&datasets=kinaseextra&organisms=10116&fields=sources,references,curation_effort&license=academic`
[2025-01-29 01:18:18] [INFO]    [OmnipathR] Successfully retrieved: `https://omnipathdb.org/interactions?genesymbols=yes&resources=PhosphoPoint,PhosphoSite&datasets=kinaseextra&organisms=10116&fields=sources,references,curation_effort&license=academic`
[2025-01-29 01:18:18] [TRACE]   [OmnipathR] Reading JSON from `/home/biocbuild/.cache/OmnipathR/cache.json` (encoding: UTF-8).
[2025-01-29 01:18:18] [TRACE]   [OmnipathR] JSON validation successful: TRUE
[2025-01-29 01:18:18] [TRACE]   [OmnipathR] Reading JSON from `/home/biocbuild/.cache/OmnipathR/cache.json` (encoding: UTF-8).
[2025-01-29 01:18:18] [TRACE]   [OmnipathR] JSON validation successful: TRUE
[2025-01-29 01:18:18] [INFO]    [OmnipathR] Cache item `5cd314c4201dd53ec320a9f10d9b55c017d6143d` version 1: status changed from `unknown` to `started`.
[2025-01-29 01:18:18] [TRACE]   [OmnipathR] Exporting object to RDS: `/home/biocbuild/.cache/OmnipathR/5cd314c4201dd53ec320a9f10d9b55c017d6143d-1.rds`.
[2025-01-29 01:18:18] [TRACE]   [OmnipathR] Exported RDS to `/home/biocbuild/.cache/OmnipathR/5cd314c4201dd53ec320a9f10d9b55c017d6143d-1.rds`.
[2025-01-29 01:18:18] [INFO]    [OmnipathR] Download ready [key=5cd314c4201dd53ec320a9f10d9b55c017d6143d, version=1]
[2025-01-29 01:18:18] [TRACE]   [OmnipathR] Reading JSON from `/home/biocbuild/.cache/OmnipathR/cache.json` (encoding: UTF-8).
[2025-01-29 01:18:18] [TRACE]   [OmnipathR] JSON validation successful: TRUE
[2025-01-29 01:18:18] [INFO]    [OmnipathR] Cache item `5cd314c4201dd53ec320a9f10d9b55c017d6143d` version 1: status changed from `started` to `ready`.
[2025-01-29 01:18:19] [SUCCESS] [OmnipathR] Downloaded 6869 interactions.
[2025-01-29 01:18:19] [TRACE]   [OmnipathR] Arguments for OmniPath query: [resources=[iTALK,Baccin2019],organisms=9606,datasets=ligrecextra]
[2025-01-29 01:18:19] [TRACE]   [OmnipathR] Arguments for OmniPath query: [resources=[iTALK,Baccin2019],organisms=9606,datasets=ligrecextra,query_type=interactions]
[2025-01-29 01:18:19] [TRACE]   [OmnipathR] Organism(s): 9606
[2025-01-29 01:18:19] [TRACE]   [OmnipathR] Orthology targets: 
[2025-01-29 01:18:20] [TRACE]   [OmnipathR] Reading JSON from `https://omnipathdb.org/resources` (encoding: UTF-8).
[2025-01-29 01:18:20] [TRACE]   [OmnipathR] JSON validation successful: TRUE
[2025-01-29 01:18:20] [TRACE]   [OmnipathR] Looking up in cache: `https://omnipathdb.org/interactions?genesymbols=yes&resources=iTALK,Baccin2019&datasets=ligrecextra&organisms=9606&fields=sources,references,curation_effort&license=academic`
[2025-01-29 01:18:20] [INFO]    [OmnipathR] Cache record does not exist: `https://omnipathdb.org/interactions?genesymbols=yes&resources=iTALK,Baccin2019&datasets=ligrecextra&organisms=9606&fields=sources,references,curation_effort&license=academic`
[2025-01-29 01:18:20] [TRACE]   [OmnipathR] Looking up in cache: `http://no-tls.omnipathdb.org/interactions?genesymbols=yes&resources=iTALK,Baccin2019&datasets=ligrecextra&organisms=9606&fields=sources,references,curation_effort&license=academic`
[2025-01-29 01:18:20] [INFO]    [OmnipathR] Cache record does not exist: `http://no-tls.omnipathdb.org/interactions?genesymbols=yes&resources=iTALK,Baccin2019&datasets=ligrecextra&organisms=9606&fields=sources,references,curation_effort&license=academic`
[2025-01-29 01:18:20] [TRACE]   [OmnipathR] Attempting `https://omnipathdb.org/interactions?genesymbols=yes&resources=iTALK,Baccin2019&datasets=ligrecextra&organisms=9606&fields=sources,references,curation_effort&license=academic`
[2025-01-29 01:18:20] [INFO]    [OmnipathR] Retrieving URL: `https://omnipathdb.org/interactions?genesymbols=yes&resources=iTALK,Baccin2019&datasets=ligrecextra&organisms=9606&fields=sources,references,curation_effort&license=academic`
[2025-01-29 01:18:20] [TRACE]   [OmnipathR] Attempt 1/3: `https://omnipathdb.org/interactions?genesymbols=yes&resources=iTALK,Baccin2019&datasets=ligrecextra&organisms=9606&fields=sources,references,curation_effort&license=academic`
[2025-01-29 01:18:21] [INFO]    [OmnipathR] Successfully retrieved: `https://omnipathdb.org/interactions?genesymbols=yes&resources=iTALK,Baccin2019&datasets=ligrecextra&organisms=9606&fields=sources,references,curation_effort&license=academic`
[2025-01-29 01:18:21] [TRACE]   [OmnipathR] Reading JSON from `/home/biocbuild/.cache/OmnipathR/cache.json` (encoding: UTF-8).
[2025-01-29 01:18:21] [TRACE]   [OmnipathR] JSON validation successful: TRUE
[2025-01-29 01:18:21] [TRACE]   [OmnipathR] Reading JSON from `/home/biocbuild/.cache/OmnipathR/cache.json` (encoding: UTF-8).
[2025-01-29 01:18:21] [TRACE]   [OmnipathR] JSON validation successful: TRUE
[2025-01-29 01:18:21] [INFO]    [OmnipathR] Cache item `76b8ee6c20a073a1d42974b1a19964fdd2720dc5` version 1: status changed from `unknown` to `started`.
[2025-01-29 01:18:21] [TRACE]   [OmnipathR] Exporting object to RDS: `/home/biocbuild/.cache/OmnipathR/76b8ee6c20a073a1d42974b1a19964fdd2720dc5-1.rds`.
[2025-01-29 01:18:21] [TRACE]   [OmnipathR] Exported RDS to `/home/biocbuild/.cache/OmnipathR/76b8ee6c20a073a1d42974b1a19964fdd2720dc5-1.rds`.
[2025-01-29 01:18:21] [INFO]    [OmnipathR] Download ready [key=76b8ee6c20a073a1d42974b1a19964fdd2720dc5, version=1]
[2025-01-29 01:18:21] [TRACE]   [OmnipathR] Reading JSON from `/home/biocbuild/.cache/OmnipathR/cache.json` (encoding: UTF-8).
[2025-01-29 01:18:21] [TRACE]   [OmnipathR] JSON validation successful: TRUE
[2025-01-29 01:18:21] [INFO]    [OmnipathR] Cache item `76b8ee6c20a073a1d42974b1a19964fdd2720dc5` version 1: status changed from `started` to `ready`.
[2025-01-29 01:18:22] [SUCCESS] [OmnipathR] Downloaded 2834 interactions.
[2025-01-29 01:18:22] [TRACE]   [OmnipathR] Arguments for OmniPath query: [datasets=omnipath]
[2025-01-29 01:18:22] [TRACE]   [OmnipathR] Arguments for OmniPath query: [datasets=omnipath,query_type=interactions]
[2025-01-29 01:18:22] [TRACE]   [OmnipathR] Organism(s): 9606
[2025-01-29 01:18:22] [TRACE]   [OmnipathR] Orthology targets: 
[2025-01-29 01:18:22] [TRACE]   [OmnipathR] Looking up in cache: `https://omnipathdb.org/interactions?genesymbols=yes&datasets=omnipath&organisms=9606&fields=sources,references,curation_effort&license=academic`
[2025-01-29 01:18:22] [TRACE]   [OmnipathR] Loaded data from RDS `/home/biocbuild/.cache/OmnipathR/a7b21d9d80a3837a50268df16d168128fc1c6ede-1.rds`.
[2025-01-29 01:18:22] [INFO]    [OmnipathR] Loaded from cache: `https://omnipathdb.org/interactions?genesymbols=yes&datasets=omnipath&organisms=9606&fields=sources,references,curation_effort&license=academic`
[2025-01-29 01:18:27] [SUCCESS] [OmnipathR] Loaded 81529 interactions from cache.
[2025-01-29 01:18:28] [TRACE]   [OmnipathR] Arguments for OmniPath query: [dorothea_levels=A,organisms=9606,query_type=interactions,datasets=dorothea]
[2025-01-29 01:18:29] [TRACE]   [OmnipathR] Organism(s): 9606
[2025-01-29 01:18:29] [TRACE]   [OmnipathR] Orthology targets: 
[2025-01-29 01:18:29] [TRACE]   [OmnipathR] Looking up in cache: `https://omnipathdb.org/interactions?genesymbols=yes&datasets=dorothea&organisms=9606&dorothea_levels=A&fields=sources,references,curation_effort,dorothea_level&license=academic`
[2025-01-29 01:18:29] [INFO]    [OmnipathR] Cache record does not exist: `https://omnipathdb.org/interactions?genesymbols=yes&datasets=dorothea&organisms=9606&dorothea_levels=A&fields=sources,references,curation_effort,dorothea_level&license=academic`
[2025-01-29 01:18:29] [TRACE]   [OmnipathR] Looking up in cache: `http://no-tls.omnipathdb.org/interactions?genesymbols=yes&datasets=dorothea&organisms=9606&dorothea_levels=A&fields=sources,references,curation_effort,dorothea_level&license=academic`
[2025-01-29 01:18:29] [INFO]    [OmnipathR] Cache record does not exist: `http://no-tls.omnipathdb.org/interactions?genesymbols=yes&datasets=dorothea&organisms=9606&dorothea_levels=A&fields=sources,references,curation_effort,dorothea_level&license=academic`
[2025-01-29 01:18:29] [TRACE]   [OmnipathR] Attempting `https://omnipathdb.org/interactions?genesymbols=yes&datasets=dorothea&organisms=9606&dorothea_levels=A&fields=sources,references,curation_effort,dorothea_level&license=academic`
[2025-01-29 01:18:29] [INFO]    [OmnipathR] Retrieving URL: `https://omnipathdb.org/interactions?genesymbols=yes&datasets=dorothea&organisms=9606&dorothea_levels=A&fields=sources,references,curation_effort,dorothea_level&license=academic`
[2025-01-29 01:18:29] [TRACE]   [OmnipathR] Attempt 1/3: `https://omnipathdb.org/interactions?genesymbols=yes&datasets=dorothea&organisms=9606&dorothea_levels=A&fields=sources,references,curation_effort,dorothea_level&license=academic`
[2025-01-29 01:18:30] [INFO]    [OmnipathR] Successfully retrieved: `https://omnipathdb.org/interactions?genesymbols=yes&datasets=dorothea&organisms=9606&dorothea_levels=A&fields=sources,references,curation_effort,dorothea_level&license=academic`
[2025-01-29 01:18:30] [TRACE]   [OmnipathR] Reading JSON from `/home/biocbuild/.cache/OmnipathR/cache.json` (encoding: UTF-8).
[2025-01-29 01:18:30] [TRACE]   [OmnipathR] JSON validation successful: TRUE
[2025-01-29 01:18:30] [TRACE]   [OmnipathR] Reading JSON from `/home/biocbuild/.cache/OmnipathR/cache.json` (encoding: UTF-8).
[2025-01-29 01:18:30] [TRACE]   [OmnipathR] JSON validation successful: TRUE
[2025-01-29 01:18:30] [INFO]    [OmnipathR] Cache item `64f0eaeec4b695e11e6f2abe93eff9d2b0dc8bff` version 1: status changed from `unknown` to `started`.
[2025-01-29 01:18:30] [TRACE]   [OmnipathR] Exporting object to RDS: `/home/biocbuild/.cache/OmnipathR/64f0eaeec4b695e11e6f2abe93eff9d2b0dc8bff-1.rds`.
[2025-01-29 01:18:30] [TRACE]   [OmnipathR] Exported RDS to `/home/biocbuild/.cache/OmnipathR/64f0eaeec4b695e11e6f2abe93eff9d2b0dc8bff-1.rds`.
[2025-01-29 01:18:30] [INFO]    [OmnipathR] Download ready [key=64f0eaeec4b695e11e6f2abe93eff9d2b0dc8bff, version=1]
[2025-01-29 01:18:30] [TRACE]   [OmnipathR] Reading JSON from `/home/biocbuild/.cache/OmnipathR/cache.json` (encoding: UTF-8).
[2025-01-29 01:18:30] [TRACE]   [OmnipathR] JSON validation successful: TRUE
[2025-01-29 01:18:30] [INFO]    [OmnipathR] Cache item `64f0eaeec4b695e11e6f2abe93eff9d2b0dc8bff` version 1: status changed from `started` to `ready`.
[2025-01-29 01:18:31] [SUCCESS] [OmnipathR] Downloaded 6127 interactions.
[2025-01-29 01:18:31] [TRACE]   [OmnipathR] Arguments for OmniPath query: [resources=[miR2Disease,miRDeathDB],query_type=interactions,datasets=mirnatarget]
[2025-01-29 01:18:31] [TRACE]   [OmnipathR] Organism(s): 9606
[2025-01-29 01:18:31] [TRACE]   [OmnipathR] Orthology targets: 
[2025-01-29 01:18:32] [TRACE]   [OmnipathR] Reading JSON from `https://omnipathdb.org/resources` (encoding: UTF-8).
[2025-01-29 01:18:32] [TRACE]   [OmnipathR] JSON validation successful: TRUE
[2025-01-29 01:18:32] [TRACE]   [OmnipathR] Looking up in cache: `https://omnipathdb.org/interactions?genesymbols=yes&resources=miR2Disease,miRDeathDB&datasets=mirnatarget&organisms=9606&fields=sources,references,curation_effort&license=academic`
[2025-01-29 01:18:32] [INFO]    [OmnipathR] Cache record does not exist: `https://omnipathdb.org/interactions?genesymbols=yes&resources=miR2Disease,miRDeathDB&datasets=mirnatarget&organisms=9606&fields=sources,references,curation_effort&license=academic`
[2025-01-29 01:18:32] [TRACE]   [OmnipathR] Looking up in cache: `http://no-tls.omnipathdb.org/interactions?genesymbols=yes&resources=miR2Disease,miRDeathDB&datasets=mirnatarget&organisms=9606&fields=sources,references,curation_effort&license=academic`
[2025-01-29 01:18:32] [INFO]    [OmnipathR] Cache record does not exist: `http://no-tls.omnipathdb.org/interactions?genesymbols=yes&resources=miR2Disease,miRDeathDB&datasets=mirnatarget&organisms=9606&fields=sources,references,curation_effort&license=academic`
[2025-01-29 01:18:32] [TRACE]   [OmnipathR] Attempting `https://omnipathdb.org/interactions?genesymbols=yes&resources=miR2Disease,miRDeathDB&datasets=mirnatarget&organisms=9606&fields=sources,references,curation_effort&license=academic`
[2025-01-29 01:18:32] [INFO]    [OmnipathR] Retrieving URL: `https://omnipathdb.org/interactions?genesymbols=yes&resources=miR2Disease,miRDeathDB&datasets=mirnatarget&organisms=9606&fields=sources,references,curation_effort&license=academic`
[2025-01-29 01:18:32] [TRACE]   [OmnipathR] Attempt 1/3: `https://omnipathdb.org/interactions?genesymbols=yes&resources=miR2Disease,miRDeathDB&datasets=mirnatarget&organisms=9606&fields=sources,references,curation_effort&license=academic`
[2025-01-29 01:18:33] [INFO]    [OmnipathR] Successfully retrieved: `https://omnipathdb.org/interactions?genesymbols=yes&resources=miR2Disease,miRDeathDB&datasets=mirnatarget&organisms=9606&fields=sources,references,curation_effort&license=academic`
[2025-01-29 01:18:33] [TRACE]   [OmnipathR] Reading JSON from `/home/biocbuild/.cache/OmnipathR/cache.json` (encoding: UTF-8).
[2025-01-29 01:18:33] [TRACE]   [OmnipathR] JSON validation successful: TRUE
[2025-01-29 01:18:33] [TRACE]   [OmnipathR] Reading JSON from `/home/biocbuild/.cache/OmnipathR/cache.json` (encoding: UTF-8).
[2025-01-29 01:18:33] [TRACE]   [OmnipathR] JSON validation successful: TRUE
[2025-01-29 01:18:33] [INFO]    [OmnipathR] Cache item `6fb27ffb4d0e53df1451b4f323099eab4e7b60ae` version 1: status changed from `unknown` to `started`.
[2025-01-29 01:18:33] [TRACE]   [OmnipathR] Exporting object to RDS: `/home/biocbuild/.cache/OmnipathR/6fb27ffb4d0e53df1451b4f323099eab4e7b60ae-1.rds`.
[2025-01-29 01:18:33] [TRACE]   [OmnipathR] Exported RDS to `/home/biocbuild/.cache/OmnipathR/6fb27ffb4d0e53df1451b4f323099eab4e7b60ae-1.rds`.
[2025-01-29 01:18:33] [INFO]    [OmnipathR] Download ready [key=6fb27ffb4d0e53df1451b4f323099eab4e7b60ae, version=1]
[2025-01-29 01:18:33] [TRACE]   [OmnipathR] Reading JSON from `/home/biocbuild/.cache/OmnipathR/cache.json` (encoding: UTF-8).
[2025-01-29 01:18:33] [TRACE]   [OmnipathR] JSON validation successful: TRUE
[2025-01-29 01:18:33] [INFO]    [OmnipathR] Cache item `6fb27ffb4d0e53df1451b4f323099eab4e7b60ae` version 1: status changed from `started` to `ready`.
[2025-01-29 01:18:33] [SUCCESS] [OmnipathR] Downloaded 716 interactions.
[2025-01-29 01:18:33] [TRACE]   [OmnipathR] Arguments for OmniPath query: [sources=TRAMETINIB,query_type=interactions,datasets=small_molecule]
[2025-01-29 01:18:33] [TRACE]   [OmnipathR] Organism(s): 9606
[2025-01-29 01:18:33] [TRACE]   [OmnipathR] Orthology targets: 
[2025-01-29 01:18:33] [TRACE]   [OmnipathR] Looking up in cache: `https://omnipathdb.org/interactions?genesymbols=yes&datasets=small_molecule&organisms=9606&fields=sources,references,curation_effort&sources=TRAMETINIB&license=academic`
[2025-01-29 01:18:33] [INFO]    [OmnipathR] Cache record does not exist: `https://omnipathdb.org/interactions?genesymbols=yes&datasets=small_molecule&organisms=9606&fields=sources,references,curation_effort&sources=TRAMETINIB&license=academic`
[2025-01-29 01:18:33] [TRACE]   [OmnipathR] Looking up in cache: `http://no-tls.omnipathdb.org/interactions?genesymbols=yes&datasets=small_molecule&organisms=9606&fields=sources,references,curation_effort&sources=TRAMETINIB&license=academic`
[2025-01-29 01:18:33] [INFO]    [OmnipathR] Cache record does not exist: `http://no-tls.omnipathdb.org/interactions?genesymbols=yes&datasets=small_molecule&organisms=9606&fields=sources,references,curation_effort&sources=TRAMETINIB&license=academic`
[2025-01-29 01:18:33] [TRACE]   [OmnipathR] Attempting `https://omnipathdb.org/interactions?genesymbols=yes&datasets=small_molecule&organisms=9606&fields=sources,references,curation_effort&sources=TRAMETINIB&license=academic`
[2025-01-29 01:18:33] [INFO]    [OmnipathR] Retrieving URL: `https://omnipathdb.org/interactions?genesymbols=yes&datasets=small_molecule&organisms=9606&fields=sources,references,curation_effort&sources=TRAMETINIB&license=academic`
[2025-01-29 01:18:34] [TRACE]   [OmnipathR] Attempt 1/3: `https://omnipathdb.org/interactions?genesymbols=yes&datasets=small_molecule&organisms=9606&fields=sources,references,curation_effort&sources=TRAMETINIB&license=academic`
[2025-01-29 01:18:34] [INFO]    [OmnipathR] Successfully retrieved: `https://omnipathdb.org/interactions?genesymbols=yes&datasets=small_molecule&organisms=9606&fields=sources,references,curation_effort&sources=TRAMETINIB&license=academic`
[2025-01-29 01:18:34] [TRACE]   [OmnipathR] Reading JSON from `/home/biocbuild/.cache/OmnipathR/cache.json` (encoding: UTF-8).
[2025-01-29 01:18:34] [TRACE]   [OmnipathR] JSON validation successful: TRUE
[2025-01-29 01:18:34] [TRACE]   [OmnipathR] Reading JSON from `/home/biocbuild/.cache/OmnipathR/cache.json` (encoding: UTF-8).
[2025-01-29 01:18:34] [TRACE]   [OmnipathR] JSON validation successful: TRUE
[2025-01-29 01:18:34] [INFO]    [OmnipathR] Cache item `c8829fb056a995e6935c4c5f23770852f8035247` version 1: status changed from `unknown` to `started`.
[2025-01-29 01:18:34] [TRACE]   [OmnipathR] Exporting object to RDS: `/home/biocbuild/.cache/OmnipathR/c8829fb056a995e6935c4c5f23770852f8035247-1.rds`.
[2025-01-29 01:18:34] [TRACE]   [OmnipathR] Exported RDS to `/home/biocbuild/.cache/OmnipathR/c8829fb056a995e6935c4c5f23770852f8035247-1.rds`.
[2025-01-29 01:18:34] [INFO]    [OmnipathR] Download ready [key=c8829fb056a995e6935c4c5f23770852f8035247, version=1]
[2025-01-29 01:18:34] [TRACE]   [OmnipathR] Reading JSON from `/home/biocbuild/.cache/OmnipathR/cache.json` (encoding: UTF-8).
[2025-01-29 01:18:34] [TRACE]   [OmnipathR] JSON validation successful: TRUE
[2025-01-29 01:18:34] [INFO]    [OmnipathR] Cache item `c8829fb056a995e6935c4c5f23770852f8035247` version 1: status changed from `started` to `ready`.
[2025-01-29 01:18:35] [SUCCESS] [OmnipathR] Downloaded 32 interactions.
[2025-01-29 01:18:36] [TRACE]   [OmnipathR] Reading JSON from `https://omnipathdb.org/resources` (encoding: UTF-8).
[2025-01-29 01:18:36] [TRACE]   [OmnipathR] JSON validation successful: TRUE
[2025-01-29 01:18:36] [TRACE]   [OmnipathR] Arguments for OmniPath query: [query_type=enzsub]
[2025-01-29 01:18:36] [TRACE]   [OmnipathR] Organism(s): 9606
[2025-01-29 01:18:36] [TRACE]   [OmnipathR] Orthology targets: 
[2025-01-29 01:18:36] [TRACE]   [OmnipathR] Looking up in cache: `https://omnipathdb.org/enzsub?genesymbols=yes&organisms=9606&fields=sources,references,curation_effort&license=academic`
[2025-01-29 01:18:36] [TRACE]   [OmnipathR] Loaded data from RDS `/home/biocbuild/.cache/OmnipathR/a6f560033dff45b503a8016c14c974c4c04b5967-1.rds`.
[2025-01-29 01:18:36] [INFO]    [OmnipathR] Loaded from cache: `https://omnipathdb.org/enzsub?genesymbols=yes&organisms=9606&fields=sources,references,curation_effort&license=academic`
[2025-01-29 01:18:39] [SUCCESS] [OmnipathR] Loaded 43269 enzyme-substrate relationships from cache.
[2025-01-29 01:18:39] [TRACE]   [OmnipathR] Arguments for OmniPath query: [datasets=omnipath]
[2025-01-29 01:18:39] [TRACE]   [OmnipathR] Arguments for OmniPath query: [datasets=omnipath,query_type=interactions]
[2025-01-29 01:18:39] [TRACE]   [OmnipathR] Organism(s): 9606
[2025-01-29 01:18:39] [TRACE]   [OmnipathR] Orthology targets: 
[2025-01-29 01:18:39] [TRACE]   [OmnipathR] Looking up in cache: `https://omnipathdb.org/interactions?genesymbols=yes&datasets=omnipath&organisms=9606&fields=sources,references,curation_effort&license=academic`
[2025-01-29 01:18:39] [TRACE]   [OmnipathR] Loaded data from RDS `/home/biocbuild/.cache/OmnipathR/a7b21d9d80a3837a50268df16d168128fc1c6ede-1.rds`.
[2025-01-29 01:18:39] [INFO]    [OmnipathR] Loaded from cache: `https://omnipathdb.org/interactions?genesymbols=yes&datasets=omnipath&organisms=9606&fields=sources,references,curation_effort&license=academic`
[2025-01-29 01:18:44] [SUCCESS] [OmnipathR] Loaded 81529 interactions from cache.
[2025-01-29 01:18:45] [TRACE]   [OmnipathR] Arguments for OmniPath query: [resources=[PhosphoSite,SIGNOR],organisms=10090,query_type=enzsub]
[2025-01-29 01:18:45] [TRACE]   [OmnipathR] Organism(s): 10090
[2025-01-29 01:18:45] [TRACE]   [OmnipathR] Orthology targets: 
[2025-01-29 01:18:46] [TRACE]   [OmnipathR] Reading JSON from `https://omnipathdb.org/resources` (encoding: UTF-8).
[2025-01-29 01:18:46] [TRACE]   [OmnipathR] JSON validation successful: TRUE
[2025-01-29 01:18:46] [TRACE]   [OmnipathR] Looking up in cache: `https://omnipathdb.org/enzsub?genesymbols=yes&resources=PhosphoSite,SIGNOR&organisms=10090&fields=sources,references,curation_effort&license=academic`
[2025-01-29 01:18:46] [INFO]    [OmnipathR] Cache record does not exist: `https://omnipathdb.org/enzsub?genesymbols=yes&resources=PhosphoSite,SIGNOR&organisms=10090&fields=sources,references,curation_effort&license=academic`
[2025-01-29 01:18:46] [TRACE]   [OmnipathR] Looking up in cache: `http://no-tls.omnipathdb.org/enzsub?genesymbols=yes&resources=PhosphoSite,SIGNOR&organisms=10090&fields=sources,references,curation_effort&license=academic`
[2025-01-29 01:18:46] [INFO]    [OmnipathR] Cache record does not exist: `http://no-tls.omnipathdb.org/enzsub?genesymbols=yes&resources=PhosphoSite,SIGNOR&organisms=10090&fields=sources,references,curation_effort&license=academic`
[2025-01-29 01:18:46] [TRACE]   [OmnipathR] Attempting `https://omnipathdb.org/enzsub?genesymbols=yes&resources=PhosphoSite,SIGNOR&organisms=10090&fields=sources,references,curation_effort&license=academic`
[2025-01-29 01:18:46] [INFO]    [OmnipathR] Retrieving URL: `https://omnipathdb.org/enzsub?genesymbols=yes&resources=PhosphoSite,SIGNOR&organisms=10090&fields=sources,references,curation_effort&license=academic`
[2025-01-29 01:18:46] [TRACE]   [OmnipathR] Attempt 1/3: `https://omnipathdb.org/enzsub?genesymbols=yes&resources=PhosphoSite,SIGNOR&organisms=10090&fields=sources,references,curation_effort&license=academic`
[2025-01-29 01:18:48] [INFO]    [OmnipathR] Successfully retrieved: `https://omnipathdb.org/enzsub?genesymbols=yes&resources=PhosphoSite,SIGNOR&organisms=10090&fields=sources,references,curation_effort&license=academic`
[2025-01-29 01:18:48] [TRACE]   [OmnipathR] Reading JSON from `/home/biocbuild/.cache/OmnipathR/cache.json` (encoding: UTF-8).
[2025-01-29 01:18:48] [TRACE]   [OmnipathR] JSON validation successful: TRUE
[2025-01-29 01:18:48] [TRACE]   [OmnipathR] Reading JSON from `/home/biocbuild/.cache/OmnipathR/cache.json` (encoding: UTF-8).
[2025-01-29 01:18:48] [TRACE]   [OmnipathR] JSON validation successful: TRUE
[2025-01-29 01:18:48] [INFO]    [OmnipathR] Cache item `bce37a583e5f0da0390efc677c66c09007c26b09` version 1: status changed from `unknown` to `started`.
[2025-01-29 01:18:48] [TRACE]   [OmnipathR] Exporting object to RDS: `/home/biocbuild/.cache/OmnipathR/bce37a583e5f0da0390efc677c66c09007c26b09-1.rds`.
[2025-01-29 01:18:48] [TRACE]   [OmnipathR] Exported RDS to `/home/biocbuild/.cache/OmnipathR/bce37a583e5f0da0390efc677c66c09007c26b09-1.rds`.
[2025-01-29 01:18:48] [INFO]    [OmnipathR] Download ready [key=bce37a583e5f0da0390efc677c66c09007c26b09, version=1]
[2025-01-29 01:18:48] [TRACE]   [OmnipathR] Reading JSON from `/home/biocbuild/.cache/OmnipathR/cache.json` (encoding: UTF-8).
[2025-01-29 01:18:48] [TRACE]   [OmnipathR] JSON validation successful: TRUE
[2025-01-29 01:18:48] [INFO]    [OmnipathR] Cache item `bce37a583e5f0da0390efc677c66c09007c26b09` version 1: status changed from `started` to `ready`.
[2025-01-29 01:18:49] [SUCCESS] [OmnipathR] Downloaded 17826 enzyme-substrate relationships.
[2025-01-29 01:18:50] [TRACE]   [OmnipathR] Reading JSON from `https://omnipathdb.org/resources` (encoding: UTF-8).
[2025-01-29 01:18:50] [TRACE]   [OmnipathR] JSON validation successful: TRUE
[2025-01-29 01:18:50] [TRACE]   [OmnipathR] Arguments for OmniPath query: [resources=[CORUM,hu.MAP],query_type=complexes]
[2025-01-29 01:18:50] [TRACE]   [OmnipathR] Organism(s): 9606
[2025-01-29 01:18:50] [TRACE]   [OmnipathR] Orthology targets: 
[2025-01-29 01:18:51] [TRACE]   [OmnipathR] Reading JSON from `https://omnipathdb.org/resources` (encoding: UTF-8).
[2025-01-29 01:18:51] [TRACE]   [OmnipathR] JSON validation successful: TRUE
[2025-01-29 01:18:52] [TRACE]   [OmnipathR] Looking up in cache: `https://omnipathdb.org/complexes?resources=CORUM,hu.MAP&license=academic`
[2025-01-29 01:18:52] [INFO]    [OmnipathR] Cache record does not exist: `https://omnipathdb.org/complexes?resources=CORUM,hu.MAP&license=academic`
[2025-01-29 01:18:52] [TRACE]   [OmnipathR] Looking up in cache: `http://no-tls.omnipathdb.org/complexes?resources=CORUM,hu.MAP&license=academic`
[2025-01-29 01:18:52] [INFO]    [OmnipathR] Cache record does not exist: `http://no-tls.omnipathdb.org/complexes?resources=CORUM,hu.MAP&license=academic`
[2025-01-29 01:18:52] [TRACE]   [OmnipathR] Attempting `https://omnipathdb.org/complexes?resources=CORUM,hu.MAP&license=academic`
[2025-01-29 01:18:52] [INFO]    [OmnipathR] Retrieving URL: `https://omnipathdb.org/complexes?resources=CORUM,hu.MAP&license=academic`
[2025-01-29 01:18:52] [TRACE]   [OmnipathR] Attempt 1/3: `https://omnipathdb.org/complexes?resources=CORUM,hu.MAP&license=academic`
[2025-01-29 01:18:53] [INFO]    [OmnipathR] Successfully retrieved: `https://omnipathdb.org/complexes?resources=CORUM,hu.MAP&license=academic`
[2025-01-29 01:18:53] [TRACE]   [OmnipathR] Reading JSON from `/home/biocbuild/.cache/OmnipathR/cache.json` (encoding: UTF-8).
[2025-01-29 01:18:53] [TRACE]   [OmnipathR] JSON validation successful: TRUE
[2025-01-29 01:18:53] [TRACE]   [OmnipathR] Reading JSON from `/home/biocbuild/.cache/OmnipathR/cache.json` (encoding: UTF-8).
[2025-01-29 01:18:53] [TRACE]   [OmnipathR] JSON validation successful: TRUE
[2025-01-29 01:18:53] [INFO]    [OmnipathR] Cache item `d9d7d22ab08109542a41373aee9f37f4a6e4f1a5` version 1: status changed from `unknown` to `started`.
[2025-01-29 01:18:53] [TRACE]   [OmnipathR] Exporting object to RDS: `/home/biocbuild/.cache/OmnipathR/d9d7d22ab08109542a41373aee9f37f4a6e4f1a5-1.rds`.
[2025-01-29 01:18:53] [TRACE]   [OmnipathR] Exported RDS to `/home/biocbuild/.cache/OmnipathR/d9d7d22ab08109542a41373aee9f37f4a6e4f1a5-1.rds`.
[2025-01-29 01:18:53] [INFO]    [OmnipathR] Download ready [key=d9d7d22ab08109542a41373aee9f37f4a6e4f1a5, version=1]
[2025-01-29 01:18:53] [TRACE]   [OmnipathR] Reading JSON from `/home/biocbuild/.cache/OmnipathR/cache.json` (encoding: UTF-8).
[2025-01-29 01:18:53] [TRACE]   [OmnipathR] JSON validation successful: TRUE
[2025-01-29 01:18:53] [INFO]    [OmnipathR] Cache item `d9d7d22ab08109542a41373aee9f37f4a6e4f1a5` version 1: status changed from `started` to `ready`.
[2025-01-29 01:18:53] [SUCCESS] [OmnipathR] Downloaded 7194 protein complexes.

Quitting from lines 594-611 [enrichment] (omnipath_intro.Rmd)
Error: processing vignette 'omnipath_intro.Rmd' failed with diagnostics:
There's an issue with your request to g:Profiler.
Error code: 301.
Please double check your input. If this doesn't help, then check your internet connection or contact us with a reproducible example on biit.support@ut.ee
--- failed re-building ‘omnipath_intro.Rmd’

--- re-building ‘paths.Rmd’ using rmarkdown
[2025-01-29 01:18:56] [TRACE]   [OmnipathR] Arguments for OmniPath query: [wide=FALSE,resources=TFcensus,entity_types=protein,query_type=annotations]
[2025-01-29 01:18:56] [TRACE]   [OmnipathR] Organism(s): 9606
[2025-01-29 01:18:56] [TRACE]   [OmnipathR] Orthology targets: 
[2025-01-29 01:18:57] [TRACE]   [OmnipathR] Reading JSON from `https://omnipathdb.org/resources` (encoding: UTF-8).
[2025-01-29 01:18:57] [TRACE]   [OmnipathR] JSON validation successful: TRUE
[2025-01-29 01:18:57] [TRACE]   [OmnipathR] Looking up in cache: `https://omnipathdb.org/annotations?resources=TFcensus&entity_types=protein&license=academic`
[2025-01-29 01:18:57] [INFO]    [OmnipathR] Cache record does not exist: `https://omnipathdb.org/annotations?resources=TFcensus&entity_types=protein&license=academic`
[2025-01-29 01:18:57] [TRACE]   [OmnipathR] Looking up in cache: `http://no-tls.omnipathdb.org/annotations?resources=TFcensus&entity_types=protein&license=academic`
[2025-01-29 01:18:57] [INFO]    [OmnipathR] Cache record does not exist: `http://no-tls.omnipathdb.org/annotations?resources=TFcensus&entity_types=protein&license=academic`
[2025-01-29 01:18:57] [TRACE]   [OmnipathR] Attempting `https://omnipathdb.org/annotations?resources=TFcensus&entity_types=protein&license=academic`
[2025-01-29 01:18:57] [INFO]    [OmnipathR] Retrieving URL: `https://omnipathdb.org/annotations?resources=TFcensus&entity_types=protein&license=academic`
[2025-01-29 01:18:57] [TRACE]   [OmnipathR] Attempt 1/3: `https://omnipathdb.org/annotations?resources=TFcensus&entity_types=protein&license=academic`
[2025-01-29 01:18:58] [INFO]    [OmnipathR] Successfully retrieved: `https://omnipathdb.org/annotations?resources=TFcensus&entity_types=protein&license=academic`
[2025-01-29 01:18:58] [TRACE]   [OmnipathR] Reading JSON from `/home/biocbuild/.cache/OmnipathR/cache.json` (encoding: UTF-8).
[2025-01-29 01:18:58] [TRACE]   [OmnipathR] JSON validation successful: TRUE
[2025-01-29 01:18:58] [TRACE]   [OmnipathR] Reading JSON from `/home/biocbuild/.cache/OmnipathR/cache.json` (encoding: UTF-8).
[2025-01-29 01:18:58] [TRACE]   [OmnipathR] JSON validation successful: TRUE
[2025-01-29 01:18:58] [INFO]    [OmnipathR] Cache item `20f47c37df19181b9818be11b36773e366a53732` version 1: status changed from `unknown` to `started`.
[2025-01-29 01:18:58] [TRACE]   [OmnipathR] Exporting object to RDS: `/home/biocbuild/.cache/OmnipathR/20f47c37df19181b9818be11b36773e366a53732-1.rds`.
[2025-01-29 01:18:58] [TRACE]   [OmnipathR] Exported RDS to `/home/biocbuild/.cache/OmnipathR/20f47c37df19181b9818be11b36773e366a53732-1.rds`.
[2025-01-29 01:18:58] [INFO]    [OmnipathR] Download ready [key=20f47c37df19181b9818be11b36773e366a53732, version=1]
[2025-01-29 01:18:58] [TRACE]   [OmnipathR] Reading JSON from `/home/biocbuild/.cache/OmnipathR/cache.json` (encoding: UTF-8).
[2025-01-29 01:18:58] [TRACE]   [OmnipathR] JSON validation successful: TRUE
[2025-01-29 01:18:58] [INFO]    [OmnipathR] Cache item `20f47c37df19181b9818be11b36773e366a53732` version 1: status changed from `started` to `ready`.
[2025-01-29 01:18:58] [SUCCESS] [OmnipathR] Downloaded 3099 annotation records.
[2025-01-29 01:18:58] [TRACE]   [OmnipathR] Looking up in cache: `https://static-content.springer.com/esm/art%3A10.1038%2Fnrg2538/MediaObjects/41576_2009_BFnrg2538_MOESM6_ESM.txt`.
[2025-01-29 01:18:58] [INFO]    [OmnipathR] Cache record does not exist: `https://static-content.springer.com/esm/art%3A10.1038%2Fnrg2538/MediaObjects/41576_2009_BFnrg2538_MOESM6_ESM.txt`
[2025-01-29 01:18:58] [TRACE]   [OmnipathR] Could not find in cache, initiating download: `https://static-content.springer.com/esm/art%3A10.1038%2Fnrg2538/MediaObjects/41576_2009_BFnrg2538_MOESM6_ESM.txt`.
[2025-01-29 01:18:58] [TRACE]   [OmnipathR] Reading JSON from `/home/biocbuild/.cache/OmnipathR/cache.json` (encoding: UTF-8).
[2025-01-29 01:18:58] [TRACE]   [OmnipathR] JSON validation successful: TRUE
[2025-01-29 01:18:58] [TRACE]   [OmnipathR] Reading JSON from `/home/biocbuild/.cache/OmnipathR/cache.json` (encoding: UTF-8).
[2025-01-29 01:18:58] [TRACE]   [OmnipathR] JSON validation successful: TRUE
[2025-01-29 01:18:58] [INFO]    [OmnipathR] Cache item `c36e2a3cf4ebcaf5e345791be4cbd2eeb374ddf8` version 1: status changed from `unknown` to `started`.
[2025-01-29 01:18:58] [TRACE]   [OmnipathR] Exporting object to RDS: `/home/biocbuild/.cache/OmnipathR/c36e2a3cf4ebcaf5e345791be4cbd2eeb374ddf8-1.rds`.
[2025-01-29 01:18:58] [INFO]    [OmnipathR] Retrieving URL: `https://static-content.springer.com/esm/art%3A10.1038%2Fnrg2538/MediaObjects/41576_2009_BFnrg2538_MOESM6_ESM.txt`
[2025-01-29 01:18:58] [TRACE]   [OmnipathR] Attempt 1/3: `https://static-content.springer.com/esm/art%3A10.1038%2Fnrg2538/MediaObjects/41576_2009_BFnrg2538_MOESM6_ESM.txt`
[2025-01-29 01:19:02] [TRACE]   [OmnipathR] Exported RDS to `/home/biocbuild/.cache/OmnipathR/c36e2a3cf4ebcaf5e345791be4cbd2eeb374ddf8-1.rds`.
[2025-01-29 01:19:02] [INFO]    [OmnipathR] Download ready [key=c36e2a3cf4ebcaf5e345791be4cbd2eeb374ddf8, version=1]
[2025-01-29 01:19:02] [TRACE]   [OmnipathR] Reading JSON from `/home/biocbuild/.cache/OmnipathR/cache.json` (encoding: UTF-8).
[2025-01-29 01:19:02] [TRACE]   [OmnipathR] JSON validation successful: TRUE
[2025-01-29 01:19:02] [INFO]    [OmnipathR] Cache item `c36e2a3cf4ebcaf5e345791be4cbd2eeb374ddf8` version 1: status changed from `started` to `ready`.
[2025-01-29 01:19:02] [SUCCESS] [OmnipathR] TF census (static-content.springer.com): downloaded 1987 records
[2025-01-29 01:19:02] [TRACE]   [OmnipathR] Arguments for OmniPath query: [dorothea_levels=[A,B,C],entity_types=protein,query_type=interactions]
[2025-01-29 01:19:02] [TRACE]   [OmnipathR] Organism(s): 9606
[2025-01-29 01:19:02] [TRACE]   [OmnipathR] Orthology targets: 
[2025-01-29 01:19:02] [TRACE]   [OmnipathR] Looking up in cache: `https://omnipathdb.org/interactions?genesymbols=yes&datasets=dorothea,tf_target,collectri&organisms=9606&dorothea_levels=A,B,C&fields=sources,references,curation_effort,dorothea_level&entity_types=protein&license=academic`
[2025-01-29 01:19:02] [INFO]    [OmnipathR] Cache record does not exist: `https://omnipathdb.org/interactions?genesymbols=yes&datasets=dorothea,tf_target,collectri&organisms=9606&dorothea_levels=A,B,C&fields=sources,references,curation_effort,dorothea_level&entity_types=protein&license=academic`
[2025-01-29 01:19:02] [TRACE]   [OmnipathR] Looking up in cache: `http://no-tls.omnipathdb.org/interactions?genesymbols=yes&datasets=dorothea,tf_target,collectri&organisms=9606&dorothea_levels=A,B,C&fields=sources,references,curation_effort,dorothea_level&entity_types=protein&license=academic`
[2025-01-29 01:19:02] [INFO]    [OmnipathR] Cache record does not exist: `http://no-tls.omnipathdb.org/interactions?genesymbols=yes&datasets=dorothea,tf_target,collectri&organisms=9606&dorothea_levels=A,B,C&fields=sources,references,curation_effort,dorothea_level&entity_types=protein&license=academic`
[2025-01-29 01:19:02] [TRACE]   [OmnipathR] Attempting `https://omnipathdb.org/interactions?genesymbols=yes&datasets=dorothea,tf_target,collectri&organisms=9606&dorothea_levels=A,B,C&fields=sources,references,curation_effort,dorothea_level&entity_types=protein&license=academic`
[2025-01-29 01:19:02] [INFO]    [OmnipathR] Retrieving URL: `https://omnipathdb.org/interactions?genesymbols=yes&datasets=dorothea,tf_target,collectri&organisms=9606&dorothea_levels=A,B,C&fields=sources,references,curation_effort,dorothea_level&entity_types=protein&license=academic`
[2025-01-29 01:19:02] [TRACE]   [OmnipathR] Attempt 1/3: `https://omnipathdb.org/interactions?genesymbols=yes&datasets=dorothea,tf_target,collectri&organisms=9606&dorothea_levels=A,B,C&fields=sources,references,curation_effort,dorothea_level&entity_types=protein&license=academic`
[2025-01-29 01:19:04] [INFO]    [OmnipathR] Successfully retrieved: `https://omnipathdb.org/interactions?genesymbols=yes&datasets=dorothea,tf_target,collectri&organisms=9606&dorothea_levels=A,B,C&fields=sources,references,curation_effort,dorothea_level&entity_types=protein&license=academic`
[2025-01-29 01:19:04] [TRACE]   [OmnipathR] Reading JSON from `/home/biocbuild/.cache/OmnipathR/cache.json` (encoding: UTF-8).
[2025-01-29 01:19:04] [TRACE]   [OmnipathR] JSON validation successful: TRUE
[2025-01-29 01:19:04] [TRACE]   [OmnipathR] Reading JSON from `/home/biocbuild/.cache/OmnipathR/cache.json` (encoding: UTF-8).
[2025-01-29 01:19:04] [TRACE]   [OmnipathR] JSON validation successful: TRUE
[2025-01-29 01:19:04] [INFO]    [OmnipathR] Cache item `6a345040ad2eaef2ab94e12a1b14630e991963ba` version 1: status changed from `unknown` to `started`.
[2025-01-29 01:19:04] [TRACE]   [OmnipathR] Exporting object to RDS: `/home/biocbuild/.cache/OmnipathR/6a345040ad2eaef2ab94e12a1b14630e991963ba-1.rds`.
[2025-01-29 01:19:05] [TRACE]   [OmnipathR] Exported RDS to `/home/biocbuild/.cache/OmnipathR/6a345040ad2eaef2ab94e12a1b14630e991963ba-1.rds`.
[2025-01-29 01:19:05] [INFO]    [OmnipathR] Download ready [key=6a345040ad2eaef2ab94e12a1b14630e991963ba, version=1]
[2025-01-29 01:19:05] [TRACE]   [OmnipathR] Reading JSON from `/home/biocbuild/.cache/OmnipathR/cache.json` (encoding: UTF-8).
[2025-01-29 01:19:05] [TRACE]   [OmnipathR] JSON validation successful: TRUE
[2025-01-29 01:19:05] [INFO]    [OmnipathR] Cache item `6a345040ad2eaef2ab94e12a1b14630e991963ba` version 1: status changed from `started` to `ready`.
[2025-01-29 01:19:13] [SUCCESS] [OmnipathR] Downloaded 121170 interactions.
[2025-01-29 01:19:13] [TRACE]   [OmnipathR] Arguments for OmniPath query: [wide=TRUE,resources=[Ramilowski_location,UniProt_location,HPA_subcellular],entity_types=protein,query_type=annotations]
[2025-01-29 01:19:13] [TRACE]   [OmnipathR] Organism(s): 9606
[2025-01-29 01:19:13] [TRACE]   [OmnipathR] Orthology targets: 
[2025-01-29 01:19:14] [TRACE]   [OmnipathR] Reading JSON from `https://omnipathdb.org/resources` (encoding: UTF-8).
[2025-01-29 01:19:14] [TRACE]   [OmnipathR] JSON validation successful: TRUE
[2025-01-29 01:19:14] [TRACE]   [OmnipathR] Looking up in cache: `https://omnipathdb.org/annotations?resources=Ramilowski_location,UniProt_location,HPA_subcellular&entity_types=protein&license=academic`
[2025-01-29 01:19:14] [INFO]    [OmnipathR] Cache record does not exist: `https://omnipathdb.org/annotations?resources=Ramilowski_location,UniProt_location,HPA_subcellular&entity_types=protein&license=academic`
[2025-01-29 01:19:14] [TRACE]   [OmnipathR] Looking up in cache: `http://no-tls.omnipathdb.org/annotations?resources=Ramilowski_location,UniProt_location,HPA_subcellular&entity_types=protein&license=academic`
[2025-01-29 01:19:14] [INFO]    [OmnipathR] Cache record does not exist: `http://no-tls.omnipathdb.org/annotations?resources=Ramilowski_location,UniProt_location,HPA_subcellular&entity_types=protein&license=academic`
[2025-01-29 01:19:14] [TRACE]   [OmnipathR] Attempting `https://omnipathdb.org/annotations?resources=Ramilowski_location,UniProt_location,HPA_subcellular&entity_types=protein&license=academic`
[2025-01-29 01:19:14] [INFO]    [OmnipathR] Retrieving URL: `https://omnipathdb.org/annotations?resources=Ramilowski_location,UniProt_location,HPA_subcellular&entity_types=protein&license=academic`
[2025-01-29 01:19:14] [TRACE]   [OmnipathR] Attempt 1/3: `https://omnipathdb.org/annotations?resources=Ramilowski_location,UniProt_location,HPA_subcellular&entity_types=protein&license=academic`
[2025-01-29 01:19:16] [INFO]    [OmnipathR] Successfully retrieved: `https://omnipathdb.org/annotations?resources=Ramilowski_location,UniProt_location,HPA_subcellular&entity_types=protein&license=academic`
[2025-01-29 01:19:16] [TRACE]   [OmnipathR] Reading JSON from `/home/biocbuild/.cache/OmnipathR/cache.json` (encoding: UTF-8).
[2025-01-29 01:19:16] [TRACE]   [OmnipathR] JSON validation successful: TRUE
[2025-01-29 01:19:16] [TRACE]   [OmnipathR] Reading JSON from `/home/biocbuild/.cache/OmnipathR/cache.json` (encoding: UTF-8).
[2025-01-29 01:19:16] [TRACE]   [OmnipathR] JSON validation successful: TRUE
[2025-01-29 01:19:16] [INFO]    [OmnipathR] Cache item `d22e19552744752ac693b8572b5e500433b4f65b` version 1: status changed from `unknown` to `started`.
[2025-01-29 01:19:17] [TRACE]   [OmnipathR] Exporting object to RDS: `/home/biocbuild/.cache/OmnipathR/d22e19552744752ac693b8572b5e500433b4f65b-1.rds`.
[2025-01-29 01:19:18] [TRACE]   [OmnipathR] Exported RDS to `/home/biocbuild/.cache/OmnipathR/d22e19552744752ac693b8572b5e500433b4f65b-1.rds`.
[2025-01-29 01:19:18] [INFO]    [OmnipathR] Download ready [key=d22e19552744752ac693b8572b5e500433b4f65b, version=1]
[2025-01-29 01:19:18] [TRACE]   [OmnipathR] Reading JSON from `/home/biocbuild/.cache/OmnipathR/cache.json` (encoding: UTF-8).
[2025-01-29 01:19:18] [TRACE]   [OmnipathR] JSON validation successful: TRUE
[2025-01-29 01:19:18] [INFO]    [OmnipathR] Cache item `d22e19552744752ac693b8572b5e500433b4f65b` version 1: status changed from `started` to `ready`.
[2025-01-29 01:19:18] [SUCCESS] [OmnipathR] Downloaded 353573 annotation records.
[2025-01-29 01:19:19] [TRACE]   [OmnipathR] Organism(s): 9606
[2025-01-29 01:19:19] [TRACE]   [OmnipathR] Orthology targets: 
[2025-01-29 01:19:19] [TRACE]   [OmnipathR] Looking up in cache: `https://omnipathdb.org/intercell?entity_types=protein&parent=ligand&topology=secreted&license=academic`
[2025-01-29 01:19:19] [INFO]    [OmnipathR] Cache record does not exist: `https://omnipathdb.org/intercell?entity_types=protein&parent=ligand&topology=secreted&license=academic`
[2025-01-29 01:19:19] [TRACE]   [OmnipathR] Looking up in cache: `http://no-tls.omnipathdb.org/intercell?entity_types=protein&parent=ligand&topology=secreted&license=academic`
[2025-01-29 01:19:19] [INFO]    [OmnipathR] Cache record does not exist: `http://no-tls.omnipathdb.org/intercell?entity_types=protein&parent=ligand&topology=secreted&license=academic`
[2025-01-29 01:19:19] [TRACE]   [OmnipathR] Attempting `https://omnipathdb.org/intercell?entity_types=protein&parent=ligand&topology=secreted&license=academic`
[2025-01-29 01:19:19] [INFO]    [OmnipathR] Retrieving URL: `https://omnipathdb.org/intercell?entity_types=protein&parent=ligand&topology=secreted&license=academic`
[2025-01-29 01:19:19] [TRACE]   [OmnipathR] Attempt 1/3: `https://omnipathdb.org/intercell?entity_types=protein&parent=ligand&topology=secreted&license=academic`
[2025-01-29 01:19:20] [INFO]    [OmnipathR] Successfully retrieved: `https://omnipathdb.org/intercell?entity_types=protein&parent=ligand&topology=secreted&license=academic`
[2025-01-29 01:19:20] [TRACE]   [OmnipathR] Reading JSON from `/home/biocbuild/.cache/OmnipathR/cache.json` (encoding: UTF-8).
[2025-01-29 01:19:20] [TRACE]   [OmnipathR] JSON validation successful: TRUE
[2025-01-29 01:19:20] [TRACE]   [OmnipathR] Reading JSON from `/home/biocbuild/.cache/OmnipathR/cache.json` (encoding: UTF-8).
[2025-01-29 01:19:20] [TRACE]   [OmnipathR] JSON validation successful: TRUE
[2025-01-29 01:19:20] [INFO]    [OmnipathR] Cache item `8b4df10feeee656d8460263705d94f8a1d129497` version 1: status changed from `unknown` to `started`.
[2025-01-29 01:19:20] [TRACE]   [OmnipathR] Exporting object to RDS: `/home/biocbuild/.cache/OmnipathR/8b4df10feeee656d8460263705d94f8a1d129497-1.rds`.
[2025-01-29 01:19:20] [TRACE]   [OmnipathR] Exported RDS to `/home/biocbuild/.cache/OmnipathR/8b4df10feeee656d8460263705d94f8a1d129497-1.rds`.
[2025-01-29 01:19:20] [INFO]    [OmnipathR] Download ready [key=8b4df10feeee656d8460263705d94f8a1d129497, version=1]
[2025-01-29 01:19:20] [TRACE]   [OmnipathR] Reading JSON from `/home/biocbuild/.cache/OmnipathR/cache.json` (encoding: UTF-8).
[2025-01-29 01:19:20] [TRACE]   [OmnipathR] JSON validation successful: TRUE
[2025-01-29 01:19:20] [INFO]    [OmnipathR] Cache item `8b4df10feeee656d8460263705d94f8a1d129497` version 1: status changed from `started` to `ready`.
[2025-01-29 01:19:20] [SUCCESS] [OmnipathR] Downloaded 10040 intercellular communication role records.
[2025-01-29 01:19:20] [TRACE]   [OmnipathR] Organism(s): 9606
[2025-01-29 01:19:20] [TRACE]   [OmnipathR] Orthology targets: 
[2025-01-29 01:19:20] [TRACE]   [OmnipathR] Looking up in cache: `https://omnipathdb.org/intercell?aspect=locational&parent=secreted,plasma_membrane_transmembrane,plasma_membrane_peripheral&license=academic`
[2025-01-29 01:19:20] [INFO]    [OmnipathR] Cache record does not exist: `https://omnipathdb.org/intercell?aspect=locational&parent=secreted,plasma_membrane_transmembrane,plasma_membrane_peripheral&license=academic`
[2025-01-29 01:19:20] [TRACE]   [OmnipathR] Looking up in cache: `http://no-tls.omnipathdb.org/intercell?aspect=locational&parent=secreted,plasma_membrane_transmembrane,plasma_membrane_peripheral&license=academic`
[2025-01-29 01:19:20] [INFO]    [OmnipathR] Cache record does not exist: `http://no-tls.omnipathdb.org/intercell?aspect=locational&parent=secreted,plasma_membrane_transmembrane,plasma_membrane_peripheral&license=academic`
[2025-01-29 01:19:20] [TRACE]   [OmnipathR] Attempting `https://omnipathdb.org/intercell?aspect=locational&parent=secreted,plasma_membrane_transmembrane,plasma_membrane_peripheral&license=academic`
[2025-01-29 01:19:20] [INFO]    [OmnipathR] Retrieving URL: `https://omnipathdb.org/intercell?aspect=locational&parent=secreted,plasma_membrane_transmembrane,plasma_membrane_peripheral&license=academic`
[2025-01-29 01:19:20] [TRACE]   [OmnipathR] Attempt 1/3: `https://omnipathdb.org/intercell?aspect=locational&parent=secreted,plasma_membrane_transmembrane,plasma_membrane_peripheral&license=academic`
[2025-01-29 01:19:22] [INFO]    [OmnipathR] Successfully retrieved: `https://omnipathdb.org/intercell?aspect=locational&parent=secreted,plasma_membrane_transmembrane,plasma_membrane_peripheral&license=academic`
[2025-01-29 01:19:22] [TRACE]   [OmnipathR] Reading JSON from `/home/biocbuild/.cache/OmnipathR/cache.json` (encoding: UTF-8).
[2025-01-29 01:19:22] [TRACE]   [OmnipathR] JSON validation successful: TRUE
[2025-01-29 01:19:22] [TRACE]   [OmnipathR] Reading JSON from `/home/biocbuild/.cache/OmnipathR/cache.json` (encoding: UTF-8).
[2025-01-29 01:19:22] [TRACE]   [OmnipathR] JSON validation successful: TRUE
[2025-01-29 01:19:22] [INFO]    [OmnipathR] Cache item `9ecbbba7b7129c316d69501f7af5c2aced05a498` version 1: status changed from `unknown` to `started`.
[2025-01-29 01:19:22] [TRACE]   [OmnipathR] Exporting object to RDS: `/home/biocbuild/.cache/OmnipathR/9ecbbba7b7129c316d69501f7af5c2aced05a498-1.rds`.
[2025-01-29 01:19:22] [TRACE]   [OmnipathR] Exported RDS to `/home/biocbuild/.cache/OmnipathR/9ecbbba7b7129c316d69501f7af5c2aced05a498-1.rds`.
[2025-01-29 01:19:22] [INFO]    [OmnipathR] Download ready [key=9ecbbba7b7129c316d69501f7af5c2aced05a498, version=1]
[2025-01-29 01:19:22] [TRACE]   [OmnipathR] Reading JSON from `/home/biocbuild/.cache/OmnipathR/cache.json` (encoding: UTF-8).
[2025-01-29 01:19:22] [TRACE]   [OmnipathR] JSON validation successful: TRUE
[2025-01-29 01:19:22] [INFO]    [OmnipathR] Cache item `9ecbbba7b7129c316d69501f7af5c2aced05a498` version 1: status changed from `started` to `ready`.
[2025-01-29 01:19:22] [SUCCESS] [OmnipathR] Downloaded 21862 intercellular communication role records.
[2025-01-29 01:19:22] [TRACE]   [OmnipathR] Organism(s): 9606
[2025-01-29 01:19:22] [TRACE]   [OmnipathR] Orthology targets: 
[2025-01-29 01:19:22] [TRACE]   [OmnipathR] Looking up in cache: `https://omnipathdb.org/intercell?entity_types=protein&parent=receptor&topology=plasma_membrane_transmembrane&license=academic`
[2025-01-29 01:19:22] [INFO]    [OmnipathR] Cache record does not exist: `https://omnipathdb.org/intercell?entity_types=protein&parent=receptor&topology=plasma_membrane_transmembrane&license=academic`
[2025-01-29 01:19:22] [TRACE]   [OmnipathR] Looking up in cache: `http://no-tls.omnipathdb.org/intercell?entity_types=protein&parent=receptor&topology=plasma_membrane_transmembrane&license=academic`
[2025-01-29 01:19:22] [INFO]    [OmnipathR] Cache record does not exist: `http://no-tls.omnipathdb.org/intercell?entity_types=protein&parent=receptor&topology=plasma_membrane_transmembrane&license=academic`
[2025-01-29 01:19:22] [TRACE]   [OmnipathR] Attempting `https://omnipathdb.org/intercell?entity_types=protein&parent=receptor&topology=plasma_membrane_transmembrane&license=academic`
[2025-01-29 01:19:22] [INFO]    [OmnipathR] Retrieving URL: `https://omnipathdb.org/intercell?entity_types=protein&parent=receptor&topology=plasma_membrane_transmembrane&license=academic`
[2025-01-29 01:19:22] [TRACE]   [OmnipathR] Attempt 1/3: `https://omnipathdb.org/intercell?entity_types=protein&parent=receptor&topology=plasma_membrane_transmembrane&license=academic`
[2025-01-29 01:19:24] [INFO]    [OmnipathR] Successfully retrieved: `https://omnipathdb.org/intercell?entity_types=protein&parent=receptor&topology=plasma_membrane_transmembrane&license=academic`
[2025-01-29 01:19:24] [TRACE]   [OmnipathR] Reading JSON from `/home/biocbuild/.cache/OmnipathR/cache.json` (encoding: UTF-8).
[2025-01-29 01:19:24] [TRACE]   [OmnipathR] JSON validation successful: TRUE
[2025-01-29 01:19:24] [TRACE]   [OmnipathR] Reading JSON from `/home/biocbuild/.cache/OmnipathR/cache.json` (encoding: UTF-8).
[2025-01-29 01:19:24] [TRACE]   [OmnipathR] JSON validation successful: TRUE
[2025-01-29 01:19:24] [INFO]    [OmnipathR] Cache item `958b54b673bc1257aa3dafe979574736ad7d4632` version 1: status changed from `unknown` to `started`.
[2025-01-29 01:19:24] [TRACE]   [OmnipathR] Exporting object to RDS: `/home/biocbuild/.cache/OmnipathR/958b54b673bc1257aa3dafe979574736ad7d4632-1.rds`.
[2025-01-29 01:19:24] [TRACE]   [OmnipathR] Exported RDS to `/home/biocbuild/.cache/OmnipathR/958b54b673bc1257aa3dafe979574736ad7d4632-1.rds`.
[2025-01-29 01:19:24] [INFO]    [OmnipathR] Download ready [key=958b54b673bc1257aa3dafe979574736ad7d4632, version=1]
[2025-01-29 01:19:24] [TRACE]   [OmnipathR] Reading JSON from `/home/biocbuild/.cache/OmnipathR/cache.json` (encoding: UTF-8).
[2025-01-29 01:19:24] [TRACE]   [OmnipathR] JSON validation successful: TRUE
[2025-01-29 01:19:24] [INFO]    [OmnipathR] Cache item `958b54b673bc1257aa3dafe979574736ad7d4632` version 1: status changed from `started` to `ready`.
[2025-01-29 01:19:24] [SUCCESS] [OmnipathR] Downloaded 21455 intercellular communication role records.
[2025-01-29 01:19:24] [TRACE]   [OmnipathR] Organism(s): 9606
[2025-01-29 01:19:24] [TRACE]   [OmnipathR] Orthology targets: 
[2025-01-29 01:19:24] [TRACE]   [OmnipathR] Looking up in cache: `https://omnipathdb.org/intercell?aspect=locational&parent=secreted,plasma_membrane_transmembrane,plasma_membrane_peripheral&license=academic`
[2025-01-29 01:19:24] [TRACE]   [OmnipathR] Loaded data from RDS `/home/biocbuild/.cache/OmnipathR/9ecbbba7b7129c316d69501f7af5c2aced05a498-1.rds`.
[2025-01-29 01:19:24] [INFO]    [OmnipathR] Loaded from cache: `https://omnipathdb.org/intercell?aspect=locational&parent=secreted,plasma_membrane_transmembrane,plasma_membrane_peripheral&license=academic`
[2025-01-29 01:19:24] [SUCCESS] [OmnipathR] Loaded 21862 intercellular communication role records from cache.
[2025-01-29 01:19:24] [TRACE]   [OmnipathR] Organism(s): 9606
[2025-01-29 01:19:24] [TRACE]   [OmnipathR] Orthology targets: 
[2025-01-29 01:19:24] [TRACE]   [OmnipathR] Looking up in cache: `https://omnipathdb.org/intercell?entity_types=protein&topology=secreted&causality=trans&license=academic`
[2025-01-29 01:19:24] [INFO]    [OmnipathR] Cache record does not exist: `https://omnipathdb.org/intercell?entity_types=protein&topology=secreted&causality=trans&license=academic`
[2025-01-29 01:19:24] [TRACE]   [OmnipathR] Looking up in cache: `http://no-tls.omnipathdb.org/intercell?entity_types=protein&topology=secreted&causality=trans&license=academic`
[2025-01-29 01:19:24] [INFO]    [OmnipathR] Cache record does not exist: `http://no-tls.omnipathdb.org/intercell?entity_types=protein&topology=secreted&causality=trans&license=academic`
[2025-01-29 01:19:24] [TRACE]   [OmnipathR] Attempting `https://omnipathdb.org/intercell?entity_types=protein&topology=secreted&causality=trans&license=academic`
[2025-01-29 01:19:24] [INFO]    [OmnipathR] Retrieving URL: `https://omnipathdb.org/intercell?entity_types=protein&topology=secreted&causality=trans&license=academic`
[2025-01-29 01:19:24] [TRACE]   [OmnipathR] Attempt 1/3: `https://omnipathdb.org/intercell?entity_types=protein&topology=secreted&causality=trans&license=academic`
[2025-01-29 01:19:26] [INFO]    [OmnipathR] Successfully retrieved: `https://omnipathdb.org/intercell?entity_types=protein&topology=secreted&causality=trans&license=academic`
[2025-01-29 01:19:26] [TRACE]   [OmnipathR] Reading JSON from `/home/biocbuild/.cache/OmnipathR/cache.json` (encoding: UTF-8).
[2025-01-29 01:19:26] [TRACE]   [OmnipathR] JSON validation successful: TRUE
[2025-01-29 01:19:26] [TRACE]   [OmnipathR] Reading JSON from `/home/biocbuild/.cache/OmnipathR/cache.json` (encoding: UTF-8).
[2025-01-29 01:19:26] [TRACE]   [OmnipathR] JSON validation successful: TRUE
[2025-01-29 01:19:26] [INFO]    [OmnipathR] Cache item `f7af75e239c9ffc6d21bad01972722f2f0180e87` version 1: status changed from `unknown` to `started`.
[2025-01-29 01:19:26] [TRACE]   [OmnipathR] Exporting object to RDS: `/home/biocbuild/.cache/OmnipathR/f7af75e239c9ffc6d21bad01972722f2f0180e87-1.rds`.
[2025-01-29 01:19:26] [TRACE]   [OmnipathR] Exported RDS to `/home/biocbuild/.cache/OmnipathR/f7af75e239c9ffc6d21bad01972722f2f0180e87-1.rds`.
[2025-01-29 01:19:26] [INFO]    [OmnipathR] Download ready [key=f7af75e239c9ffc6d21bad01972722f2f0180e87, version=1]
[2025-01-29 01:19:26] [TRACE]   [OmnipathR] Reading JSON from `/home/biocbuild/.cache/OmnipathR/cache.json` (encoding: UTF-8).
[2025-01-29 01:19:26] [TRACE]   [OmnipathR] JSON validation successful: TRUE
[2025-01-29 01:19:26] [INFO]    [OmnipathR] Cache item `f7af75e239c9ffc6d21bad01972722f2f0180e87` version 1: status changed from `started` to `ready`.
[2025-01-29 01:19:26] [SUCCESS] [OmnipathR] Downloaded 14602 intercellular communication role records.
[2025-01-29 01:19:26] [TRACE]   [OmnipathR] Organism(s): 9606
[2025-01-29 01:19:26] [TRACE]   [OmnipathR] Orthology targets: 
[2025-01-29 01:19:26] [TRACE]   [OmnipathR] Looking up in cache: `https://omnipathdb.org/intercell?aspect=locational&parent=secreted,plasma_membrane_transmembrane,plasma_membrane_peripheral&license=academic`
[2025-01-29 01:19:26] [TRACE]   [OmnipathR] Loaded data from RDS `/home/biocbuild/.cache/OmnipathR/9ecbbba7b7129c316d69501f7af5c2aced05a498-1.rds`.
[2025-01-29 01:19:26] [INFO]    [OmnipathR] Loaded from cache: `https://omnipathdb.org/intercell?aspect=locational&parent=secreted,plasma_membrane_transmembrane,plasma_membrane_peripheral&license=academic`
[2025-01-29 01:19:26] [SUCCESS] [OmnipathR] Loaded 21862 intercellular communication role records from cache.
[2025-01-29 01:19:26] [TRACE]   [OmnipathR] Organism(s): 9606
[2025-01-29 01:19:26] [TRACE]   [OmnipathR] Orthology targets: 
[2025-01-29 01:19:26] [TRACE]   [OmnipathR] Looking up in cache: `https://omnipathdb.org/intercell?entity_types=protein&topology=plasma_membrane_transmembrane&causality=rec&license=academic`
[2025-01-29 01:19:26] [INFO]    [OmnipathR] Cache record does not exist: `https://omnipathdb.org/intercell?entity_types=protein&topology=plasma_membrane_transmembrane&causality=rec&license=academic`
[2025-01-29 01:19:26] [TRACE]   [OmnipathR] Looking up in cache: `http://no-tls.omnipathdb.org/intercell?entity_types=protein&topology=plasma_membrane_transmembrane&causality=rec&license=academic`
[2025-01-29 01:19:26] [INFO]    [OmnipathR] Cache record does not exist: `http://no-tls.omnipathdb.org/intercell?entity_types=protein&topology=plasma_membrane_transmembrane&causality=rec&license=academic`
[2025-01-29 01:19:26] [TRACE]   [OmnipathR] Attempting `https://omnipathdb.org/intercell?entity_types=protein&topology=plasma_membrane_transmembrane&causality=rec&license=academic`
[2025-01-29 01:19:27] [INFO]    [OmnipathR] Retrieving URL: `https://omnipathdb.org/intercell?entity_types=protein&topology=plasma_membrane_transmembrane&causality=rec&license=academic`
[2025-01-29 01:19:27] [TRACE]   [OmnipathR] Attempt 1/3: `https://omnipathdb.org/intercell?entity_types=protein&topology=plasma_membrane_transmembrane&causality=rec&license=academic`
[2025-01-29 01:19:28] [INFO]    [OmnipathR] Successfully retrieved: `https://omnipathdb.org/intercell?entity_types=protein&topology=plasma_membrane_transmembrane&causality=rec&license=academic`
[2025-01-29 01:19:28] [TRACE]   [OmnipathR] Reading JSON from `/home/biocbuild/.cache/OmnipathR/cache.json` (encoding: UTF-8).
[2025-01-29 01:19:28] [TRACE]   [OmnipathR] JSON validation successful: TRUE
[2025-01-29 01:19:28] [TRACE]   [OmnipathR] Reading JSON from `/home/biocbuild/.cache/OmnipathR/cache.json` (encoding: UTF-8).
[2025-01-29 01:19:28] [TRACE]   [OmnipathR] JSON validation successful: TRUE
[2025-01-29 01:19:28] [INFO]    [OmnipathR] Cache item `72c58fa11451e57015edbfc8235d55d71f9d7362` version 1: status changed from `unknown` to `started`.
[2025-01-29 01:19:28] [TRACE]   [OmnipathR] Exporting object to RDS: `/home/biocbuild/.cache/OmnipathR/72c58fa11451e57015edbfc8235d55d71f9d7362-1.rds`.
[2025-01-29 01:19:28] [TRACE]   [OmnipathR] Exported RDS to `/home/biocbuild/.cache/OmnipathR/72c58fa11451e57015edbfc8235d55d71f9d7362-1.rds`.
[2025-01-29 01:19:28] [INFO]    [OmnipathR] Download ready [key=72c58fa11451e57015edbfc8235d55d71f9d7362, version=1]
[2025-01-29 01:19:28] [TRACE]   [OmnipathR] Reading JSON from `/home/biocbuild/.cache/OmnipathR/cache.json` (encoding: UTF-8).
[2025-01-29 01:19:28] [TRACE]   [OmnipathR] JSON validation successful: TRUE
[2025-01-29 01:19:28] [INFO]    [OmnipathR] Cache item `72c58fa11451e57015edbfc8235d55d71f9d7362` version 1: status changed from `started` to `ready`.
[2025-01-29 01:19:28] [SUCCESS] [OmnipathR] Downloaded 26412 intercellular communication role records.
[2025-01-29 01:19:28] [TRACE]   [OmnipathR] Organism(s): 9606
[2025-01-29 01:19:28] [TRACE]   [OmnipathR] Orthology targets: 
[2025-01-29 01:19:28] [TRACE]   [OmnipathR] Looking up in cache: `https://omnipathdb.org/intercell?aspect=locational&parent=secreted,plasma_membrane_transmembrane,plasma_membrane_peripheral&license=academic`
[2025-01-29 01:19:28] [TRACE]   [OmnipathR] Loaded data from RDS `/home/biocbuild/.cache/OmnipathR/9ecbbba7b7129c316d69501f7af5c2aced05a498-1.rds`.
[2025-01-29 01:19:28] [INFO]    [OmnipathR] Loaded from cache: `https://omnipathdb.org/intercell?aspect=locational&parent=secreted,plasma_membrane_transmembrane,plasma_membrane_peripheral&license=academic`
[2025-01-29 01:19:28] [SUCCESS] [OmnipathR] Loaded 21862 intercellular communication role records from cache.
[2025-01-29 01:19:29] [TRACE]   [OmnipathR] Arguments for OmniPath query: [datasets=omnipath,entity_types=protein]
[2025-01-29 01:19:29] [TRACE]   [OmnipathR] Arguments for OmniPath query: [datasets=omnipath,entity_types=protein,query_type=interactions]
[2025-01-29 01:19:29] [TRACE]   [OmnipathR] Organism(s): 9606
[2025-01-29 01:19:29] [TRACE]   [OmnipathR] Orthology targets: 
[2025-01-29 01:19:29] [TRACE]   [OmnipathR] Looking up in cache: `https://omnipathdb.org/interactions?genesymbols=yes&datasets=omnipath&organisms=9606&fields=sources,references,curation_effort&entity_types=protein&license=academic`
[2025-01-29 01:19:29] [INFO]    [OmnipathR] Cache record does not exist: `https://omnipathdb.org/interactions?genesymbols=yes&datasets=omnipath&organisms=9606&fields=sources,references,curation_effort&entity_types=protein&license=academic`
[2025-01-29 01:19:29] [TRACE]   [OmnipathR] Looking up in cache: `http://no-tls.omnipathdb.org/interactions?genesymbols=yes&datasets=omnipath&organisms=9606&fields=sources,references,curation_effort&entity_types=protein&license=academic`
[2025-01-29 01:19:29] [INFO]    [OmnipathR] Cache record does not exist: `http://no-tls.omnipathdb.org/interactions?genesymbols=yes&datasets=omnipath&organisms=9606&fields=sources,references,curation_effort&entity_types=protein&license=academic`
[2025-01-29 01:19:29] [TRACE]   [OmnipathR] Attempting `https://omnipathdb.org/interactions?genesymbols=yes&datasets=omnipath&organisms=9606&fields=sources,references,curation_effort&entity_types=protein&license=academic`
[2025-01-29 01:19:29] [INFO]    [OmnipathR] Retrieving URL: `https://omnipathdb.org/interactions?genesymbols=yes&datasets=omnipath&organisms=9606&fields=sources,references,curation_effort&entity_types=protein&license=academic`
[2025-01-29 01:19:29] [TRACE]   [OmnipathR] Attempt 1/3: `https://omnipathdb.org/interactions?genesymbols=yes&datasets=omnipath&organisms=9606&fields=sources,references,curation_effort&entity_types=protein&license=academic`
[2025-01-29 01:19:31] [INFO]    [OmnipathR] Successfully retrieved: `https://omnipathdb.org/interactions?genesymbols=yes&datasets=omnipath&organisms=9606&fields=sources,references,curation_effort&entity_types=protein&license=academic`
[2025-01-29 01:19:31] [TRACE]   [OmnipathR] Reading JSON from `/home/biocbuild/.cache/OmnipathR/cache.json` (encoding: UTF-8).
[2025-01-29 01:19:31] [TRACE]   [OmnipathR] JSON validation successful: TRUE
[2025-01-29 01:19:31] [TRACE]   [OmnipathR] Reading JSON from `/home/biocbuild/.cache/OmnipathR/cache.json` (encoding: UTF-8).
[2025-01-29 01:19:31] [TRACE]   [OmnipathR] JSON validation successful: TRUE
[2025-01-29 01:19:31] [INFO]    [OmnipathR] Cache item `4531fff8a97521fefd85568643520d934e90659c` version 1: status changed from `unknown` to `started`.
[2025-01-29 01:19:31] [TRACE]   [OmnipathR] Exporting object to RDS: `/home/biocbuild/.cache/OmnipathR/4531fff8a97521fefd85568643520d934e90659c-1.rds`.
[2025-01-29 01:19:31] [TRACE]   [OmnipathR] Exported RDS to `/home/biocbuild/.cache/OmnipathR/4531fff8a97521fefd85568643520d934e90659c-1.rds`.
[2025-01-29 01:19:31] [INFO]    [OmnipathR] Download ready [key=4531fff8a97521fefd85568643520d934e90659c, version=1]
[2025-01-29 01:19:31] [TRACE]   [OmnipathR] Reading JSON from `/home/biocbuild/.cache/OmnipathR/cache.json` (encoding: UTF-8).
[2025-01-29 01:19:31] [TRACE]   [OmnipathR] JSON validation successful: TRUE
[2025-01-29 01:19:31] [INFO]    [OmnipathR] Cache item `4531fff8a97521fefd85568643520d934e90659c` version 1: status changed from `started` to `ready`.
[2025-01-29 01:19:33] [SUCCESS] [OmnipathR] Downloaded 30053 interactions.
[2025-01-29 01:19:33] [TRACE]   [OmnipathR] Arguments for OmniPath query: [wide=TRUE,resources=SignaLink_pathway,entity_types=protein,query_type=annotations]
[2025-01-29 01:19:33] [TRACE]   [OmnipathR] Organism(s): 9606
[2025-01-29 01:19:33] [TRACE]   [OmnipathR] Orthology targets: 
[2025-01-29 01:19:34] [TRACE]   [OmnipathR] Reading JSON from `https://omnipathdb.org/resources` (encoding: UTF-8).
[2025-01-29 01:19:34] [TRACE]   [OmnipathR] JSON validation successful: TRUE
[2025-01-29 01:19:34] [TRACE]   [OmnipathR] Looking up in cache: `https://omnipathdb.org/annotations?resources=SignaLink_pathway&entity_types=protein&license=academic`
[2025-01-29 01:19:34] [INFO]    [OmnipathR] Cache record does not exist: `https://omnipathdb.org/annotations?resources=SignaLink_pathway&entity_types=protein&license=academic`
[2025-01-29 01:19:34] [TRACE]   [OmnipathR] Looking up in cache: `http://no-tls.omnipathdb.org/annotations?resources=SignaLink_pathway&entity_types=protein&license=academic`
[2025-01-29 01:19:34] [INFO]    [OmnipathR] Cache record does not exist: `http://no-tls.omnipathdb.org/annotations?resources=SignaLink_pathway&entity_types=protein&license=academic`
[2025-01-29 01:19:34] [TRACE]   [OmnipathR] Attempting `https://omnipathdb.org/annotations?resources=SignaLink_pathway&entity_types=protein&license=academic`
[2025-01-29 01:19:34] [INFO]    [OmnipathR] Retrieving URL: `https://omnipathdb.org/annotations?resources=SignaLink_pathway&entity_types=protein&license=academic`
[2025-01-29 01:19:34] [TRACE]   [OmnipathR] Attempt 1/3: `https://omnipathdb.org/annotations?resources=SignaLink_pathway&entity_types=protein&license=academic`
[2025-01-29 01:19:35] [INFO]    [OmnipathR] Successfully retrieved: `https://omnipathdb.org/annotations?resources=SignaLink_pathway&entity_types=protein&license=academic`
[2025-01-29 01:19:35] [TRACE]   [OmnipathR] Reading JSON from `/home/biocbuild/.cache/OmnipathR/cache.json` (encoding: UTF-8).
[2025-01-29 01:19:35] [TRACE]   [OmnipathR] JSON validation successful: TRUE
[2025-01-29 01:19:35] [TRACE]   [OmnipathR] Reading JSON from `/home/biocbuild/.cache/OmnipathR/cache.json` (encoding: UTF-8).
[2025-01-29 01:19:35] [TRACE]   [OmnipathR] JSON validation successful: TRUE
[2025-01-29 01:19:35] [INFO]    [OmnipathR] Cache item `6061f30dac10cc2b0f8bcf13f7d870c3d69a0df8` version 1: status changed from `unknown` to `started`.
[2025-01-29 01:19:35] [TRACE]   [OmnipathR] Exporting object to RDS: `/home/biocbuild/.cache/OmnipathR/6061f30dac10cc2b0f8bcf13f7d870c3d69a0df8-1.rds`.
[2025-01-29 01:19:35] [TRACE]   [OmnipathR] Exported RDS to `/home/biocbuild/.cache/OmnipathR/6061f30dac10cc2b0f8bcf13f7d870c3d69a0df8-1.rds`.
[2025-01-29 01:19:35] [INFO]    [OmnipathR] Download ready [key=6061f30dac10cc2b0f8bcf13f7d870c3d69a0df8, version=1]
[2025-01-29 01:19:35] [TRACE]   [OmnipathR] Reading JSON from `/home/biocbuild/.cache/OmnipathR/cache.json` (encoding: UTF-8).
[2025-01-29 01:19:35] [TRACE]   [OmnipathR] JSON validation successful: TRUE
[2025-01-29 01:19:35] [INFO]    [OmnipathR] Cache item `6061f30dac10cc2b0f8bcf13f7d870c3d69a0df8` version 1: status changed from `started` to `ready`.
[2025-01-29 01:19:35] [SUCCESS] [OmnipathR] Downloaded 1144 annotation records.
[2025-01-29 01:19:35] [TRACE]   [OmnipathR] Arguments for OmniPath query: [wide=TRUE,resources=SignaLink_function,entity_types=protein,query_type=annotations]
[2025-01-29 01:19:35] [TRACE]   [OmnipathR] Organism(s): 9606
[2025-01-29 01:19:35] [TRACE]   [OmnipathR] Orthology targets: 
[2025-01-29 01:19:36] [TRACE]   [OmnipathR] Reading JSON from `https://omnipathdb.org/resources` (encoding: UTF-8).
[2025-01-29 01:19:36] [TRACE]   [OmnipathR] JSON validation successful: TRUE
[2025-01-29 01:19:36] [TRACE]   [OmnipathR] Looking up in cache: `https://omnipathdb.org/annotations?resources=SignaLink_function&entity_types=protein&license=academic`
[2025-01-29 01:19:36] [INFO]    [OmnipathR] Cache record does not exist: `https://omnipathdb.org/annotations?resources=SignaLink_function&entity_types=protein&license=academic`
[2025-01-29 01:19:36] [TRACE]   [OmnipathR] Looking up in cache: `http://no-tls.omnipathdb.org/annotations?resources=SignaLink_function&entity_types=protein&license=academic`
[2025-01-29 01:19:36] [INFO]    [OmnipathR] Cache record does not exist: `http://no-tls.omnipathdb.org/annotations?resources=SignaLink_function&entity_types=protein&license=academic`
[2025-01-29 01:19:36] [TRACE]   [OmnipathR] Attempting `https://omnipathdb.org/annotations?resources=SignaLink_function&entity_types=protein&license=academic`
[2025-01-29 01:19:36] [INFO]    [OmnipathR] Retrieving URL: `https://omnipathdb.org/annotations?resources=SignaLink_function&entity_types=protein&license=academic`
[2025-01-29 01:19:36] [TRACE]   [OmnipathR] Attempt 1/3: `https://omnipathdb.org/annotations?resources=SignaLink_function&entity_types=protein&license=academic`
[2025-01-29 01:19:37] [INFO]    [OmnipathR] Successfully retrieved: `https://omnipathdb.org/annotations?resources=SignaLink_function&entity_types=protein&license=academic`
[2025-01-29 01:19:37] [TRACE]   [OmnipathR] Reading JSON from `/home/biocbuild/.cache/OmnipathR/cache.json` (encoding: UTF-8).
[2025-01-29 01:19:37] [TRACE]   [OmnipathR] JSON validation successful: TRUE
[2025-01-29 01:19:37] [TRACE]   [OmnipathR] Reading JSON from `/home/biocbuild/.cache/OmnipathR/cache.json` (encoding: UTF-8).
[2025-01-29 01:19:37] [TRACE]   [OmnipathR] JSON validation successful: TRUE
[2025-01-29 01:19:37] [INFO]    [OmnipathR] Cache item `ec1ffe714d7618308311e03ab5d91a72b6ab30a3` version 1: status changed from `unknown` to `started`.
[2025-01-29 01:19:37] [TRACE]   [OmnipathR] Exporting object to RDS: `/home/biocbuild/.cache/OmnipathR/ec1ffe714d7618308311e03ab5d91a72b6ab30a3-1.rds`.
[2025-01-29 01:19:37] [TRACE]   [OmnipathR] Exported RDS to `/home/biocbuild/.cache/OmnipathR/ec1ffe714d7618308311e03ab5d91a72b6ab30a3-1.rds`.
[2025-01-29 01:19:37] [INFO]    [OmnipathR] Download ready [key=ec1ffe714d7618308311e03ab5d91a72b6ab30a3, version=1]
[2025-01-29 01:19:37] [TRACE]   [OmnipathR] Reading JSON from `/home/biocbuild/.cache/OmnipathR/cache.json` (encoding: UTF-8).
[2025-01-29 01:19:37] [TRACE]   [OmnipathR] JSON validation successful: TRUE
[2025-01-29 01:19:37] [INFO]    [OmnipathR] Cache item `ec1ffe714d7618308311e03ab5d91a72b6ab30a3` version 1: status changed from `started` to `ready`.
[2025-01-29 01:19:37] [SUCCESS] [OmnipathR] Downloaded 1080 annotation records.
[2025-01-29 01:19:39] [TRACE]   [OmnipathR] Bypassing call: `simplify_intercell_network(.)`.
[2025-01-29 01:19:39] [TRACE]   [OmnipathR] This behaviour is intended for running R CMD check within limited time and is triggered solely by the user name. Please report if you see this anywhere outside of a Bioconductor build server.
[2025-01-29 01:19:39] [TRACE]   [OmnipathR] Arguments for OmniPath query: [dorothea_levels=[A,B],datasets=tf_target,entity_types=protein,resources=[ORegAnno,PAZAR],query_type=interactions]
[2025-01-29 01:19:39] [TRACE]   [OmnipathR] Organism(s): 9606
[2025-01-29 01:19:39] [TRACE]   [OmnipathR] Orthology targets: 
[2025-01-29 01:19:40] [TRACE]   [OmnipathR] Reading JSON from `https://omnipathdb.org/resources` (encoding: UTF-8).
[2025-01-29 01:19:40] [TRACE]   [OmnipathR] JSON validation successful: TRUE
[2025-01-29 01:19:40] [TRACE]   [OmnipathR] Looking up in cache: `https://omnipathdb.org/interactions?genesymbols=yes&resources=ORegAnno,PAZAR&datasets=tf_target&organisms=9606&dorothea_levels=A,B&fields=sources,references,curation_effort&entity_types=protein&license=academic`
[2025-01-29 01:19:40] [INFO]    [OmnipathR] Cache record does not exist: `https://omnipathdb.org/interactions?genesymbols=yes&resources=ORegAnno,PAZAR&datasets=tf_target&organisms=9606&dorothea_levels=A,B&fields=sources,references,curation_effort&entity_types=protein&license=academic`
[2025-01-29 01:19:40] [TRACE]   [OmnipathR] Looking up in cache: `http://no-tls.omnipathdb.org/interactions?genesymbols=yes&resources=ORegAnno,PAZAR&datasets=tf_target&organisms=9606&dorothea_levels=A,B&fields=sources,references,curation_effort&entity_types=protein&license=academic`
[2025-01-29 01:19:40] [INFO]    [OmnipathR] Cache record does not exist: `http://no-tls.omnipathdb.org/interactions?genesymbols=yes&resources=ORegAnno,PAZAR&datasets=tf_target&organisms=9606&dorothea_levels=A,B&fields=sources,references,curation_effort&entity_types=protein&license=academic`
[2025-01-29 01:19:40] [TRACE]   [OmnipathR] Attempting `https://omnipathdb.org/interactions?genesymbols=yes&resources=ORegAnno,PAZAR&datasets=tf_target&organisms=9606&dorothea_levels=A,B&fields=sources,references,curation_effort&entity_types=protein&license=academic`
[2025-01-29 01:19:40] [INFO]    [OmnipathR] Retrieving URL: `https://omnipathdb.org/interactions?genesymbols=yes&resources=ORegAnno,PAZAR&datasets=tf_target&organisms=9606&dorothea_levels=A,B&fields=sources,references,curation_effort&entity_types=protein&license=academic`
[2025-01-29 01:19:40] [TRACE]   [OmnipathR] Attempt 1/3: `https://omnipathdb.org/interactions?genesymbols=yes&resources=ORegAnno,PAZAR&datasets=tf_target&organisms=9606&dorothea_levels=A,B&fields=sources,references,curation_effort&entity_types=protein&license=academic`
[2025-01-29 01:19:41] [INFO]    [OmnipathR] Successfully retrieved: `https://omnipathdb.org/interactions?genesymbols=yes&resources=ORegAnno,PAZAR&datasets=tf_target&organisms=9606&dorothea_levels=A,B&fields=sources,references,curation_effort&entity_types=protein&license=academic`
[2025-01-29 01:19:41] [TRACE]   [OmnipathR] Reading JSON from `/home/biocbuild/.cache/OmnipathR/cache.json` (encoding: UTF-8).
[2025-01-29 01:19:41] [TRACE]   [OmnipathR] JSON validation successful: TRUE
[2025-01-29 01:19:41] [TRACE]   [OmnipathR] Reading JSON from `/home/biocbuild/.cache/OmnipathR/cache.json` (encoding: UTF-8).
[2025-01-29 01:19:41] [TRACE]   [OmnipathR] JSON validation successful: TRUE
[2025-01-29 01:19:41] [INFO]    [OmnipathR] Cache item `eb0c13fd817d7fa62717fa239f8a329e85dcac2e` version 1: status changed from `unknown` to `started`.
[2025-01-29 01:19:41] [TRACE]   [OmnipathR] Exporting object to RDS: `/home/biocbuild/.cache/OmnipathR/eb0c13fd817d7fa62717fa239f8a329e85dcac2e-1.rds`.
[2025-01-29 01:19:41] [TRACE]   [OmnipathR] Exported RDS to `/home/biocbuild/.cache/OmnipathR/eb0c13fd817d7fa62717fa239f8a329e85dcac2e-1.rds`.
[2025-01-29 01:19:41] [INFO]    [OmnipathR] Download ready [key=eb0c13fd817d7fa62717fa239f8a329e85dcac2e, version=1]
[2025-01-29 01:19:41] [TRACE]   [OmnipathR] Reading JSON from `/home/biocbuild/.cache/OmnipathR/cache.json` (encoding: UTF-8).
[2025-01-29 01:19:41] [TRACE]   [OmnipathR] JSON validation successful: TRUE
[2025-01-29 01:19:41] [INFO]    [OmnipathR] Cache item `eb0c13fd817d7fa62717fa239f8a329e85dcac2e` version 1: status changed from `started` to `ready`.
[2025-01-29 01:19:41] [SUCCESS] [OmnipathR] Downloaded 322 interactions.
[2025-01-29 01:19:41] [TRACE]   [OmnipathR] Arguments for OmniPath query: [wide=FALSE,resources=UniProt_location,query_type=annotations]
[2025-01-29 01:19:41] [TRACE]   [OmnipathR] Organism(s): 9606
[2025-01-29 01:19:41] [TRACE]   [OmnipathR] Orthology targets: 
[2025-01-29 01:19:42] [TRACE]   [OmnipathR] Reading JSON from `https://omnipathdb.org/resources` (encoding: UTF-8).
[2025-01-29 01:19:42] [TRACE]   [OmnipathR] JSON validation successful: TRUE
[2025-01-29 01:19:42] [TRACE]   [OmnipathR] Looking up in cache: `https://omnipathdb.org/annotations?resources=UniProt_location&license=academic`
[2025-01-29 01:19:42] [TRACE]   [OmnipathR] Loaded data from RDS `/home/biocbuild/.cache/OmnipathR/f2e7cc5e753cd4e22d458171359dea86781ebae8-1.rds`.
[2025-01-29 01:19:42] [INFO]    [OmnipathR] Loaded from cache: `https://omnipathdb.org/annotations?resources=UniProt_location&license=academic`
[2025-01-29 01:19:42] [SUCCESS] [OmnipathR] Loaded 76260 annotation records from cache.
[2025-01-29 01:19:43] [TRACE]   [OmnipathR] Arguments for OmniPath query: [wide=FALSE,resources=kinase.com,query_type=annotations]
[2025-01-29 01:19:43] [TRACE]   [OmnipathR] Organism(s): 9606
[2025-01-29 01:19:43] [TRACE]   [OmnipathR] Orthology targets: 
[2025-01-29 01:19:44] [TRACE]   [OmnipathR] Reading JSON from `https://omnipathdb.org/resources` (encoding: UTF-8).
[2025-01-29 01:19:44] [TRACE]   [OmnipathR] JSON validation successful: TRUE
[2025-01-29 01:19:44] [TRACE]   [OmnipathR] Looking up in cache: `https://omnipathdb.org/annotations?resources=kinase.com&license=academic`
[2025-01-29 01:19:44] [INFO]    [OmnipathR] Cache record does not exist: `https://omnipathdb.org/annotations?resources=kinase.com&license=academic`
[2025-01-29 01:19:44] [TRACE]   [OmnipathR] Looking up in cache: `http://no-tls.omnipathdb.org/annotations?resources=kinase.com&license=academic`
[2025-01-29 01:19:44] [INFO]    [OmnipathR] Cache record does not exist: `http://no-tls.omnipathdb.org/annotations?resources=kinase.com&license=academic`
[2025-01-29 01:19:44] [TRACE]   [OmnipathR] Attempting `https://omnipathdb.org/annotations?resources=kinase.com&license=academic`
[2025-01-29 01:19:44] [INFO]    [OmnipathR] Retrieving URL: `https://omnipathdb.org/annotations?resources=kinase.com&license=academic`
[2025-01-29 01:19:44] [TRACE]   [OmnipathR] Attempt 1/3: `https://omnipathdb.org/annotations?resources=kinase.com&license=academic`
[2025-01-29 01:19:45] [INFO]    [OmnipathR] Successfully retrieved: `https://omnipathdb.org/annotations?resources=kinase.com&license=academic`
[2025-01-29 01:19:45] [TRACE]   [OmnipathR] Reading JSON from `/home/biocbuild/.cache/OmnipathR/cache.json` (encoding: UTF-8).
[2025-01-29 01:19:45] [TRACE]   [OmnipathR] JSON validation successful: TRUE
[2025-01-29 01:19:45] [TRACE]   [OmnipathR] Reading JSON from `/home/biocbuild/.cache/OmnipathR/cache.json` (encoding: UTF-8).
[2025-01-29 01:19:45] [TRACE]   [OmnipathR] JSON validation successful: TRUE
[2025-01-29 01:19:45] [INFO]    [OmnipathR] Cache item `422914ef8903d8480f1b9fbb47096e275567851d` version 1: status changed from `unknown` to `started`.
[2025-01-29 01:19:45] [TRACE]   [OmnipathR] Exporting object to RDS: `/home/biocbuild/.cache/OmnipathR/422914ef8903d8480f1b9fbb47096e275567851d-1.rds`.
[2025-01-29 01:19:45] [TRACE]   [OmnipathR] Exported RDS to `/home/biocbuild/.cache/OmnipathR/422914ef8903d8480f1b9fbb47096e275567851d-1.rds`.
[2025-01-29 01:19:45] [INFO]    [OmnipathR] Download ready [key=422914ef8903d8480f1b9fbb47096e275567851d, version=1]
[2025-01-29 01:19:45] [TRACE]   [OmnipathR] Reading JSON from `/home/biocbuild/.cache/OmnipathR/cache.json` (encoding: UTF-8).
[2025-01-29 01:19:45] [TRACE]   [OmnipathR] JSON validation successful: TRUE
[2025-01-29 01:19:45] [INFO]    [OmnipathR] Cache item `422914ef8903d8480f1b9fbb47096e275567851d` version 1: status changed from `started` to `ready`.
[2025-01-29 01:19:45] [SUCCESS] [OmnipathR] Downloaded 2029 annotation records.
[2025-01-29 01:19:49] [TRACE]   [OmnipathR] Arguments for OmniPath query: [wide=FALSE,resources=UniProt_location,query_type=annotations]
[2025-01-29 01:19:49] [TRACE]   [OmnipathR] Organism(s): 9606
[2025-01-29 01:19:49] [TRACE]   [OmnipathR] Orthology targets: 
[2025-01-29 01:19:50] [TRACE]   [OmnipathR] Reading JSON from `https://omnipathdb.org/resources` (encoding: UTF-8).
[2025-01-29 01:19:50] [TRACE]   [OmnipathR] JSON validation successful: TRUE
[2025-01-29 01:19:50] [TRACE]   [OmnipathR] Looking up in cache: `https://omnipathdb.org/annotations?resources=UniProt_location&license=academic`
[2025-01-29 01:19:50] [TRACE]   [OmnipathR] Loaded data from RDS `/home/biocbuild/.cache/OmnipathR/f2e7cc5e753cd4e22d458171359dea86781ebae8-1.rds`.
[2025-01-29 01:19:50] [INFO]    [OmnipathR] Loaded from cache: `https://omnipathdb.org/annotations?resources=UniProt_location&license=academic`
[2025-01-29 01:19:50] [SUCCESS] [OmnipathR] Loaded 76260 annotation records from cache.
[2025-01-29 01:19:51] [TRACE]   [OmnipathR] Arguments for OmniPath query: [wide=FALSE,resources=kinase.com,query_type=annotations]
[2025-01-29 01:19:51] [TRACE]   [OmnipathR] Organism(s): 9606
[2025-01-29 01:19:51] [TRACE]   [OmnipathR] Orthology targets: 
[2025-01-29 01:19:52] [TRACE]   [OmnipathR] Reading JSON from `https://omnipathdb.org/resources` (encoding: UTF-8).
[2025-01-29 01:19:52] [TRACE]   [OmnipathR] JSON validation successful: TRUE
[2025-01-29 01:19:52] [TRACE]   [OmnipathR] Looking up in cache: `https://omnipathdb.org/annotations?resources=kinase.com&license=academic`
[2025-01-29 01:19:52] [TRACE]   [OmnipathR] Loaded data from RDS `/home/biocbuild/.cache/OmnipathR/422914ef8903d8480f1b9fbb47096e275567851d-1.rds`.
[2025-01-29 01:19:52] [INFO]    [OmnipathR] Loaded from cache: `https://omnipathdb.org/annotations?resources=kinase.com&license=academic`
[2025-01-29 01:19:52] [SUCCESS] [OmnipathR] Loaded 2029 annotation records from cache.
--- finished re-building ‘paths.Rmd’

SUMMARY: processing the following files failed:
  ‘bioc_workshop.Rmd’ ‘db_manager.Rmd’ ‘omnipath_intro.Rmd’

Error: Vignette re-building failed.
Execution halted