Back to Multiple platform build/check report for BioC 3.21:   simplified   long
ABCDEFGHIJKLMN[O]PQRSTUVWXYZ

This page was generated on 2025-02-03 12:37 -0500 (Mon, 03 Feb 2025).

HostnameOSArch (*)R versionInstalled pkgs
nebbiolo1Linux (Ubuntu 24.04.1 LTS)x86_64R Under development (unstable) (2025-01-20 r87609) -- "Unsuffered Consequences" 4704
palomino7Windows Server 2022 Datacenterx64R Under development (unstable) (2025-01-21 r87610 ucrt) -- "Unsuffered Consequences" 4467
lconwaymacOS 12.7.1 Montereyx86_64R Under development (unstable) (2025-01-22 r87618) -- "Unsuffered Consequences" 4478
Click on any hostname to see more info about the system (e.g. compilers)      (*) as reported by 'uname -p', except on Windows and Mac OS X

Package 1449/2289HostnameOS / ArchINSTALLBUILDCHECKBUILD BIN
OmicsMLRepoR 1.1.1  (landing page)
Sehyun Oh
Snapshot Date: 2025-02-02 13:40 -0500 (Sun, 02 Feb 2025)
git_url: https://git.bioconductor.org/packages/OmicsMLRepoR
git_branch: devel
git_last_commit: 8e0d9f2
git_last_commit_date: 2025-01-27 16:08:54 -0500 (Mon, 27 Jan 2025)
nebbiolo1Linux (Ubuntu 24.04.1 LTS) / x86_64  OK    ERROR  skipped
palomino7Windows Server 2022 Datacenter / x64  OK    ERROR  skippedskipped
lconwaymacOS 12.7.1 Monterey / x86_64  OK    ERROR  skippedskipped


BUILD results for OmicsMLRepoR on nebbiolo1

To the developers/maintainers of the OmicsMLRepoR package:
- Allow up to 24 hours (and sometimes 48 hours) for your latest push to git@git.bioconductor.org:packages/OmicsMLRepoR.git to reflect on this report. See Troubleshooting Build Report for more information.
- Use the following Renviron settings to reproduce errors and warnings.
- If 'R CMD check' started to fail recently on the Linux builder(s) over a missing dependency, add the missing dependency to 'Suggests:' in your DESCRIPTION file. See Renviron.bioc for more information.

raw results


Summary

Package: OmicsMLRepoR
Version: 1.1.1
Command: /home/biocbuild/bbs-3.21-bioc/R/bin/R CMD build --keep-empty-dirs --no-resave-data OmicsMLRepoR
StartedAt: 2025-02-02 18:24:27 -0500 (Sun, 02 Feb 2025)
EndedAt: 2025-02-02 18:26:15 -0500 (Sun, 02 Feb 2025)
EllapsedTime: 108.1 seconds
RetCode: 1
Status:   ERROR  
PackageFile: None
PackageFileSize: NA

Command output

##############################################################################
##############################################################################
###
### Running command:
###
###   /home/biocbuild/bbs-3.21-bioc/R/bin/R CMD build --keep-empty-dirs --no-resave-data OmicsMLRepoR
###
##############################################################################
##############################################################################


* checking for file ‘OmicsMLRepoR/DESCRIPTION’ ... OK
* preparing ‘OmicsMLRepoR’:
* checking DESCRIPTION meta-information ... OK
* installing the package to build vignettes
* creating vignettes ... ERROR
--- re-building ‘Quickstart.Rmd’ using rmarkdown

Quitting from lines 223-242 [unnamed-chunk-17] (Quickstart.Rmd)
Error: processing vignette 'Quickstart.Rmd' failed with diagnostics:
'sampleMap' does not have required columns
--- failed re-building ‘Quickstart.Rmd’

SUMMARY: processing the following file failed:
  ‘Quickstart.Rmd’

Error: Vignette re-building failed.
Execution halted