| Back to Build/check report for BioC 3.23: simplified long | 
  | 
This page was generated on 2025-11-03 11:33 -0500 (Mon, 03 Nov 2025).
| Hostname | OS | Arch (*) | R version | Installed pkgs | 
|---|---|---|---|---|
| nebbiolo1 | Linux (Ubuntu 24.04.3 LTS) | x86_64 | R Under development (unstable) (2025-10-20 r88955) -- "Unsuffered Consequences" | 4775 | 
| Click on any hostname to see more info about the system (e.g. compilers) (*) as reported by 'uname -p', except on Windows and Mac OS X | ||||
| Package 1507/2321 | Hostname | OS / Arch | INSTALL | BUILD | CHECK | BUILD BIN | ||||||||
| OSTA.data 1.3.0  (landing page) Yixing E. Dong 
  | nebbiolo1 | Linux (Ubuntu 24.04.3 LTS) / x86_64 | OK | ERROR | skipped | |||||||||
| 
To the developers/maintainers of the OSTA.data package: - Allow up to 24 hours (and sometimes 48 hours) for your latest push to git@git.bioconductor.org:packages/OSTA.data.git to reflect on this report. See Troubleshooting Build Report for more information. - Use the following Renviron settings to reproduce errors and warnings. - If 'R CMD check' started to fail recently on the Linux builder(s) over a missing dependency, add the missing dependency to 'Suggests:' in your DESCRIPTION file. See Renviron.bioc for more information.  | 
| Package: OSTA.data | 
| Version: 1.3.0 | 
| Command: /home/biocbuild/bbs-3.23-bioc/R/bin/R CMD build --keep-empty-dirs --no-resave-data OSTA.data | 
| StartedAt: 2025-11-02 19:03:40 -0500 (Sun, 02 Nov 2025) | 
| EndedAt: 2025-11-02 19:05:11 -0500 (Sun, 02 Nov 2025) | 
| EllapsedTime: 91.2 seconds | 
| RetCode: 1 | 
| Status: ERROR | 
| PackageFile: None | 
| PackageFileSize: NA | 
##############################################################################
##############################################################################
###
### Running command:
###
###   /home/biocbuild/bbs-3.23-bioc/R/bin/R CMD build --keep-empty-dirs --no-resave-data OSTA.data
###
##############################################################################
##############################################################################
* checking for file ‘OSTA.data/DESCRIPTION’ ... OK
* preparing ‘OSTA.data’:
* checking DESCRIPTION meta-information ... OK
* installing the package (it is needed to build vignettes)
* creating vignettes ... ERROR
--- re-building ‘OSTA.data.Rmd’ using rmarkdown
Quitting from OSTA.data.Rmd:112-124 [vis]
~~~~~~~~~~~~~~~~~~~~~~~~~~~~~~~~~~~~~~~~~~~~~~~~~~~~~~~~~~~~~~~~~~~~~~~~~~~~~~~~
<error/rlang_error>
Error in `.getSpatialPath()`:
! The 'spatial' directory was not found.
---
Backtrace:
    ▆
 1. └─VisiumIO::TENxVisium(...)
 2.   └─VisiumIO:::.find_convert_resources(...)
 3.     ├─base::dirname(...)
 4.     └─VisiumIO:::.getSpatialPath(...)
~~~~~~~~~~~~~~~~~~~~~~~~~~~~~~~~~~~~~~~~~~~~~~~~~~~~~~~~~~~~~~~~~~~~~~~~~~~~~~~~
Error: processing vignette 'OSTA.data.Rmd' failed with diagnostics:
The 'spatial' directory was not found.
--- failed re-building ‘OSTA.data.Rmd’
SUMMARY: processing the following file failed:
  ‘OSTA.data.Rmd’
Error: Vignette re-building failed.
Execution halted