Back to Multiple platform build/check report for BioC 3.21:   simplified   long
ABCDEFGHIJKLMN[O]PQRSTUVWXYZ

This page was generated on 2025-02-04 11:43 -0500 (Tue, 04 Feb 2025).

HostnameOSArch (*)R versionInstalled pkgs
nebbiolo1Linux (Ubuntu 24.04.1 LTS)x86_64R Under development (unstable) (2025-01-20 r87609) -- "Unsuffered Consequences" 4716
palomino7Windows Server 2022 Datacenterx64R Under development (unstable) (2025-01-21 r87610 ucrt) -- "Unsuffered Consequences" 4478
lconwaymacOS 12.7.1 Montereyx86_64R Under development (unstable) (2025-01-22 r87618) -- "Unsuffered Consequences" 4489
kjohnson3macOS 13.7.1 Venturaarm64R Under development (unstable) (2025-01-20 r87609) -- "Unsuffered Consequences" 4442
Click on any hostname to see more info about the system (e.g. compilers)      (*) as reported by 'uname -p', except on Windows and Mac OS X

Package 1478/2295HostnameOS / ArchINSTALLBUILDCHECKBUILD BIN
ORFik 1.27.1  (landing page)
Haakon Tjeldnes
Snapshot Date: 2025-02-03 13:40 -0500 (Mon, 03 Feb 2025)
git_url: https://git.bioconductor.org/packages/ORFik
git_branch: devel
git_last_commit: 6b522df
git_last_commit_date: 2024-12-13 07:45:29 -0500 (Fri, 13 Dec 2024)
nebbiolo1Linux (Ubuntu 24.04.1 LTS) / x86_64  OK    OK    WARNINGS  UNNEEDED, same version is already published
palomino7Windows Server 2022 Datacenter / x64  OK    OK    WARNINGS    OK  NO, package depends on 'DESeq2' which is only available as a source package that needs compilation
lconwaymacOS 12.7.1 Monterey / x86_64  OK    OK    WARNINGS    OK  NO, package depends on 'DESeq2' which is only available as a source package that needs compilation
kjohnson3macOS 13.7.1 Ventura / arm64  OK    OK    WARNINGS    OK  NO, package depends on 'DESeq2' which is only available as a source package that needs compilation


CHECK results for ORFik on lconway

To the developers/maintainers of the ORFik package:
- Allow up to 24 hours (and sometimes 48 hours) for your latest push to git@git.bioconductor.org:packages/ORFik.git to reflect on this report. See Troubleshooting Build Report for more information.
- Use the following Renviron settings to reproduce errors and warnings.
- If 'R CMD check' started to fail recently on the Linux builder(s) over a missing dependency, add the missing dependency to 'Suggests:' in your DESCRIPTION file. See Renviron.bioc for more information.

raw results


Summary

Package: ORFik
Version: 1.27.1
Command: /Library/Frameworks/R.framework/Resources/bin/R CMD check --install=check:ORFik.install-out.txt --library=/Library/Frameworks/R.framework/Resources/library --no-vignettes --timings ORFik_1.27.1.tar.gz
StartedAt: 2025-02-03 22:14:23 -0500 (Mon, 03 Feb 2025)
EndedAt: 2025-02-03 22:27:01 -0500 (Mon, 03 Feb 2025)
EllapsedTime: 757.7 seconds
RetCode: 0
Status:   WARNINGS  
CheckDir: ORFik.Rcheck
Warnings: 1

Command output

##############################################################################
##############################################################################
###
### Running command:
###
###   /Library/Frameworks/R.framework/Resources/bin/R CMD check --install=check:ORFik.install-out.txt --library=/Library/Frameworks/R.framework/Resources/library --no-vignettes --timings ORFik_1.27.1.tar.gz
###
##############################################################################
##############################################################################


* using log directory ‘/Users/biocbuild/bbs-3.21-bioc/meat/ORFik.Rcheck’
* using R Under development (unstable) (2025-01-22 r87618)
* using platform: x86_64-apple-darwin20
* R was compiled by
    Apple clang version 14.0.0 (clang-1400.0.29.202)
    GNU Fortran (GCC) 14.2.0
* running under: macOS Monterey 12.7.6
* using session charset: UTF-8
* using option ‘--no-vignettes’
* checking for file ‘ORFik/DESCRIPTION’ ... OK
* checking extension type ... Package
* this is package ‘ORFik’ version ‘1.27.1’
* package encoding: UTF-8
* checking package namespace information ... OK
* checking package dependencies ... INFO
Imports includes 28 non-default packages.
Importing from so many packages makes the package vulnerable to any of
them becoming unavailable.  Move as many as possible to Suggests and
use conditionally.
* checking if this is a source package ... OK
* checking if there is a namespace ... OK
* checking for hidden files and directories ... OK
* checking for portable file names ... NOTE
Found the following non-portable file path:
  ORFik/inst/extdata/test_processing/contaminants_depletion/LOGS/contaminants_output_template_Log.final.out

Tarballs are only required to store paths of up to 100 bytes and cannot
store those of more than 256 bytes, with restrictions including to 100
bytes for the final component.
See section ‘Package structure’ in the ‘Writing R Extensions’ manual.
* checking for sufficient/correct file permissions ... OK
* checking whether package ‘ORFik’ can be installed ... OK
* used C++ compiler: ‘Apple clang version 14.0.0 (clang-1400.0.29.202)’
* used SDK: ‘MacOSX11.3.sdk’
* checking installed package size ... OK
* checking package directory ... OK
* checking ‘build’ directory ... OK
* checking DESCRIPTION meta-information ... NOTE
License stub is invalid DCF.
* checking top-level files ... OK
* checking for left-over files ... OK
* checking index information ... OK
* checking package subdirectories ... OK
* checking code files for non-ASCII characters ... OK
* checking R files for syntax errors ... OK
* checking whether the package can be loaded ... OK
* checking whether the package can be loaded with stated dependencies ... OK
* checking whether the package can be unloaded cleanly ... OK
* checking whether the namespace can be loaded with stated dependencies ... OK
* checking whether the namespace can be unloaded cleanly ... OK
* checking dependencies in R code ... NOTE
Unexported objects imported by ':::' calls:
  ‘GenomicFeatures:::.merge_seqinfo_and_infer_missing_seqlengths’
  ‘IRanges:::regroupBySupergroup’ ‘S4Vectors:::normarg_mcols’
  ‘biomartr:::getENSEMBL.Seq’ ‘biomartr:::getENSEMBL.gtf’
  See the note in ?`:::` about the use of this operator.
* checking S3 generic/method consistency ... OK
* checking replacement functions ... OK
* checking foreign function calls ... OK
* checking R code for possible problems ... NOTE
detect_ribo_orfs: warning in outputLibs(df, type = "pshifted", output =
  "envirlist"): partial argument match of 'output' to 'output.mode'
DEG.plot.static: no visible binding for global variable ‘Regulation’
DEG.plot.static: no visible binding for global variable ‘meanCounts’
DEG.plot.static: no visible binding for global variable ‘LFC’
DEG_model_simple: no visible binding for global variable ‘id’
DEG_model_simple: no visible binding for global variable ‘contrast’
DTEG.plot: no visible binding for global variable ‘Regulation’
DTEG.plot: no visible binding for global variable ‘rna’
DTEG.plot: no visible binding for global variable ‘rfp’
QCplots: no visible binding for global variable ‘leaders’
QCplots: no visible binding for global variable ‘trailers’
QCstats.plot: no visible binding for global variable ‘variable’
QCstats.plot: no visible binding for global variable ‘sample_total’
QCstats.plot: no visible binding for global variable ‘value’
QCstats.plot: no visible global function definition for ‘.’
QCstats.plot: no visible binding for global variable ‘sample_id’
QCstats.plot: no visible binding for global variable ‘percentage’
QCstats.plot: no visible binding for global variable
  ‘perc_of_counts_per_sample’
QCstats.plot: no visible binding for global variable ‘read length’
RiboQC.plot: no visible binding for global variable ‘variable’
RiboQC.plot: no visible binding for global variable ‘sample_total’
RiboQC.plot: no visible binding for global variable ‘value’
RiboQC.plot: no visible global function definition for ‘.’
RiboQC.plot: no visible binding for global variable ‘sample_id’
RiboQC.plot: no visible binding for global variable ‘percentage’
RiboQC.plot: no visible binding for global variable ‘percent’
RiboQC.plot: no visible binding for global variable ‘frame’
STAR.multiQC_plot: no visible binding for global variable ‘value’
STAR.multiQC_plot: no visible binding for global variable ‘sample_id’
TOP.Motif.ecdf: no visible binding for global variable ‘seq1’
TOP.Motif.ecdf: no visible binding for global variable ‘TOP’
alignmentFeatureStatistics : <anonymous>: no visible binding for global
  variable ‘percentage_mrna_aligned’
alignmentFeatureStatistics : <anonymous>: no visible binding for global
  variable ‘mRNA’
alignmentFeatureStatistics : <anonymous>: no visible binding for global
  variable ‘percentage_tx_aligned’
alignmentFeatureStatistics : <anonymous>: no visible binding for global
  variable ‘Transcript’
alignmentFeatureStatistics : <anonymous>: no visible binding for global
  variable ‘ratio_cds_mrna’
alignmentFeatureStatistics : <anonymous>: no visible binding for global
  variable ‘CDS’
alignmentFeatureStatistics : <anonymous>: no visible binding for global
  variable ‘ratio_cds_leader’
alignmentFeatureStatistics : <anonymous>: no visible binding for global
  variable ‘LEADERS’
allFeaturesHelper: no visible binding for global variable ‘te’
allFeaturesHelper: no visible binding for global variable ‘fpkmRFP’
allFeaturesHelper: no visible binding for global variable ‘fpkmRNA’
allFeaturesHelper: no visible binding for global variable ‘countRFP’
allFeaturesHelper: no visible binding for global variable ‘entropyRFP’
allFeaturesHelper: no visible binding for global variable
  ‘disengagementScores’
allFeaturesHelper: no visible binding for global variable ‘RRS’
allFeaturesHelper: no visible binding for global variable ‘RSS’
allFeaturesHelper: no visible binding for global variable ‘ORFScores’
allFeaturesHelper: no visible binding for global variable ‘ioScore’
allFeaturesHelper: no visible binding for global variable
  ‘startCodonCoverage’
allFeaturesHelper: no visible binding for global variable
  ‘startRegionRelative’
allFeaturesHelper: no visible binding for global variable ‘kozak’
allFeaturesHelper: no visible binding for global variable ‘StartCodons’
allFeaturesHelper: no visible binding for global variable ‘StopCodons’
allFeaturesHelper: no visible binding for global variable
  ‘fractionLengths’
allFeaturesHelper: no visible binding for global variable ‘distORFCDS’
allFeaturesHelper: no visible binding for global variable ‘inFrameCDS’
allFeaturesHelper: no visible binding for global variable
  ‘isOverlappingCds’
allFeaturesHelper: no visible binding for global variable ‘rankInTx’
appendZeroes: no visible binding for global variable ‘frame’
appendZeroes: no visible binding for global variable ‘position’
appendZeroes: no visible binding for global variable ‘count’
artificial.orfs: no visible binding for global variable ‘random’
artificial.orfs: no visible binding for global variable ‘pick’
artificial.orfs: no visible global function definition for ‘.’
browseSRA: no visible global function definition for ‘browseURL’
cellTypeNames: missing arguments not allowed in calls to ‘c’
codonSumsPerGroup: no visible binding for global variable ‘genes’
codon_usage: no visible binding for global variable ‘merged’
codon_usage: no visible binding for global variable ‘AA’
codon_usage: no visible binding for global variable ‘codon’
codon_usage_plot: no visible binding for global variable ‘seqs’
collapse.by.scores: no visible global function definition for ‘.’
collapse.fastq.internal: no visible binding for global variable ‘N’
cor_plot: no visible binding for global variable ‘Var2’
cor_plot: no visible binding for global variable ‘Var1’
cor_plot: no visible binding for global variable ‘Cor’
cor_table: no visible binding for global variable ‘Var1’
cor_table: no visible binding for global variable ‘Var2’
cor_table: no visible binding for global variable ‘Cor’
coverageHeatMap: no visible binding for global variable ‘position’
coverageHeatMap: no visible binding for global variable ‘fraction’
coveragePerORFStatistics: no visible global function definition for ‘.’
coveragePerORFStatistics: no visible binding for global variable
  ‘count’
coveragePerORFStatistics: no visible binding for global variable
  ‘genes’
coverageScorings: no visible binding for global variable ‘count’
coverageScorings: no visible binding for global variable ‘zscore’
coverageScorings: no visible binding for global variable ‘windowMean’
coverageScorings: no visible binding for global variable ‘windowSD’
coverageScorings: no visible global function definition for ‘.’
coverageScorings: no visible binding for global variable ‘gene_sum’
coverageScorings: no visible binding for global variable ‘fraction’
coverage_random_access_file: no visible binding for global variable
  ‘genes’
coverage_random_access_file: no visible binding for global variable
  ‘position’
coverage_random_access_file: no visible binding for global variable
  ‘frame’
coverage_to_dt: no visible binding for global variable ‘frame’
coverage_to_dt: no visible binding for global variable ‘genes’
coverage_to_dt: no visible binding for global variable ‘position’
detectRibosomeShifts: no visible global function definition for ‘.’
detectRibosomeShifts: no visible binding for global variable ‘size’
detectRibosomeShifts: no visible binding for global variable ‘fraction’
detectRibosomeShifts: no visible binding for global variable ‘pShifted’
detectRibosomeShifts: no visible binding for global variable
  ‘sum.count’
detectRibosomeShifts: no visible binding for global variable ‘count’
detectRibosomeShifts: no visible binding for global variable ‘genes’
detectRibosomeShifts: no visible binding for global variable
  ‘frac.score’
entropy: no visible binding for global variable ‘Hx’
entropy: no visible binding for global variable ‘codonSums’
entropy: no visible global function definition for ‘.’
entropy: no visible binding for global variable ‘genes’
fetch_xml_attributes: no visible binding for global variable
  ‘..to_keep’
filterExtremePeakGenes: no visible binding for global variable ‘count’
filterExtremePeakGenes: no visible binding for global variable
  ‘median_per_gene’
filterExtremePeakGenes: no visible binding for global variable ‘genes’
filterExtremePeakGenes: no visible global function definition for ‘.’
filterTranscripts: no visible binding for global variable ‘utr5_len’
filterTranscripts: no visible binding for global variable ‘utr3_len’
filter_empty_runs: no visible binding for global variable ‘spots’
findNGSPairs: no visible global function definition for ‘.’
findNGSPairs: no visible binding for global variable ‘forward’
findPeaksPerGene: no visible binding for global variable ‘sum_per_gene’
findPeaksPerGene: no visible binding for global variable ‘count’
findPeaksPerGene: no visible binding for global variable ‘genes’
findPeaksPerGene: no visible binding for global variable
  ‘mean_per_gene’
findPeaksPerGene: no visible binding for global variable ‘sd_per_gene’
findPeaksPerGene: no visible binding for global variable ‘zscore’
findPeaksPerGene: no visible binding for global variable ‘gene_id’
find_url_ebi_safe: no visible binding for global variable
  ‘run_accession’
floss: no visible binding for global variable ‘ORFGrouping’
floss: no visible binding for global variable ‘widths’
floss: no visible global function definition for ‘.’
floss: no visible binding for global variable ‘CDSGrouping’
floss: no visible binding for global variable ‘fraction.x’
floss: no visible binding for global variable ‘fraction.y’
gSort: no visible binding for global variable ‘grnames’
geneToSymbol: no visible binding for global variable ‘ensembl_gene_id’
geneToSymbol: no visible binding for global variable
  ‘external_gene_name’
geneToSymbol: no visible binding for global variable
  ‘ensembl_transcript_id’
geneToSymbol: no visible binding for global variable ‘uniprotswissprot’
getNGenesCoverage: no visible global function definition for ‘.’
getNGenesCoverage: no visible binding for global variable ‘genes’
getNGenesCoverage: no visible binding for global variable ‘fraction’
get_phix_genome: no visible binding for global variable ‘phix.url’
initiationScore: no visible global function definition for ‘.’
initiationScore: no visible binding for global variable ‘dif’
initiationScore: no visible binding for global variable ‘fraction’
initiationScore: no visible binding for global variable ‘genes’
initiationScore: no visible binding for global variable ‘difPer’
install.sratoolkit: no visible binding for global variable ‘osVersion’
isPeriodic: no visible binding for global variable ‘spec’
kozakHeatmap: no visible global function definition for ‘.’
kozakHeatmap: no visible binding for global variable ‘variable’
kozakHeatmap: no visible binding for global variable ‘value’
kozakHeatmap: no visible binding for global variable
  ‘count_seq_pos_with_count’
kozakHeatmap: no visible binding for global variable ‘median_score’
kozak_IR_ranking: no visible global function definition for ‘.’
kozak_IR_ranking: no visible binding for global variable ‘IR’
kozak_IR_ranking: no visible binding for global variable
  ‘upstream_kozak_strength’
kozak_IR_ranking: no visible binding for global variable ‘count’
kozak_IR_ranking: no visible binding for global variable ‘mean_IR’
list.genomes: no visible binding for global variable ‘STAR_index’
longestORFs: no visible global function definition for ‘.’
metaWindow: no visible binding for global variable ‘position’
metaWindow: no visible binding for global variable ‘frame’
metadata.autnaming: no visible binding for global variable
  ‘LIBRARYTYPE’
metadata.autnaming: no visible binding for global variable
  ‘LibraryStrategy’
ofst_merge_internal: no visible binding for global variable
  ‘file_paths’
orfFrameDistributions : <anonymous>: no visible binding for global
  variable ‘fraction’
orfFrameDistributions: no visible binding for global variable ‘percent’
orfFrameDistributions: no visible binding for global variable
  ‘fraction’
orfFrameDistributions: no visible binding for global variable
  ‘percent_length’
orfFrameDistributions: no visible global function definition for ‘.’
orfFrameDistributions: no visible binding for global variable
  ‘best_frame’
orfScore: no visible binding for global variable ‘genes’
orfScore: no visible binding for global variable ‘frame’
orfScore: no visible binding for global variable ‘frame_one_RP’
orfScore: no visible binding for global variable ‘frame_two_RP’
pSitePlot: no visible binding for global variable ‘count’
pSitePlot: no visible binding for global variable ‘frame’
pSitePlot: no visible binding for global variable ‘position’
pcaExperiment: no visible binding for global variable ‘PC1’
pcaExperiment: no visible binding for global variable ‘PC2’
readBam: no visible global function definition for ‘bamTag<-’
readBam: no visible global function definition for ‘bamWhat<-’
readLengthTable: no visible binding for global variable
  ‘counts_per_sample’
readLengthTable: no visible binding for global variable ‘sample_id’
readLengthTable: no visible binding for global variable
  ‘perc_of_counts_per_sample’
regionPerReadLength : <anonymous>: no visible binding for global
  variable ‘fraction’
remakeTxdbExonIds: no visible global function definition for ‘.’
remakeTxdbExonIds: no visible binding for global variable ‘chr’
removeTxdbExons: no visible binding for global variable ‘exon_rank’
removeTxdbExons: no visible binding for global variable ‘ranks’
ribo_fft: no visible binding for global variable ‘fraction’
ribo_fft_plot: no visible binding for global variable ‘periods’
ribo_fft_plot: no visible binding for global variable ‘amplitude’
rnaNormalize: no visible binding for global variable ‘genes’
rnaNormalize: no visible binding for global variable ‘feature’
sample_info_append_SRA: no visible binding for global variable ‘GEO’
scaledWindowPositions: no visible binding for global variable
  ‘scalingFactor’
scaledWindowPositions: no visible binding for global variable ‘genes’
scaledWindowPositions: no visible binding for global variable
  ‘position’
scaledWindowPositions: no visible global function definition for ‘.’
scoreSummarizedExperiment: no visible global function definition for
  ‘rowSums2’
seq_usage: no visible binding for global variable ‘variable’
seq_usage: no visible binding for global variable ‘codon_sum’
seq_usage: no visible global function definition for ‘.’
seq_usage: no visible binding for global variable ‘gene_sum’
seq_usage: no visible binding for global variable
  ‘N_AA_of_type_per_gene’
seq_usage: no visible binding for global variable ‘as_prob_normalized’
seq_usage: no visible binding for global variable ‘N_total’
seq_usage: no visible binding for global variable ‘N’
seq_usage: no visible binding for global variable ‘mean_txNorm’
seq_usage: no visible binding for global variable ‘sum_txNorm’
seq_usage: no visible binding for global variable ‘dispersion’
seq_usage: no visible binding for global variable ‘dispersion_txNorm’
seq_usage: no visible binding for global variable ‘var_txNorm’
seq_usage: no visible binding for global variable ‘mean_percentage’
seq_usage: no visible binding for global variable ‘mean_txNorm_prob’
seq_usage: no visible binding for global variable
  ‘mean_txNorm_percentage’
seq_usage: no visible binding for global variable
  ‘relative_to_max_score’
shiftPlots : <anonymous>: no visible binding for global variable
  ‘frame’
shiftPlots : <anonymous>: no visible binding for global variable
  ‘position’
te.plot: no visible global function definition for ‘rowMin’
te.plot: no visible binding for global variable ‘variable’
te.plot: no visible binding for global variable ‘LFC_TE’
te.plot: no visible binding for global variable ‘rfp_log2’
te.plot: no visible binding for global variable ‘rna_log2’
te.plot: no visible binding for global variable ‘rna_log10’
te.table: no visible global function definition for ‘rowMin’
te.table: no visible binding for global variable ‘variable’
te.table: no visible binding for global variable ‘TE_log2’
te.table: no visible binding for global variable ‘rfp_log2’
te.table: no visible binding for global variable ‘rna_log2’
te_rna.plot: no visible binding for global variable ‘subtitle’
te_rna.plot: no visible binding for global variable ‘rna_log10’
te_rna.plot: no visible binding for global variable ‘TE_log2’
topMotif: no visible binding for global variable ‘seq1’
topMotif: no visible binding for global variable ‘seq2’
topMotif: no visible binding for global variable ‘seq3’
topMotif: no visible binding for global variable ‘seq4’
topMotif: no visible binding for global variable ‘seq5’
transcriptWindow: no visible binding for global variable ‘fractions’
transcriptWindow: no visible binding for global variable ‘feature’
unlistToExtremities: no visible global function definition for ‘.’
unlistToExtremities: no visible binding for global variable ‘group’
windowCoveragePlot: no visible binding for global variable ‘feature’
windowCoveragePlot: no visible binding for global variable ‘fraction’
windowCoveragePlot: no visible binding for global variable
  ‘fraction_min’
windowCoveragePlot: no visible binding for global variable ‘position’
collapseDuplicatedReads,GAlignmentPairs: no visible global function
  definition for ‘.’
collapseDuplicatedReads,GAlignmentPairs: no visible binding for global
  variable ‘start1’
collapseDuplicatedReads,GAlignmentPairs: no visible binding for global
  variable ‘start2’
collapseDuplicatedReads,GAlignmentPairs: no visible binding for global
  variable ‘cigar1’
collapseDuplicatedReads,GAlignmentPairs: no visible binding for global
  variable ‘cigar2’
collapseDuplicatedReads,GAlignments: no visible global function
  definition for ‘.’
collapseDuplicatedReads,GRanges: no visible binding for global variable
  ‘size’
collapseDuplicatedReads,GRanges: no visible global function definition
  for ‘.’
collapseDuplicatedReads,data.table: no visible global function
  definition for ‘.’
design,experiment: no visible binding for global variable ‘..formula’
seqlevels,experiment: no visible binding for global variable ‘df’
show,covRleList: no visible global function definition for ‘head’
Undefined global functions or variables:
  . ..formula ..to_keep AA CDS CDSGrouping Cor GEO Hx IR LEADERS LFC
  LFC_TE LIBRARYTYPE LibraryStrategy N N_AA_of_type_per_gene N_total
  ORFGrouping ORFScores PC1 PC2 RRS RSS Regulation STAR_index
  StartCodons StopCodons TE_log2 TOP Transcript Var1 Var2 amplitude
  as_prob_normalized bamTag<- bamWhat<- best_frame browseURL chr cigar1
  cigar2 codon codonSums codon_sum contrast count countRFP
  count_seq_pos_with_count counts_per_sample df dif difPer
  disengagementScores dispersion dispersion_txNorm distORFCDS
  ensembl_gene_id ensembl_transcript_id entropyRFP exon_rank
  external_gene_name feature file_paths forward fpkmRFP fpkmRNA
  frac.score fraction fraction.x fraction.y fractionLengths
  fraction_min fractions frame frame_one_RP frame_two_RP gene_id
  gene_sum genes grnames group head id inFrameCDS ioScore
  isOverlappingCds kozak leaders mRNA meanCounts mean_IR mean_per_gene
  mean_percentage mean_txNorm mean_txNorm_percentage mean_txNorm_prob
  median_per_gene median_score merged osVersion pShifted
  perc_of_counts_per_sample percent percent_length percentage
  percentage_mrna_aligned percentage_tx_aligned periods phix.url pick
  position random rankInTx ranks ratio_cds_leader ratio_cds_mrna read
  length relative_to_max_score rfp rfp_log2 rna rna_log10 rna_log2
  rowMin rowSums2 run_accession sample_id sample_total scalingFactor
  sd_per_gene seq1 seq2 seq3 seq4 seq5 seqs size spec spots start1
  start2 startCodonCoverage startRegionRelative subtitle sum.count
  sum_per_gene sum_txNorm te trailers uniprotswissprot
  upstream_kozak_strength utr3_len utr5_len value var_txNorm variable
  widths windowMean windowSD zscore
Consider adding
  importFrom("base", "length")
  importFrom("graphics", "frame")
  importFrom("stats", "df")
  importFrom("utils", "browseURL", "head", "osVersion")
to your NAMESPACE file.
* checking Rd files ... NOTE
checkRd: (-1) STAR.align.folder.Rd:72: Lost braces in \itemize; meant \describe ?
checkRd: (-1) STAR.align.folder.Rd:73: Lost braces in \itemize; meant \describe ?
checkRd: (-1) STAR.align.folder.Rd:74: Lost braces in \itemize; meant \describe ?
checkRd: (-1) STAR.align.folder.Rd:75: Lost braces in \itemize; meant \describe ?
checkRd: (-1) STAR.align.folder.Rd:76: Lost braces in \itemize; meant \describe ?
checkRd: (-1) STAR.align.folder.Rd:77: Lost braces in \itemize; meant \describe ?
checkRd: (-1) STAR.align.folder.Rd:78: Lost braces in \itemize; meant \describe ?
checkRd: (-1) STAR.align.folder.Rd:79-80: Lost braces in \itemize; meant \describe ?
checkRd: (-1) STAR.align.folder.Rd:103: Lost braces in \itemize; meant \describe ?
checkRd: (-1) STAR.align.folder.Rd:104: Lost braces in \itemize; meant \describe ?
checkRd: (-1) STAR.align.folder.Rd:105: Lost braces in \itemize; meant \describe ?
checkRd: (-1) STAR.align.folder.Rd:115: Lost braces in \itemize; meant \describe ?
checkRd: (-1) STAR.align.folder.Rd:116: Lost braces in \itemize; meant \describe ?
checkRd: (-1) STAR.align.single.Rd:61: Lost braces in \itemize; meant \describe ?
checkRd: (-1) STAR.align.single.Rd:62: Lost braces in \itemize; meant \describe ?
checkRd: (-1) STAR.align.single.Rd:63: Lost braces in \itemize; meant \describe ?
checkRd: (-1) STAR.align.single.Rd:64: Lost braces in \itemize; meant \describe ?
checkRd: (-1) STAR.align.single.Rd:65: Lost braces in \itemize; meant \describe ?
checkRd: (-1) STAR.align.single.Rd:66: Lost braces in \itemize; meant \describe ?
checkRd: (-1) STAR.align.single.Rd:67: Lost braces in \itemize; meant \describe ?
checkRd: (-1) STAR.align.single.Rd:68-69: Lost braces in \itemize; meant \describe ?
checkRd: (-1) STAR.align.single.Rd:92: Lost braces in \itemize; meant \describe ?
checkRd: (-1) STAR.align.single.Rd:93: Lost braces in \itemize; meant \describe ?
checkRd: (-1) STAR.align.single.Rd:94: Lost braces in \itemize; meant \describe ?
checkRd: (-1) STAR.align.single.Rd:104: Lost braces in \itemize; meant \describe ?
checkRd: (-1) STAR.align.single.Rd:105: Lost braces in \itemize; meant \describe ?
checkRd: (-1) codon_usage.Rd:56: Lost braces in \itemize; \value handles \item{}{} directly
checkRd: (-1) codon_usage.Rd:57: Lost braces in \itemize; \value handles \item{}{} directly
checkRd: (-1) codon_usage.Rd:58: Lost braces in \itemize; \value handles \item{}{} directly
checkRd: (-1) codon_usage.Rd:59: Lost braces in \itemize; \value handles \item{}{} directly
checkRd: (-1) codon_usage.Rd:60: Lost braces in \itemize; \value handles \item{}{} directly
checkRd: (-1) codon_usage.Rd:61: Lost braces in \itemize; \value handles \item{}{} directly
checkRd: (-1) codon_usage.Rd:62-63: Lost braces in \itemize; \value handles \item{}{} directly
checkRd: (-1) codon_usage.Rd:65-68: Lost braces in \itemize; \value handles \item{}{} directly
checkRd: (-1) codon_usage.Rd:69: Lost braces in \itemize; \value handles \item{}{} directly
checkRd: (-1) codon_usage.Rd:70: Lost braces in \itemize; \value handles \item{}{} directly
checkRd: (-1) codon_usage.Rd:71: Lost braces in \itemize; \value handles \item{}{} directly
checkRd: (-1) codon_usage_exp.Rd:68: Lost braces in \itemize; \value handles \item{}{} directly
checkRd: (-1) codon_usage_exp.Rd:69: Lost braces in \itemize; \value handles \item{}{} directly
checkRd: (-1) codon_usage_exp.Rd:70: Lost braces in \itemize; \value handles \item{}{} directly
checkRd: (-1) codon_usage_exp.Rd:71: Lost braces in \itemize; \value handles \item{}{} directly
checkRd: (-1) codon_usage_exp.Rd:72: Lost braces in \itemize; \value handles \item{}{} directly
checkRd: (-1) codon_usage_exp.Rd:73: Lost braces in \itemize; \value handles \item{}{} directly
checkRd: (-1) codon_usage_exp.Rd:74-75: Lost braces in \itemize; \value handles \item{}{} directly
checkRd: (-1) codon_usage_exp.Rd:77-80: Lost braces in \itemize; \value handles \item{}{} directly
checkRd: (-1) codon_usage_exp.Rd:81: Lost braces in \itemize; \value handles \item{}{} directly
checkRd: (-1) codon_usage_exp.Rd:82: Lost braces in \itemize; \value handles \item{}{} directly
checkRd: (-1) codon_usage_exp.Rd:83: Lost braces in \itemize; \value handles \item{}{} directly
checkRd: (-1) computeFeatures.Rd:76: Lost braces in \itemize; meant \describe ?
checkRd: (-1) computeFeatures.Rd:77: Lost braces in \itemize; meant \describe ?
checkRd: (-1) computeFeatures.Rd:78: Lost braces in \itemize; meant \describe ?
checkRd: (-1) computeFeatures.Rd:79: Lost braces in \itemize; meant \describe ?
checkRd: (-1) computeFeatures.Rd:80: Lost braces in \itemize; meant \describe ?
checkRd: (-1) computeFeatures.Rd:81: Lost braces in \itemize; meant \describe ?
checkRd: (-1) computeFeatures.Rd:82: Lost braces in \itemize; meant \describe ?
checkRd: (-1) computeFeatures.Rd:83: Lost braces in \itemize; meant \describe ?
checkRd: (-1) computeFeatures.Rd:84: Lost braces in \itemize; meant \describe ?
checkRd: (-1) computeFeatures.Rd:85: Lost braces in \itemize; meant \describe ?
checkRd: (-1) computeFeatures.Rd:86: Lost braces in \itemize; meant \describe ?
checkRd: (-1) computeFeatures.Rd:87: Lost braces in \itemize; meant \describe ?
checkRd: (-1) computeFeatures.Rd:88: Lost braces in \itemize; meant \describe ?
checkRd: (-1) computeFeatures.Rd:89: Lost braces in \itemize; meant \describe ?
checkRd: (-1) computeFeatures.Rd:93: Lost braces in \itemize; meant \describe ?
checkRd: (-1) computeFeatures.Rd:94: Lost braces in \itemize; meant \describe ?
checkRd: (-1) computeFeatures.Rd:95: Lost braces in \itemize; meant \describe ?
checkRd: (-1) computeFeatures.Rd:96: Lost braces in \itemize; meant \describe ?
checkRd: (-1) computeFeatures.Rd:97: Lost braces in \itemize; meant \describe ?
checkRd: (-1) computeFeatures.Rd:101: Lost braces in \itemize; meant \describe ?
checkRd: (-1) computeFeatures.Rd:102: Lost braces in \itemize; meant \describe ?
checkRd: (-1) computeFeatures.Rd:103: Lost braces in \itemize; meant \describe ?
checkRd: (-1) computeFeatures.Rd:104: Lost braces in \itemize; meant \describe ?
checkRd: (-1) coverageHeatMap.Rd:64: Lost braces in \itemize; meant \describe ?
checkRd: (-1) coverageHeatMap.Rd:65: Lost braces in \itemize; meant \describe ?
checkRd: (-1) coverageHeatMap.Rd:66: Lost braces in \itemize; meant \describe ?
checkRd: (-1) coverageHeatMap.Rd:80: Lost braces in \itemize; meant \describe ?
checkRd: (-1) coverageHeatMap.Rd:81: Lost braces in \itemize; meant \describe ?
checkRd: (-1) coverageHeatMap.Rd:82: Lost braces in \itemize; meant \describe ?
checkRd: (-1) coverageHeatMap.Rd:83: Lost braces in \itemize; meant \describe ?
checkRd: (-1) detect_ribo_orfs.Rd:38: Lost braces in \itemize; meant \describe ?
checkRd: (-1) detect_ribo_orfs.Rd:39: Lost braces in \itemize; meant \describe ?
checkRd: (-1) detect_ribo_orfs.Rd:40: Lost braces in \itemize; meant \describe ?
checkRd: (-1) detect_ribo_orfs.Rd:41: Lost braces in \itemize; meant \describe ?
checkRd: (-1) detect_ribo_orfs.Rd:42: Lost braces in \itemize; meant \describe ?
checkRd: (-1) detect_ribo_orfs.Rd:43: Lost braces in \itemize; meant \describe ?
checkRd: (-1) detect_ribo_orfs.Rd:44: Lost braces in \itemize; meant \describe ?
checkRd: (-1) detect_ribo_orfs.Rd:45: Lost braces in \itemize; meant \describe ?
checkRd: (-1) detect_ribo_orfs.Rd:46: Lost braces in \itemize; meant \describe ?
checkRd: (-1) detect_ribo_orfs.Rd:47: Lost braces in \itemize; meant \describe ?
checkRd: (-1) detect_ribo_orfs.Rd:48: Lost braces in \itemize; meant \describe ?
checkRd: (-1) experiment-class.Rd:16-17: Lost braces in \itemize; meant \describe ?
checkRd: (-1) experiment-class.Rd:18-19: Lost braces in \itemize; meant \describe ?
checkRd: (-1) experiment-class.Rd:20: Lost braces in \itemize; meant \describe ?
checkRd: (-1) experiment-class.Rd:21-22: Lost braces in \itemize; meant \describe ?
checkRd: (-1) experiment-class.Rd:23-27: Lost braces in \itemize; meant \describe ?
checkRd: (-1) experiment-class.Rd:28-29: Lost braces in \itemize; meant \describe ?
checkRd: (-1) readBam.Rd:13: Lost braces in \itemize; meant \describe ?
checkRd: (-1) readBam.Rd:14-16: Lost braces in \itemize; meant \describe ?
checkRd: (-1) readBam.Rd:17-20: Lost braces in \itemize; meant \describe ?
* checking Rd metadata ... OK
* checking Rd cross-references ... NOTE
Found the following Rd file(s) with Rd \link{} targets missing package
anchors:
  DTEG.analysis.Rd: SummarizedExperiment
  ORFikQC.Rd: SummarizedExperiment
  QCreport.Rd: SummarizedExperiment
  allFeaturesHelper.Rd: GRangesList, GAlignments, GRanges, FaFile
  asTX.Rd: GRangesList
  assignFirstExonsStartSite.Rd: GRangesList
  assignLastExonsStopSite.Rd: GRangesList
  bedToGR.Rd: GRanges
  codonSumsPerGroup.Rd: GRangesList, GAlignments, GRanges
  codon_usage_exp.Rd: FaFile
  computeFeatures.Rd: GRangesList, GAlignments, GRanges, FaFile
  computeFeaturesCage.Rd: GRangesList, GAlignments, GRanges, FaFile
  coverageByTranscriptC.Rd: coverageByTranscript, GRangesList
  coverageByTranscriptW.Rd: coverageByTranscript, GRanges, GAlignments,
    GRangesList
  coveragePerTiling.Rd: GRangesList, GAlignments, GRanges
  detectRibosomeShifts.Rd: GAlignments
  disengagementScore.Rd: GRangesList, TxDb
  distToCds.Rd: GRangesList
  distToTSS.Rd: GRangesList
  downstreamFromPerGroup.Rd: GRangesList
  downstreamOfPerGroup.Rd: GRangesList
  entropy.Rd: GRangesList, GRanges, GAlignments
  experiment-class.Rd: SummarizedExperiment
  export.ofst-GAlignmentPairs-method.Rd: fst-package
  export.ofst-GAlignments-method.Rd: fst-package
  export.ofst-GRanges-method.Rd: fst-package
  export.ofst.Rd: fst-package
  extendLeaders.Rd: GRangesList
  extendTrailers.Rd: GRangesList
  fimport.Rd: seqlevelsStyle, Seqinfo, GAlignments, GRanges
  findFa.Rd: FaFile
  findMapORFs.Rd: GRangesList, FaFile
  findORFs.Rd: IRanges, IRangesList, FaFile
  findUORFs.Rd: FaFile
  firstEndPerGroup.Rd: GRangesList
  firstExonPerGroup.Rd: GRangesList
  firstStartPerGroup.Rd: GRangesList
  flankPerGroup.Rd: GRangesList
  floss.Rd: GRangesList, GRanges, GAlignments
  fpkm.Rd: GRangesList, GRanges, GAlignments
  fractionLength.Rd: GRangesList
  fread.bed.Rd: import.bed, seqlevelsStyle, Seqinfo, GRanges
  gSort.Rd: GRangesList
  hasHits.Rd: GRangesList
  heatMapL.Rd: GRangesList
  heatMapRegion.Rd: GRanges, GAlignments
  heatMap_single.Rd: GRangesList, GAlignments, GRanges
  import.ofst.Rd: fst-package, GAlignmentPairs
  initiationScore.Rd: GRangesList, GAlignments
  insideOutsideORF.Rd: GRangesList, TxDb
  kozakSequenceScore.Rd: GRangesList, FaFile
  kozak_IR_ranking.Rd: FaFile
  lastExonEndPerGroup.Rd: GRangesList
  lastExonPerGroup.Rd: GRangesList
  lastExonStartPerGroup.Rd: GRangesList
  loadTxdb.Rd: seqlevelsStyle, Seqinfo
  longestORFs.Rd: GRangesList
  makeExonRanks.Rd: GRangesList
  makeORFNames.Rd: GRangesList
  makeSummarizedExperimentFromBam.Rd: GRangesList, SummarizedExperiment
  mapToGRanges.Rd: GRangesList
  matchNaming.Rd: GRangesList
  matchSeqStyle.Rd: seqlevelsStyle, Seqinfo
  numCodons.Rd: GRangesList
  numExonsPerGroup.Rd: GRangesList
  optimizeReads.Rd: GRangesList
  optimizedTranscriptLengths.Rd: transcriptLengths
  orfID.Rd: GRangesList
  orfScore.Rd: GRangesList, GAlignments, GRanges
  outputLibs.Rd: seqlevelsStyle, Seqinfo
  rankOrder.Rd: GRangesList
  readBam.Rd: readGAlignments, seqlevelsStyle, Seqinfo, GAlignments,
    GAlignmentPairs
  readBigWig.Rd: seqlevelsStyle, Seqinfo, GRanges
  readWig.Rd: seqlevelsStyle, Seqinfo, GRanges
  reduceKeepAttr.Rd: GRangesList, reduce
  regionPerReadLength.Rd: GRangesList, GAlignments, GRanges
  reverseMinusStrandPerGroup.Rd: GRangesList
  ribo_fft.Rd: GAlignments, GRanges, GRangesList
  ribosomeReleaseScore.Rd: GRangesList, GAlignments, GRanges
  ribosomeStallingScore.Rd: GRangesList
  rnaNormalize.Rd: GRangesList
  scaledWindowPositions.Rd: GRangesList, GAlignments, GRanges
  seqnamesPerGroup.Rd: GRangesList
  shiftFootprints.Rd: GAlignments, GRanges
  sortPerGroup.Rd: sort.GenomicRanges, GRangesList
  splitIn3Tx.Rd: GRangesList
  startCodons.Rd: GRangesList
  startRegion.Rd: GRangesList
  startRegionCoverage.Rd: GRangesList
  startRegionString.Rd: GRangesList, FaFile
  startSites.Rd: GRangesList
  stopCodons.Rd: GRangesList
  stopRegion.Rd: GRangesList
  stopSites.Rd: GRangesList
  strandBool.Rd: GRangesList
  strandPerGroup.Rd: GRangesList
  tile1.Rd: GRangesList
  transcriptWindow.Rd: GRangesList
  transcriptWindowPer.Rd: GRangesList
  translationalEff.Rd: GRangesList, GRanges, GAlignments
  txNames.Rd: GRangesList
  txSeqsFromFa.Rd: GRangesList, FaFile, extractTranscriptSeqs,
    DNAStringSet
  uniqueGroups.Rd: GRangesList
  uniqueOrder.Rd: GRangesList, GRanges
  unlistToExtremities.Rd: GRangesList
  upstreamFromPerGroup.Rd: GRangesList
  upstreamOfPerGroup.Rd: GRangesList
  validSeqlevels.Rd: GRangesList
  widthPerGroup.Rd: GRangesList
  windowPerGroup.Rd: GRangesList
  windowPerReadLength.Rd: GRangesList, GAlignments, GRanges
Please provide package anchors for all Rd \link{} targets not in the
package itself and the base packages.
* checking for missing documentation entries ... OK
* checking for code/documentation mismatches ... OK
* checking Rd \usage sections ... WARNING
Undocumented arguments in Rd file 'optimizedTranscriptLengths.Rd'
  ‘optimized_path’

Functions with \usage entries need to have the appropriate \alias
entries, and all their arguments documented.
The \usage entries must correspond to syntactically valid R code.
See chapter ‘Writing R documentation files’ in the ‘Writing R
Extensions’ manual.
* checking Rd contents ... OK
* checking for unstated dependencies in examples ... OK
* checking line endings in C/C++/Fortran sources/headers ... OK
* checking compiled code ... NOTE
Note: information on .o files is not available
* checking files in ‘vignettes’ ... OK
* checking examples ... OK
Examples with CPU (user + system) or elapsed time > 5s
                              user system elapsed
makeTxdbFromGenome          23.483  0.465  24.075
codon_usage_exp             10.283  0.431  10.702
STAR.allsteps.multiQC        7.994  0.102   8.188
detect_ribo_orfs             7.278  0.562   7.793
findUORFs_exp                5.642  0.070   5.772
shiftPlots                   4.152  1.445   0.185
computeFeatures              5.164  0.125   5.465
shiftFootprintsByExperiment  1.095  0.048   6.469
* checking for unstated dependencies in ‘tests’ ... OK
* checking tests ...
  Running ‘testthat.R’
 OK
* checking for unstated dependencies in vignettes ... OK
* checking package vignettes ... OK
* checking running R code from vignettes ... SKIPPED
* checking re-building of vignette outputs ... SKIPPED
* checking PDF version of manual ... OK
* DONE

Status: 1 WARNING, 7 NOTEs
See
  ‘/Users/biocbuild/bbs-3.21-bioc/meat/ORFik.Rcheck/00check.log’
for details.


Installation output

ORFik.Rcheck/00install.out

##############################################################################
##############################################################################
###
### Running command:
###
###   /Library/Frameworks/R.framework/Resources/bin/R CMD INSTALL ORFik
###
##############################################################################
##############################################################################


* installing to library ‘/Library/Frameworks/R.framework/Versions/4.5-x86_64/Resources/library’
* installing *source* package ‘ORFik’ ...
** this is package ‘ORFik’ version ‘1.27.1’
** using staged installation
** libs
using C++ compiler: ‘Apple clang version 14.0.0 (clang-1400.0.29.202)’
using SDK: ‘MacOSX11.3.sdk’
clang++ -arch x86_64 -std=gnu++17 -I"/Library/Frameworks/R.framework/Resources/include" -DNDEBUG  -I'/Library/Frameworks/R.framework/Versions/4.5-x86_64/Resources/library/Rcpp/include' -I/opt/R/x86_64/include    -fPIC  -falign-functions=64 -Wall -g -O2  -DR_NO_REMAP -c RcppExports.cpp -o RcppExports.o
clang++ -arch x86_64 -std=gnu++17 -I"/Library/Frameworks/R.framework/Resources/include" -DNDEBUG  -I'/Library/Frameworks/R.framework/Versions/4.5-x86_64/Resources/library/Rcpp/include' -I/opt/R/x86_64/include    -fPIC  -falign-functions=64 -Wall -g -O2  -DR_NO_REMAP -c findORFsHelpers.cpp -o findORFsHelpers.o
clang++ -arch x86_64 -std=gnu++17 -I"/Library/Frameworks/R.framework/Resources/include" -DNDEBUG  -I'/Library/Frameworks/R.framework/Versions/4.5-x86_64/Resources/library/Rcpp/include' -I/opt/R/x86_64/include    -fPIC  -falign-functions=64 -Wall -g -O2  -DR_NO_REMAP -c findOrfs.cpp -o findOrfs.o
clang++ -arch x86_64 -std=gnu++17 -I"/Library/Frameworks/R.framework/Resources/include" -DNDEBUG  -I'/Library/Frameworks/R.framework/Versions/4.5-x86_64/Resources/library/Rcpp/include' -I/opt/R/x86_64/include    -fPIC  -falign-functions=64 -Wall -g -O2  -DR_NO_REMAP -c findOrfsFasta.cpp -o findOrfsFasta.o
clang++ -arch x86_64 -std=gnu++17 -I"/Library/Frameworks/R.framework/Resources/include" -DNDEBUG  -I'/Library/Frameworks/R.framework/Versions/4.5-x86_64/Resources/library/Rcpp/include' -I/opt/R/x86_64/include    -fPIC  -falign-functions=64 -Wall -g -O2  -DR_NO_REMAP -c pmapFromTranscripts.cpp -o pmapFromTranscripts.o
clang++ -arch x86_64 -std=gnu++17 -I"/Library/Frameworks/R.framework/Resources/include" -DNDEBUG  -I'/Library/Frameworks/R.framework/Versions/4.5-x86_64/Resources/library/Rcpp/include' -I/opt/R/x86_64/include    -fPIC  -falign-functions=64 -Wall -g -O2  -DR_NO_REMAP -c pmapToTranscripts.cpp -o pmapToTranscripts.o
pmapToTranscripts.cpp:22:7: warning: variable 'currentWidth' set but not used [-Wunused-but-set-variable]
  int currentWidth = 0;
      ^
pmapToTranscripts.cpp:68:7: warning: variable 'currentWidth' set but not used [-Wunused-but-set-variable]
  int currentWidth = 0;
      ^
2 warnings generated.
clang++ -arch x86_64 -std=gnu++17 -dynamiclib -Wl,-headerpad_max_install_names -undefined dynamic_lookup -L/Library/Frameworks/R.framework/Resources/lib -L/opt/R/x86_64/lib -o ORFik.so RcppExports.o findORFsHelpers.o findOrfs.o findOrfsFasta.o pmapFromTranscripts.o pmapToTranscripts.o -F/Library/Frameworks/R.framework/.. -framework R -Wl,-framework -Wl,CoreFoundation
installing to /Library/Frameworks/R.framework/Versions/4.5-x86_64/Resources/library/00LOCK-ORFik/00new/ORFik/libs
** R
** inst
** byte-compile and prepare package for lazy loading
Creating a new generic function for ‘symbols’ in package ‘ORFik’
** help
*** installing help indices
** building package indices
** installing vignettes
** testing if installed package can be loaded from temporary location
** checking absolute paths in shared objects and dynamic libraries
** testing if installed package can be loaded from final location
** testing if installed package keeps a record of temporary installation path
* DONE (ORFik)

Tests output

ORFik.Rcheck/tests/testthat.Rout


R Under development (unstable) (2025-01-22 r87618) -- "Unsuffered Consequences"
Copyright (C) 2025 The R Foundation for Statistical Computing
Platform: x86_64-apple-darwin20

R is free software and comes with ABSOLUTELY NO WARRANTY.
You are welcome to redistribute it under certain conditions.
Type 'license()' or 'licence()' for distribution details.

R is a collaborative project with many contributors.
Type 'contributors()' for more information and
'citation()' on how to cite R or R packages in publications.

Type 'demo()' for some demos, 'help()' for on-line help, or
'help.start()' for an HTML browser interface to help.
Type 'q()' to quit R.

> library(testthat)
> library(ORFik)
Loading required package: IRanges
Loading required package: BiocGenerics
Loading required package: generics

Attaching package: 'generics'

The following objects are masked from 'package:base':

    as.difftime, as.factor, as.ordered, intersect, is.element, setdiff,
    setequal, union


Attaching package: 'BiocGenerics'

The following objects are masked from 'package:stats':

    IQR, mad, sd, var, xtabs

The following objects are masked from 'package:base':

    Filter, Find, Map, Position, Reduce, anyDuplicated, aperm, append,
    as.data.frame, basename, cbind, colnames, dirname, do.call,
    duplicated, eval, evalq, get, grep, grepl, is.unsorted, lapply,
    mapply, match, mget, order, paste, pmax, pmax.int, pmin, pmin.int,
    rank, rbind, rownames, sapply, saveRDS, table, tapply, unique,
    unsplit, which.max, which.min

Loading required package: S4Vectors
Loading required package: stats4

Attaching package: 'S4Vectors'

The following object is masked from 'package:utils':

    findMatches

The following objects are masked from 'package:base':

    I, expand.grid, unname

Loading required package: GenomicRanges
Loading required package: GenomeInfoDb
Loading required package: GenomicAlignments
Loading required package: SummarizedExperiment
Loading required package: MatrixGenerics
Loading required package: matrixStats

Attaching package: 'MatrixGenerics'

The following objects are masked from 'package:matrixStats':

    colAlls, colAnyNAs, colAnys, colAvgsPerRowSet, colCollapse,
    colCounts, colCummaxs, colCummins, colCumprods, colCumsums,
    colDiffs, colIQRDiffs, colIQRs, colLogSumExps, colMadDiffs,
    colMads, colMaxs, colMeans2, colMedians, colMins, colOrderStats,
    colProds, colQuantiles, colRanges, colRanks, colSdDiffs, colSds,
    colSums2, colTabulates, colVarDiffs, colVars, colWeightedMads,
    colWeightedMeans, colWeightedMedians, colWeightedSds,
    colWeightedVars, rowAlls, rowAnyNAs, rowAnys, rowAvgsPerColSet,
    rowCollapse, rowCounts, rowCummaxs, rowCummins, rowCumprods,
    rowCumsums, rowDiffs, rowIQRDiffs, rowIQRs, rowLogSumExps,
    rowMadDiffs, rowMads, rowMaxs, rowMeans2, rowMedians, rowMins,
    rowOrderStats, rowProds, rowQuantiles, rowRanges, rowRanks,
    rowSdDiffs, rowSds, rowSums2, rowTabulates, rowVarDiffs, rowVars,
    rowWeightedMads, rowWeightedMeans, rowWeightedMedians,
    rowWeightedSds, rowWeightedVars

Loading required package: Biobase
Welcome to Bioconductor

    Vignettes contain introductory material; view with
    'browseVignettes()'. To cite Bioconductor, see
    'citation("Biobase")', and for packages 'citation("pkgname")'.


Attaching package: 'Biobase'

The following object is masked from 'package:MatrixGenerics':

    rowMedians

The following objects are masked from 'package:matrixStats':

    anyMissing, rowMedians

Loading required package: Biostrings
Loading required package: XVector

Attaching package: 'Biostrings'

The following object is masked from 'package:base':

    strsplit

Loading required package: Rsamtools

Attaching package: 'ORFik'

The following object is masked from 'package:graphics':

    symbols

> 
> test_check("ORFik")
[ FAIL 0 | WARN 0 | SKIP 0 | PASS 440 ]
> 
> proc.time()
   user  system elapsed 
108.836   4.126 113.620 

Example timings

ORFik.Rcheck/ORFik-Ex.timings

nameusersystemelapsed
DEG.analysis0.5740.0120.589
DEG.plot.static0.6600.0300.696
DEG_model0.5510.0080.567
DEG_model_results1.5730.0151.823
DEG_model_simple0.6250.0061.151
DTEG.analysis0.6690.0441.227
DTEG.plot0.6710.0581.284
ORFik.template.experiment0.6890.0391.297
ORFik.template.experiment.zf0.0910.0030.173
ORFikQC0.6200.0051.086
QCreport0.7340.0061.268
QCstats0.6390.0061.170
QCstats.plot0.6300.0081.134
RiboQC.plot0.5860.0040.986
STAR.align.folder0.0010.0000.001
STAR.align.single0.0010.0000.000
STAR.allsteps.multiQC7.9940.1028.188
STAR.index0.0000.0000.001
STAR.install0.0010.0000.000
STAR.multiQC2.5180.0222.557
STAR.remove.crashed.genome000
TOP.Motif.ecdf000
artificial.orfs0.4930.0070.505
asTX0.8220.0120.841
assignTSSByCage0.0020.0010.004
bamVarName0.8020.0090.816
browseSRA0.0010.0000.000
codon_usage3.8590.0563.947
codon_usage_exp10.283 0.43110.702
codon_usage_plot3.8980.4334.303
collapse.by.scores0.1210.0090.129
collapse.fastq0.0000.0010.001
collapseDuplicatedReads-GAlignmentPairs-method0.0820.0070.089
collapseDuplicatedReads-GAlignments-method0.0330.0020.037
collapseDuplicatedReads-GRanges-method0.0340.0020.036
collapseDuplicatedReads-data.table-method0.0300.0020.032
collapseDuplicatedReads0.0340.0030.035
combn.pairs0.4880.0120.501
computeFeatures5.1640.1255.465
computeFeaturesCage000
config0.0000.0010.000
config.exper0.1710.0160.190
config.save000
config_file0.2230.0130.238
convertLibs0.4690.0040.474
convertToOneBasedRanges0.1440.0010.146
convert_bam_to_ofst0.1830.0130.201
convert_to_bigWig1.1340.0161.156
convert_to_covRle0.6450.0090.658
convert_to_covRleList0.8800.0130.898
countOverlapsW0.0780.0010.080
countTable0.4590.0050.469
countTable_regions0.4730.0040.479
covRle0.0580.0010.059
covRleFromGR0.0950.0020.097
covRleList0.0200.0000.021
coverageHeatMap1.3610.0131.383
coveragePerTiling0.8320.0060.841
coverageScorings0.0110.0010.011
create.experiment1.0050.0121.023
defineTrailer0.1860.0020.189
design-experiment-method0.4690.0040.476
detectRibosomeShifts0.0030.0020.005
detect_ribo_orfs7.2780.5627.793
disengagementScore0.5760.0040.584
distToCds0.2980.0040.304
distToTSS0.2680.0040.273
download.SRA0.0000.0010.000
download.SRA.metadata0.1780.0160.919
entropy1.8260.0161.855
experiment-class0.5310.0090.544
export.bed120.0280.0010.029
export.bigWig0.0480.0010.049
export.fstwig0.0830.0010.085
export.ofst-GAlignmentPairs-method0.0800.0010.081
export.ofst-GAlignments-method0.0620.0010.063
export.ofst-GRanges-method0.0700.0010.071
export.ofst0.0680.0010.069
export.wiggle0.0400.0010.041
extendLeaders1.2880.0481.347
extendLeadersUntil1.9740.0372.028
extendTrailers0.7710.0160.791
extendTrailersUntil1.9380.0111.961
extract_run_id0.0010.0000.001
file_ext_without_compression0.0010.0000.000
filepath0.5210.0060.529
filterTranscripts1.3510.0161.374
fimport0.3420.0240.367
findFa0.0040.0000.005
findMapORFs0.6020.0030.607
findORFs0.1800.0030.183
findORFsFasta0.0630.0050.068
findPeaksPerGene1.1450.0131.162
findUORFs0.0010.0010.002
findUORFs_exp5.6420.0705.772
find_url_ebi0.0340.0081.763
firstEndPerGroup0.0640.0010.065
firstExonPerGroup0.0810.0020.083
firstStartPerGroup0.0650.0010.067
fix_malformed_gff000
flankPerGroup0.1380.0010.140
floss0.3020.0020.306
fpkm0.1320.0010.133
fractionLength0.0690.0000.069
fread.bed0.0330.0110.058
gcContent0.4410.0040.447
geneToSymbol000
getGenomeAndAnnotation0.0000.0010.001
get_bioproject_candidates000
get_genome_fasta000
get_genome_gtf0.0000.0000.001
get_noncoding_rna000
get_phix_genome0.0000.0010.000
get_silva_rRNA000
groupGRangesBy0.0550.0000.056
groupings0.0350.0000.037
heatMapRegion0.5100.0080.523
import.ofst0.0760.0010.086
initiationScore1.1340.0071.149
insideOutsideORF0.9420.0050.956
install.fastp0.0000.0000.001
install.sratoolkit000
isInFrame0.2850.0020.288
isOverlapping0.2820.0020.286
kozakHeatmap000
kozakSequenceScore0.5960.0060.606
lastExonEndPerGroup0.0710.0010.073
lastExonPerGroup0.0740.0010.076
lastExonStartPerGroup0.0650.0010.067
libraryTypes0.4350.0050.441
list.experiments0.3050.0030.310
list.genomes0.0010.0000.002
loadRegion1.6380.0291.675
loadRegions0.7580.0170.779
loadTranscriptType0.0000.0010.001
loadTxdb0.1390.0070.146
longestORFs0.1450.0010.149
makeORFNames0.0980.0010.100
makeSummarizedExperimentFromBam0.4770.0040.484
makeTxdbFromGenome23.483 0.46524.075
mergeFastq0.0000.0010.001
mergeLibs0.4710.0110.484
metaWindow0.2360.0140.251
model.matrix-experiment-method0.4950.0420.540
numExonsPerGroup0.0460.0040.051
optimizedTranscriptLengths1.6060.0611.677
orfFrameDistributions1.0990.4831.562
orfScore0.9080.0991.013
organism-experiment-method1.1110.0931.215
outputLibs1.0900.4701.259
pSitePlot0.3870.0480.440
pcaExperiment3.4870.3973.903
pmapFromTranscriptF0.0990.0010.101
pmapToTranscriptF0.9280.0130.946
rankOrder0.0850.0010.086
read.experiment0.4760.0060.485
readBam0.1720.0210.195
readWidths0.0160.0010.017
reassignTSSbyCage0.7300.0670.804
reassignTxDbByCage0.0000.0010.001
reduceKeepAttr0.3840.0040.390
regionPerReadLength0.3860.2931.022
remove.experiments0.7350.2970.663
riboORFs0.4780.0360.518
riboORFsFolder0.4590.0370.499
ribo_fft3.0360.1633.225
ribo_fft_plot2.9660.1843.175
ribosomeReleaseScore0.1980.0050.203
ribosomeStallingScore0.3250.0120.340
save.experiment0.4020.0160.422
scaledWindowPositions0.5660.0160.586
seqnamesPerGroup0.0620.0020.065
shiftFootprints0.0030.0010.004
shiftFootprintsByExperiment1.0950.0486.469
shiftPlots4.1521.4450.185
shifts_load0.5090.0900.608
shifts_save0.0640.0100.074
simpleLibs0.4590.0370.498
sortPerGroup0.3060.0330.342
startCodons0.8280.0560.890
startDefinition0.0010.0000.001
startRegion0.6770.0490.732
startRegionCoverage0.4640.0290.497
startSites0.3300.0040.335
stopCodons0.5420.0050.549
stopDefinition0.0000.0000.001
stopRegion0.6360.0070.647
stopSites0.5320.0030.537
strandBool0.0110.0010.011
strandPerGroup0.0670.0010.068
subsetToFrame0.0170.0000.018
te.plot000
te.table0.4080.0060.416
te_rna.plot0.4350.0070.446
tile10.2310.0030.234
topMotif000
transcriptWindow1.1630.0281.198
translationalEff0.1740.0020.180
trimming.table0.0180.0020.020
txNames0.0480.0010.049
txNamesToGeneNames1.2370.0221.267
uORFSearchSpace0.6760.0180.700
uniqueGroups0.1570.0030.162
uniqueOrder0.2660.0020.269
unlistGrl0.0510.0000.052
widthPerGroup0.0520.0010.052
windowCoveragePlot0.9790.0181.004
windowPerGroup1.0550.0081.071
windowPerReadLength0.9660.0090.982