| Back to Multiple platform build/check report for BioC 3.22: simplified long |
|
This page was generated on 2025-10-21 12:07 -0400 (Tue, 21 Oct 2025).
| Hostname | OS | Arch (*) | R version | Installed pkgs |
|---|---|---|---|---|
| nebbiolo2 | Linux (Ubuntu 24.04.3 LTS) | x86_64 | 4.5.1 Patched (2025-08-23 r88802) -- "Great Square Root" | 4887 |
| lconway | macOS 12.7.6 Monterey | x86_64 | 4.5.1 Patched (2025-09-10 r88807) -- "Great Square Root" | 4677 |
| kjohnson3 | macOS 13.7.7 Ventura | arm64 | 4.5.1 Patched (2025-09-10 r88807) -- "Great Square Root" | 4622 |
| taishan | Linux (openEuler 24.03 LTS) | aarch64 | 4.5.0 (2025-04-11) -- "How About a Twenty-Six" | 4642 |
| Click on any hostname to see more info about the system (e.g. compilers) (*) as reported by 'uname -p', except on Windows and Mac OS X | ||||
| Package 1361/2353 | Hostname | OS / Arch | INSTALL | BUILD | CHECK | BUILD BIN | ||||||||
| MouseFM 1.19.1 (landing page) Matthias Munz
| nebbiolo2 | Linux (Ubuntu 24.04.3 LTS) / x86_64 | OK | OK | OK | |||||||||
| lconway | macOS 12.7.6 Monterey / x86_64 | OK | OK | OK | OK | |||||||||
| kjohnson3 | macOS 13.7.7 Ventura / arm64 | OK | OK | ERROR | OK | |||||||||
| taishan | Linux (openEuler 24.03 LTS) / aarch64 | OK | OK | ERROR | ||||||||||
|
To the developers/maintainers of the MouseFM package: - Allow up to 24 hours (and sometimes 48 hours) for your latest push to git@git.bioconductor.org:packages/MouseFM.git to reflect on this report. See Troubleshooting Build Report for more information. - Use the following Renviron settings to reproduce errors and warnings. - If 'R CMD check' started to fail recently on the Linux builder(s) over a missing dependency, add the missing dependency to 'Suggests:' in your DESCRIPTION file. See Renviron.bioc for more information. - See Martin Grigorov's blog post for how to debug Linux ARM64 related issues on a x86_64 host. |
| Package: MouseFM |
| Version: 1.19.1 |
| Command: /home/biocbuild/R/R/bin/R CMD check --install=check:MouseFM.install-out.txt --library=/home/biocbuild/R/R/site-library --no-vignettes --timings MouseFM_1.19.1.tar.gz |
| StartedAt: 2025-10-17 11:18:24 -0000 (Fri, 17 Oct 2025) |
| EndedAt: 2025-10-17 11:24:38 -0000 (Fri, 17 Oct 2025) |
| EllapsedTime: 373.3 seconds |
| RetCode: 1 |
| Status: ERROR |
| CheckDir: MouseFM.Rcheck |
| Warnings: NA |
##############################################################################
##############################################################################
###
### Running command:
###
### /home/biocbuild/R/R/bin/R CMD check --install=check:MouseFM.install-out.txt --library=/home/biocbuild/R/R/site-library --no-vignettes --timings MouseFM_1.19.1.tar.gz
###
##############################################################################
##############################################################################
* using log directory ‘/home/biocbuild/bbs-3.22-bioc/meat/MouseFM.Rcheck’
* using R version 4.5.0 (2025-04-11)
* using platform: aarch64-unknown-linux-gnu
* R was compiled by
aarch64-unknown-linux-gnu-gcc (GCC) 14.2.0
GNU Fortran (GCC) 14.2.0
* running under: openEuler 24.03 (LTS)
* using session charset: UTF-8
* using option ‘--no-vignettes’
* checking for file ‘MouseFM/DESCRIPTION’ ... OK
* checking extension type ... Package
* this is package ‘MouseFM’ version ‘1.19.1’
* package encoding: UTF-8
* checking package namespace information ... OK
* checking package dependencies ... OK
* checking if this is a source package ... OK
* checking if there is a namespace ... OK
* checking for hidden files and directories ... OK
* checking for portable file names ... OK
* checking for sufficient/correct file permissions ... OK
* checking whether package ‘MouseFM’ can be installed ... OK
* checking installed package size ... OK
* checking package directory ... OK
* checking ‘build’ directory ... OK
* checking DESCRIPTION meta-information ... OK
* checking top-level files ... OK
* checking for left-over files ... OK
* checking index information ... OK
* checking package subdirectories ... OK
* checking code files for non-ASCII characters ... OK
* checking R files for syntax errors ... OK
* checking whether the package can be loaded ... OK
* checking whether the package can be loaded with stated dependencies ... OK
* checking whether the package can be unloaded cleanly ... OK
* checking whether the namespace can be loaded with stated dependencies ... OK
* checking whether the namespace can be unloaded cleanly ... OK
* checking loading without being on the library search path ... OK
* checking whether startup messages can be suppressed ... OK
* checking dependencies in R code ... OK
* checking S3 generic/method consistency ... OK
* checking replacement functions ... OK
* checking foreign function calls ... OK
* checking R code for possible problems ... NOTE
File ‘MouseFM/R/zzz.R’:
.onLoad calls:
packageStartupMessage("\n ---------\n For example usage please run: vignette('MouseFM')\n \n Support me: http://matthiasmunz.de/support_me\n\n Citation appreciated:\n Munz M, Khodaygani M, Aherrahrou Z, Busch H, Wohlers I (2021) In silico candidate variant and gene identification using inbred mouse strains. PeerJ. doi:10.7717/peerj.11017\n \n Github Repo: https://github.com/matmu/MouseFM\n MouseFM Backend: https://github.com/matmu/MouseFM-Backend\n ---------", domain = NULL, appendLF = TRUE)
See section ‘Good practice’ in '?.onAttach'.
* checking Rd files ... OK
* checking Rd metadata ... OK
* checking Rd cross-references ... OK
* checking for missing documentation entries ... OK
* checking for code/documentation mismatches ... OK
* checking Rd \usage sections ... OK
* checking Rd contents ... OK
* checking for unstated dependencies in examples ... OK
* checking files in ‘vignettes’ ... OK
* checking examples ... ERROR
Running examples in ‘MouseFM-Ex.R’ failed
The error most likely occurred in:
> base::assign(".ptime", proc.time(), pos = "CheckExEnv")
> ### Name: fetch
> ### Title: Fetch
> ### Aliases: fetch
>
> ### ** Examples
>
> geno = fetch("chr7", start = 5000000, end = 6000000)
Query chr7:5,000,000-6,000,000
Error in curl::curl_fetch_memory(url, handle = handle) :
Failure when receiving data from the peer [45.85.146.64]:
Recv failure: Connection reset by peer
Calls: fetch ... request_fetch.write_memory -> <Anonymous> -> raise_libcurl_error
Execution halted
Examples with CPU (user + system) or elapsed time > 5s
user system elapsed
annotate_mouse_genes 1.793 0.553 12.381
annotate_consequences 0.726 0.184 19.968
df2GRanges 0.083 0.028 6.623
* checking for unstated dependencies in ‘tests’ ... OK
* checking tests ...
Running ‘testthat.R’
OK
* checking for unstated dependencies in vignettes ... OK
* checking package vignettes ... OK
* checking running R code from vignettes ... SKIPPED
* checking re-building of vignette outputs ... SKIPPED
* checking PDF version of manual ... OK
* DONE
Status: 1 ERROR, 1 NOTE
See
‘/home/biocbuild/bbs-3.22-bioc/meat/MouseFM.Rcheck/00check.log’
for details.
MouseFM.Rcheck/00install.out
############################################################################## ############################################################################## ### ### Running command: ### ### /home/biocbuild/R/R/bin/R CMD INSTALL MouseFM ### ############################################################################## ############################################################################## * installing to library ‘/home/biocbuild/R/R-4.5.0/site-library’ * installing *source* package ‘MouseFM’ ... ** this is package ‘MouseFM’ version ‘1.19.1’ ** using staged installation ** R ** inst ** byte-compile and prepare package for lazy loading ** help *** installing help indices ** building package indices ** installing vignettes ** testing if installed package can be loaded from temporary location ** testing if installed package can be loaded from final location ** testing if installed package keeps a record of temporary installation path * DONE (MouseFM)
MouseFM.Rcheck/tests/testthat.Rout
R version 4.5.0 (2025-04-11) -- "How About a Twenty-Six"
Copyright (C) 2025 The R Foundation for Statistical Computing
Platform: aarch64-unknown-linux-gnu
R is free software and comes with ABSOLUTELY NO WARRANTY.
You are welcome to redistribute it under certain conditions.
Type 'license()' or 'licence()' for distribution details.
R is a collaborative project with many contributors.
Type 'contributors()' for more information and
'citation()' on how to cite R or R packages in publications.
Type 'demo()' for some demos, 'help()' for on-line help, or
'help.start()' for an HTML browser interface to help.
Type 'q()' to quit R.
> library(testthat)
> library(MouseFM)
---------
For example usage please run: vignette('MouseFM')
Support me: http://matthiasmunz.de/support_me
Citation appreciated:
Munz M, Khodaygani M, Aherrahrou Z, Busch H, Wohlers I (2021) In silico candidate variant and gene identification using inbred mouse strains. PeerJ. doi:10.7717/peerj.11017
Github Repo: https://github.com/matmu/MouseFM
MouseFM Backend: https://github.com/matmu/MouseFM-Backend
---------
>
> test_check("MouseFM")
[ FAIL 0 | WARN 0 | SKIP 0 | PASS 9 ]
>
> proc.time()
user system elapsed
89.217 0.950 98.094
MouseFM.Rcheck/MouseFM-Ex.timings
| name | user | system | elapsed | |
| GRanges2df | 0.307 | 0.024 | 3.028 | |
| annotate_consequences | 0.726 | 0.184 | 19.968 | |
| annotate_mouse_genes | 1.793 | 0.553 | 12.381 | |
| avail_chromosomes | 0.001 | 0.004 | 0.005 | |
| avail_consequences | 0.000 | 0.002 | 0.003 | |
| avail_strains | 0.002 | 0.000 | 0.003 | |
| df2GRanges | 0.083 | 0.028 | 6.623 | |