Back to Multiple platform build/check report for BioC 3.22: simplified long |
|
This page was generated on 2025-10-11 12:05 -0400 (Sat, 11 Oct 2025).
Hostname | OS | Arch (*) | R version | Installed pkgs |
---|---|---|---|---|
nebbiolo2 | Linux (Ubuntu 24.04.3 LTS) | x86_64 | 4.5.1 Patched (2025-08-23 r88802) -- "Great Square Root" | 4864 |
lconway | macOS 12.7.1 Monterey | x86_64 | 4.5.1 Patched (2025-09-10 r88807) -- "Great Square Root" | 4652 |
kjohnson3 | macOS 13.7.7 Ventura | arm64 | 4.5.1 Patched (2025-09-10 r88807) -- "Great Square Root" | 4597 |
taishan | Linux (openEuler 24.03 LTS) | aarch64 | 4.5.0 (2025-04-11) -- "How About a Twenty-Six" | 4586 |
Click on any hostname to see more info about the system (e.g. compilers) (*) as reported by 'uname -p', except on Windows and Mac OS X |
Package 1226/2346 | Hostname | OS / Arch | INSTALL | BUILD | CHECK | BUILD BIN | ||||||||
MesKit 1.19.0 (landing page) Mengni Liu
| nebbiolo2 | Linux (Ubuntu 24.04.3 LTS) / x86_64 | OK | OK | WARNINGS | ![]() | ||||||||
lconway | macOS 12.7.1 Monterey / x86_64 | OK | OK | WARNINGS | OK | ![]() | ||||||||
kjohnson3 | macOS 13.7.7 Ventura / arm64 | OK | OK | WARNINGS | OK | ![]() | ||||||||
taishan | Linux (openEuler 24.03 LTS) / aarch64 | OK | OK | WARNINGS | ||||||||||
To the developers/maintainers of the MesKit package: - Allow up to 24 hours (and sometimes 48 hours) for your latest push to git@git.bioconductor.org:packages/MesKit.git to reflect on this report. See Troubleshooting Build Report for more information. - Use the following Renviron settings to reproduce errors and warnings. - If 'R CMD check' started to fail recently on the Linux builder(s) over a missing dependency, add the missing dependency to 'Suggests:' in your DESCRIPTION file. See Renviron.bioc for more information. |
Package: MesKit |
Version: 1.19.0 |
Command: /Library/Frameworks/R.framework/Resources/bin/R CMD check --install=check:MesKit.install-out.txt --library=/Library/Frameworks/R.framework/Resources/library --no-vignettes --timings MesKit_1.19.0.tar.gz |
StartedAt: 2025-10-10 20:16:40 -0400 (Fri, 10 Oct 2025) |
EndedAt: 2025-10-10 20:19:45 -0400 (Fri, 10 Oct 2025) |
EllapsedTime: 185.2 seconds |
RetCode: 0 |
Status: WARNINGS |
CheckDir: MesKit.Rcheck |
Warnings: 1 |
############################################################################## ############################################################################## ### ### Running command: ### ### /Library/Frameworks/R.framework/Resources/bin/R CMD check --install=check:MesKit.install-out.txt --library=/Library/Frameworks/R.framework/Resources/library --no-vignettes --timings MesKit_1.19.0.tar.gz ### ############################################################################## ############################################################################## * using log directory ‘/Users/biocbuild/bbs-3.22-bioc/meat/MesKit.Rcheck’ * using R version 4.5.1 Patched (2025-09-10 r88807) * using platform: aarch64-apple-darwin20 * R was compiled by Apple clang version 16.0.0 (clang-1600.0.26.6) GNU Fortran (GCC) 14.2.0 * running under: macOS Ventura 13.7.7 * using session charset: UTF-8 * using option ‘--no-vignettes’ * checking for file ‘MesKit/DESCRIPTION’ ... OK * checking extension type ... Package * this is package ‘MesKit’ version ‘1.19.0’ * package encoding: UTF-8 * checking package namespace information ... OK * checking package dependencies ... OK * checking if this is a source package ... OK * checking if there is a namespace ... OK * checking for hidden files and directories ... OK * checking for portable file names ... OK * checking for sufficient/correct file permissions ... OK * checking whether package ‘MesKit’ can be installed ... WARNING Found the following significant warnings: Warning: replacing previous import ‘ape::degree’ by ‘circlize::degree’ when loading ‘MesKit’ Warning: replacing previous import ‘ape::where’ by ‘dplyr::where’ when loading ‘MesKit’ See ‘/Users/biocbuild/bbs-3.22-bioc/meat/MesKit.Rcheck/00install.out’ for details. * checking installed package size ... INFO installed size is 5.9Mb sub-directories of 1Mb or more: extdata 4.9Mb * checking package directory ... OK * checking ‘build’ directory ... OK * checking DESCRIPTION meta-information ... OK * checking top-level files ... NOTE File LICENSE is not mentioned in the DESCRIPTION file. * checking for left-over files ... OK * checking index information ... OK * checking package subdirectories ... OK * checking code files for non-ASCII characters ... OK * checking R files for syntax errors ... OK * checking whether the package can be loaded ... OK * checking whether the package can be loaded with stated dependencies ... OK * checking whether the package can be unloaded cleanly ... OK * checking whether the namespace can be loaded with stated dependencies ... OK * checking whether the namespace can be unloaded cleanly ... OK * checking dependencies in R code ... OK * checking S3 generic/method consistency ... OK * checking replacement functions ... OK * checking foreign function calls ... OK * checking R code for possible problems ... NOTE calJSI : processJSI: no visible binding for global variable ‘CCF’ cna2gene: no visible global function definition for ‘genes’ cna2gene: no visible binding for global variable ‘org.Hs.eg.db’ cna2gene: no visible binding for global variable ‘seqnames’ cna2gene: no visible binding for global variable ‘Chromosome’ cna2gene: no visible binding for global variable ‘Hugo_Symbol’ cna2gene: no visible binding for global variable ‘Start_Position’ cna2gene: no visible binding for global variable ‘End_Position’ cna2gene: no visible binding for global variable ‘i.End_Position’ cna2gene: no visible binding for global variable ‘i.Start_Position’ cna2gene: no visible binding for global variable ‘Patient_ID’ cna2gene: no visible binding for global variable ‘Tumor_Sample_Barcode’ cna2gene: no visible binding for global variable ‘seg_id’ cna2gene: no visible binding for global variable ‘overlap_width’ copyNumberFilter: no visible binding for global variable ‘Patient_ID’ drawVAFCombine: no visible binding for global variable ‘V’ drawVAFCombineVline: no visible binding for global variable ‘V’ fitSignatures : processFitSig: no visible binding for global variable ‘Branch’ fitSignatures : processFitSig: no visible binding for global variable ‘Original’ fitSignatures : processFitSig: no visible binding for global variable ‘Reconstructed’ mutCluster : processVafcluster_sample: no visible binding for global variable ‘cluster’ plotCNA: no visible binding for global variable ‘Cytoband’ plotCNA: no visible binding for global variable ‘Cytoband_pos’ plotCNA: no visible binding for global variable ‘gene_id’ plotCNA: no visible binding for global variable ‘gene_pos’ plotCNA: no visible binding for global variable ‘Hugo_Symbol’ plotTree: no visible binding for global variable ‘is.match’ plotTree: no visible binding for global variable ‘x’ plotTree: no visible binding for global variable ‘y’ plotTree: no visible binding for global variable ‘xend’ plotTree: no visible binding for global variable ‘yend’ Undefined global functions or variables: Branch CCF Chromosome Cytoband Cytoband_pos End_Position Hugo_Symbol Original Patient_ID Reconstructed Start_Position Tumor_Sample_Barcode V cluster gene_id gene_pos genes i.End_Position i.Start_Position is.match org.Hs.eg.db overlap_width seg_id seqnames x xend y yend * checking Rd files ... OK * checking Rd metadata ... OK * checking Rd cross-references ... OK * checking for missing documentation entries ... OK * checking for code/documentation mismatches ... OK * checking Rd \usage sections ... OK * checking Rd contents ... OK * checking for unstated dependencies in examples ... OK * checking files in ‘vignettes’ ... OK * checking examples ... OK Examples with CPU (user + system) or elapsed time > 5s user system elapsed cna2gene 9.399 0.29 9.739 * checking for unstated dependencies in vignettes ... OK * checking package vignettes ... OK * checking running R code from vignettes ... SKIPPED * checking re-building of vignette outputs ... SKIPPED * checking PDF version of manual ... OK * DONE Status: 1 WARNING, 2 NOTEs See ‘/Users/biocbuild/bbs-3.22-bioc/meat/MesKit.Rcheck/00check.log’ for details.
MesKit.Rcheck/00install.out
############################################################################## ############################################################################## ### ### Running command: ### ### /Library/Frameworks/R.framework/Resources/bin/R CMD INSTALL MesKit ### ############################################################################## ############################################################################## * installing to library ‘/Library/Frameworks/R.framework/Versions/4.5-arm64/Resources/library’ * installing *source* package ‘MesKit’ ... ** this is package ‘MesKit’ version ‘1.19.0’ ** using staged installation ** R ** inst ** byte-compile and prepare package for lazy loading Warning: replacing previous import ‘ape::degree’ by ‘circlize::degree’ when loading ‘MesKit’ Warning: replacing previous import ‘ape::where’ by ‘dplyr::where’ when loading ‘MesKit’ ** help *** installing help indices ** building package indices ** installing vignettes ** testing if installed package can be loaded from temporary location Warning: replacing previous import ‘ape::degree’ by ‘circlize::degree’ when loading ‘MesKit’ Warning: replacing previous import ‘ape::where’ by ‘dplyr::where’ when loading ‘MesKit’ ** testing if installed package can be loaded from final location Warning: replacing previous import ‘ape::degree’ by ‘circlize::degree’ when loading ‘MesKit’ Warning: replacing previous import ‘ape::where’ by ‘dplyr::where’ when loading ‘MesKit’ ** testing if installed package keeps a record of temporary installation path * DONE (MesKit)
MesKit.Rcheck/MesKit-Ex.timings
name | user | system | elapsed | |
calFst | 4.855 | 0.063 | 4.933 | |
calJSI | 3.169 | 0.034 | 3.209 | |
calNeiDist | 3.111 | 0.028 | 3.136 | |
ccfAUC | 3.246 | 0.029 | 3.270 | |
classifyMut | 2.385 | 0.182 | 2.579 | |
cna2gene | 9.399 | 0.290 | 9.739 | |
compareCCF | 3.553 | 0.282 | 3.974 | |
compareTree | 3.230 | 0.069 | 3.312 | |
fitSignatures | 2.793 | 0.085 | 2.899 | |
getBinaryMatrix | 4.159 | 0.196 | 4.351 | |
getBootstrapValue | 4.128 | 0.156 | 4.326 | |
getBranchType | 4.145 | 0.129 | 4.283 | |
getCCFMatrix | 4.509 | 0.226 | 4.736 | |
getMafData | 1.981 | 0.014 | 1.989 | |
getMafPatient | 2.019 | 0.018 | 2.035 | |
getMafRef | 2.027 | 0.017 | 2.039 | |
getMutBranches | 4.124 | 0.204 | 4.346 | |
getNonSyn_vc | 2.023 | 0.013 | 2.034 | |
getPhyloTree | 4.125 | 0.171 | 4.324 | |
getPhyloTreePatient | 4.123 | 0.193 | 4.321 | |
getPhyloTreeRef | 4.270 | 0.175 | 4.467 | |
getPhyloTreeTsbLabel | 4.209 | 0.186 | 4.391 | |
getSampleInfo | 2.122 | 0.014 | 2.138 | |
getTree | 4.695 | 0.203 | 4.968 | |
getTreeMethod | 4.023 | 0.140 | 4.263 | |
mathScore | 2.069 | 0.023 | 2.184 | |
mutCluster | 3.121 | 0.146 | 3.355 | |
mutHeatmap | 4.253 | 0.058 | 4.437 | |
mutTrunkBranch | 2.769 | 0.059 | 2.832 | |
plotCNA | 1.141 | 0.023 | 1.178 | |
plotMutProfile | 2.696 | 0.023 | 2.780 | |
plotMutSigProfile | 4.508 | 0.088 | 4.730 | |
plotPhyloTree | 2.706 | 0.026 | 2.807 | |
readMaf | 2.253 | 0.017 | 2.395 | |
readSegment | 0.154 | 0.006 | 0.168 | |
runMesKit | 0 | 0 | 0 | |
subMaf | 2.242 | 0.014 | 2.382 | |
testNeutral | 3.071 | 0.026 | 3.164 | |
triMatrix | 3.112 | 0.092 | 3.221 | |