Back to Multiple platform build/check report for BioC 3.21:   simplified   long
ABCDEFGHIJKL[M]NOPQRSTUVWXYZ

This page was generated on 2025-02-03 12:37 -0500 (Mon, 03 Feb 2025).

HostnameOSArch (*)R versionInstalled pkgs
nebbiolo1Linux (Ubuntu 24.04.1 LTS)x86_64R Under development (unstable) (2025-01-20 r87609) -- "Unsuffered Consequences" 4704
palomino7Windows Server 2022 Datacenterx64R Under development (unstable) (2025-01-21 r87610 ucrt) -- "Unsuffered Consequences" 4467
lconwaymacOS 12.7.1 Montereyx86_64R Under development (unstable) (2025-01-22 r87618) -- "Unsuffered Consequences" 4478
Click on any hostname to see more info about the system (e.g. compilers)      (*) as reported by 'uname -p', except on Windows and Mac OS X

Package 1312/2289HostnameOS / ArchINSTALLBUILDCHECKBUILD BIN
MOSim 2.3.0  (landing page)
Sonia Tarazona
Snapshot Date: 2025-02-02 13:40 -0500 (Sun, 02 Feb 2025)
git_url: https://git.bioconductor.org/packages/MOSim
git_branch: devel
git_last_commit: 8e78c32
git_last_commit_date: 2024-10-29 10:39:30 -0500 (Tue, 29 Oct 2024)
nebbiolo1Linux (Ubuntu 24.04.1 LTS) / x86_64  OK    OK    WARNINGS  UNNEEDED, same version is already published
palomino7Windows Server 2022 Datacenter / x64  OK    OK    WARNINGS    OK  UNNEEDED, same version is already published
lconwaymacOS 12.7.1 Monterey / x86_64  OK    OK    WARNINGS    OK  UNNEEDED, same version is already published


CHECK results for MOSim on nebbiolo1

To the developers/maintainers of the MOSim package:
- Allow up to 24 hours (and sometimes 48 hours) for your latest push to git@git.bioconductor.org:packages/MOSim.git to reflect on this report. See Troubleshooting Build Report for more information.
- Use the following Renviron settings to reproduce errors and warnings.
- If 'R CMD check' started to fail recently on the Linux builder(s) over a missing dependency, add the missing dependency to 'Suggests:' in your DESCRIPTION file. See Renviron.bioc for more information.

raw results


Summary

Package: MOSim
Version: 2.3.0
Command: /home/biocbuild/bbs-3.21-bioc/R/bin/R CMD check --install=check:MOSim.install-out.txt --library=/home/biocbuild/bbs-3.21-bioc/R/site-library --timings MOSim_2.3.0.tar.gz
StartedAt: 2025-02-03 00:14:57 -0500 (Mon, 03 Feb 2025)
EndedAt: 2025-02-03 00:34:21 -0500 (Mon, 03 Feb 2025)
EllapsedTime: 1163.5 seconds
RetCode: 0
Status:   WARNINGS  
CheckDir: MOSim.Rcheck
Warnings: 1

Command output

##############################################################################
##############################################################################
###
### Running command:
###
###   /home/biocbuild/bbs-3.21-bioc/R/bin/R CMD check --install=check:MOSim.install-out.txt --library=/home/biocbuild/bbs-3.21-bioc/R/site-library --timings MOSim_2.3.0.tar.gz
###
##############################################################################
##############################################################################


* using log directory ‘/home/biocbuild/bbs-3.21-bioc/meat/MOSim.Rcheck’
* using R Under development (unstable) (2025-01-20 r87609)
* using platform: x86_64-pc-linux-gnu
* R was compiled by
    gcc (Ubuntu 13.3.0-6ubuntu2~24.04) 13.3.0
    GNU Fortran (Ubuntu 13.3.0-6ubuntu2~24.04) 13.3.0
* running under: Ubuntu 24.04.1 LTS
* using session charset: UTF-8
* checking for file ‘MOSim/DESCRIPTION’ ... OK
* this is package ‘MOSim’ version ‘2.3.0’
* package encoding: UTF-8
* checking package namespace information ... OK
* checking package dependencies ... OK
* checking if this is a source package ... OK
* checking if there is a namespace ... OK
* checking for hidden files and directories ... OK
* checking for portable file names ... OK
* checking for sufficient/correct file permissions ... OK
* checking whether package ‘MOSim’ can be installed ... WARNING
Found the following significant warnings:
  Warning: replacing previous import ‘dplyr::count’ by ‘matrixStats::count’ when loading ‘MOSim’
See ‘/home/biocbuild/bbs-3.21-bioc/meat/MOSim.Rcheck/00install.out’ for details.
* used C++ compiler: ‘g++ (Ubuntu 13.3.0-6ubuntu2~24.04) 13.3.0’
* checking installed package size ... INFO
  installed size is  7.0Mb
  sub-directories of 1Mb or more:
    data   5.9Mb
* checking package directory ... OK
* checking ‘build’ directory ... OK
* checking DESCRIPTION meta-information ... OK
* checking top-level files ... OK
* checking for left-over files ... OK
* checking index information ... OK
* checking package subdirectories ... OK
* checking code files for non-ASCII characters ... OK
* checking R files for syntax errors ... OK
* checking whether the package can be loaded ... OK
* checking whether the package can be loaded with stated dependencies ... OK
* checking whether the package can be unloaded cleanly ... OK
* checking whether the namespace can be loaded with stated dependencies ... OK
* checking whether the namespace can be unloaded cleanly ... OK
* checking loading without being on the library search path ... OK
* checking whether startup messages can be suppressed ... OK
* checking dependencies in R code ... OK
* checking S3 generic/method consistency ... OK
* checking replacement functions ... OK
* checking foreign function calls ... OK
* checking R code for possible problems ... NOTE
make_association_dataframe : keep_remaining: no visible binding for
  global variable ‘Freq.a’
make_association_dataframe : keep_remaining: no visible binding for
  global variable ‘Freq.ao’
make_association_dataframe : keep_remaining: no visible binding for
  global variable ‘cluster’
make_association_dataframe : keep_remaining: no visible binding for
  global variable ‘Freq’
make_association_dataframe : keep_remaining2: no visible binding for
  global variable ‘Freq.a’
make_association_dataframe : keep_remaining2: no visible binding for
  global variable ‘Freq.ao’
make_association_dataframe : keep_remaining2: no visible binding for
  global variable ‘cluster’
make_association_dataframe : keep_remaining2: no visible binding for
  global variable ‘Freq’
make_association_dataframe: no visible binding for global variable
  ‘Peak_ID’
make_association_dataframe: no visible binding for global variable
  ‘Gene_ID’
Undefined global functions or variables:
  Freq Freq.a Freq.ao Gene_ID Peak_ID cluster
* checking Rd files ... NOTE
checkRd: (-1) TF_human.Rd:12: Lost braces; missing escapes or markup?
    12 |  @source {https://tflink.net/}
       |          ^
checkRd: (-1) associationList.Rd:14: Lost braces; missing escapes or markup?
    14 |  @source {Created in-house to serve as an example}
       |          ^
checkRd: (-1) sc_mosim.Rd:94: Lost braces; missing escapes or markup?
    94 | {https://tflink.net/}}
       | ^
checkRd: (-1) scatac.Rd:14-15: Lost braces
    14 |  @source {https://github.com/satijalab/seurat-data, we took 11 cells 
       |          ^
checkRd: (-1) scrna.Rd:14-15: Lost braces
    14 |  @source {https://github.com/satijalab/seurat-data, we took 11 cells 
       |          ^
checkRd: (-1) scrna.Rd:23-28: Lost braces
    23 |  for (cell_type in unique_cell_types) {
       |                                       ^
* checking Rd metadata ... OK
* checking Rd cross-references ... OK
* checking for missing documentation entries ... OK
* checking for code/documentation mismatches ... OK
* checking Rd \usage sections ... OK
* checking Rd contents ... OK
* checking for unstated dependencies in examples ... OK
* checking contents of ‘data’ directory ... OK
* checking data for non-ASCII characters ... OK
* checking data for ASCII and uncompressed saves ... OK
* checking line endings in C/C++/Fortran sources/headers ... OK
* checking compiled code ... NOTE
Note: information on .o files is not available
* checking files in ‘vignettes’ ... OK
* checking examples ... OK
Examples with CPU (user + system) or elapsed time > 5s
                        user system elapsed
discretize            70.901  1.081  71.993
omicSettings          67.447  0.736  68.190
omicSim               64.096  0.356  64.457
plotProfile           64.009  0.391  64.404
omicResults           49.508  0.191  49.703
experimentalDesign    48.482  0.251  48.739
mosim                 45.949  0.173  46.124
sc_mosim              40.534  0.331  40.865
sc_omicResults        37.799  0.198  37.999
sc_omicSettings       37.592  0.336  37.929
make_cluster_patterns 13.182  0.003  13.186
* checking for unstated dependencies in ‘tests’ ... OK
* checking tests ...
  Running ‘testthat.R’
 OK
* checking for unstated dependencies in vignettes ... OK
* checking package vignettes ... OK
* checking re-building of vignette outputs ... OK
* checking PDF version of manual ... OK
* DONE

Status: 1 WARNING, 3 NOTEs
See
  ‘/home/biocbuild/bbs-3.21-bioc/meat/MOSim.Rcheck/00check.log’
for details.


Installation output

MOSim.Rcheck/00install.out

##############################################################################
##############################################################################
###
### Running command:
###
###   /home/biocbuild/bbs-3.21-bioc/R/bin/R CMD INSTALL MOSim
###
##############################################################################
##############################################################################


* installing to library ‘/home/biocbuild/bbs-3.21-bioc/R/site-library’
* installing *source* package ‘MOSim’ ...
** this is package ‘MOSim’ version ‘2.3.0’
** using staged installation
** libs
using C++ compiler: ‘g++ (Ubuntu 13.3.0-6ubuntu2~24.04) 13.3.0’
g++ -std=gnu++17 -I"/home/biocbuild/bbs-3.21-bioc/R/include" -DNDEBUG  -I'/home/biocbuild/bbs-3.21-bioc/R/site-library/cpp11/include' -I'/home/biocbuild/bbs-3.21-bioc/R/site-library/Rcpp/include' -I/usr/local/include    -fpic  -g -O2  -DR_NO_REMAP -c Random_number.cpp -o Random_number.o
g++ -std=gnu++17 -shared -L/home/biocbuild/bbs-3.21-bioc/R/lib -L/usr/local/lib -o MOSim.so Random_number.o -L/home/biocbuild/bbs-3.21-bioc/R/lib -lR
installing to /home/biocbuild/bbs-3.21-bioc/R/site-library/00LOCK-MOSim/00new/MOSim/libs
** R
** data
** inst
** byte-compile and prepare package for lazy loading
Warning: replacing previous import ‘dplyr::count’ by ‘matrixStats::count’ when loading ‘MOSim’
Creating a new generic function for ‘simulate’ in package ‘MOSim’
** help
*** installing help indices
** building package indices
** installing vignettes
** testing if installed package can be loaded from temporary location
Warning: replacing previous import ‘dplyr::count’ by ‘matrixStats::count’ when loading ‘MOSim’
** checking absolute paths in shared objects and dynamic libraries
** testing if installed package can be loaded from final location
Warning: replacing previous import ‘dplyr::count’ by ‘matrixStats::count’ when loading ‘MOSim’
** testing if installed package keeps a record of temporary installation path
* DONE (MOSim)

Tests output

MOSim.Rcheck/tests/testthat.Rout


R Under development (unstable) (2025-01-20 r87609) -- "Unsuffered Consequences"
Copyright (C) 2025 The R Foundation for Statistical Computing
Platform: x86_64-pc-linux-gnu

R is free software and comes with ABSOLUTELY NO WARRANTY.
You are welcome to redistribute it under certain conditions.
Type 'license()' or 'licence()' for distribution details.

R is a collaborative project with many contributors.
Type 'contributors()' for more information and
'citation()' on how to cite R or R packages in publications.

Type 'demo()' for some demos, 'help()' for on-line help, or
'help.start()' for an HTML browser interface to help.
Type 'q()' to quit R.

> library(testthat)
> #library(MOSim)
> 
> #test_check("MOSim")
> 
> proc.time()
   user  system elapsed 
  0.309   0.056   0.352 

Example timings

MOSim.Rcheck/MOSim-Ex.timings

nameusersystemelapsed
calculate_mean_per_list_df0.0020.0030.004
check_patterns0.0090.0000.009
discretize70.901 1.08171.993
experimentalDesign48.482 0.25148.739
make_cluster_patterns13.182 0.00313.186
match_gene_regulator0.0180.0020.020
match_gene_regulator_cluster0.0470.0010.048
mosim45.949 0.17346.124
omicData3.3050.0673.372
omicResults49.508 0.19149.703
omicSettings67.447 0.73668.190
omicSim64.096 0.35664.457
plotProfile64.009 0.39164.404
sc_mosim40.534 0.33140.865
sc_omicData0.7720.0170.788
sc_omicResults37.799 0.19837.999
sc_omicSettings37.592 0.33637.929
sc_param_estimation0.1690.0010.169