| Back to Build/check report for BioC 3.23: simplified long |
|
This page was generated on 2025-11-05 11:32 -0500 (Wed, 05 Nov 2025).
| Hostname | OS | Arch (*) | R version | Installed pkgs |
|---|---|---|---|---|
| nebbiolo1 | Linux (Ubuntu 24.04.3 LTS) | x86_64 | R Under development (unstable) (2025-10-20 r88955) -- "Unsuffered Consequences" | 4818 |
| Click on any hostname to see more info about the system (e.g. compilers) (*) as reported by 'uname -p', except on Windows and Mac OS X | ||||
| Package 1325/2323 | Hostname | OS / Arch | INSTALL | BUILD | CHECK | BUILD BIN | ||||||||
| MOGAMUN 1.21.0 (landing page) Elva-María Novoa-del-Toro
| nebbiolo1 | Linux (Ubuntu 24.04.3 LTS) / x86_64 | OK | ERROR | skipped | |||||||||
|
To the developers/maintainers of the MOGAMUN package: - Allow up to 24 hours (and sometimes 48 hours) for your latest push to git@git.bioconductor.org:packages/MOGAMUN.git to reflect on this report. See Troubleshooting Build Report for more information. - Use the following Renviron settings to reproduce errors and warnings. - If 'R CMD check' started to fail recently on the Linux builder(s) over a missing dependency, add the missing dependency to 'Suggests:' in your DESCRIPTION file. See Renviron.bioc for more information. |
| Package: MOGAMUN |
| Version: 1.21.0 |
| Command: /home/biocbuild/bbs-3.23-bioc/R/bin/R CMD build --keep-empty-dirs --no-resave-data MOGAMUN |
| StartedAt: 2025-11-04 18:40:42 -0500 (Tue, 04 Nov 2025) |
| EndedAt: 2025-11-04 18:40:55 -0500 (Tue, 04 Nov 2025) |
| EllapsedTime: 13.0 seconds |
| RetCode: 1 |
| Status: ERROR |
| PackageFile: None |
| PackageFileSize: NA |
##############################################################################
##############################################################################
###
### Running command:
###
### /home/biocbuild/bbs-3.23-bioc/R/bin/R CMD build --keep-empty-dirs --no-resave-data MOGAMUN
###
##############################################################################
##############################################################################
* checking for file ‘MOGAMUN/DESCRIPTION’ ... OK
* preparing ‘MOGAMUN’:
* checking DESCRIPTION meta-information ... OK
* installing the package (it is needed to build vignettes)
* creating vignettes ... ERROR
--- re-building ‘MOGAMUN_Vignette.Rmd’ using knitr
Quitting from MOGAMUN_Vignette.Rmd:226-232 [end]
~~~~~~~~~~~~~~~~~~~~~~~~~~~~~~~~~~~~~~~~~~~~~~~~~~~~~~~~~~~~~~~~~~~~~~~~~~~~~~~~
<error/rlang_error>
Error in `Ops.data.frame()`:
! '>=' only defined for equally-sized data frames
---
Backtrace:
▆
1. └─MOGAMUN::mogamun_postprocess(...)
2. └─MOGAMUN:::PostprocessResults(...)
3. └─MOGAMUN:::ObtainAccParetoFront(...)
4. └─MOGAMUN:::NonDomSort(...)
5. └─MOGAMUN:::fastNonDominatedSorting(...)
6. └─base::Ops.data.frame(xi, xj)
~~~~~~~~~~~~~~~~~~~~~~~~~~~~~~~~~~~~~~~~~~~~~~~~~~~~~~~~~~~~~~~~~~~~~~~~~~~~~~~~
Error: processing vignette 'MOGAMUN_Vignette.Rmd' failed with diagnostics:
'>=' only defined for equally-sized data frames
--- failed re-building ‘MOGAMUN_Vignette.Rmd’
SUMMARY: processing the following file failed:
‘MOGAMUN_Vignette.Rmd’
Error: Vignette re-building failed.
Execution halted