Back to Multiple platform build/check report for BioC 3.22:   simplified   long
ABCDEFGHIJKL[M]NOPQRSTUVWXYZ

This page was generated on 2025-10-07 12:05 -0400 (Tue, 07 Oct 2025).

HostnameOSArch (*)R versionInstalled pkgs
nebbiolo2Linux (Ubuntu 24.04.3 LTS)x86_644.5.1 Patched (2025-08-23 r88802) -- "Great Square Root" 4853
lconwaymacOS 12.7.1 Montereyx86_644.5.1 Patched (2025-09-10 r88807) -- "Great Square Root" 4640
kjohnson3macOS 13.7.7 Venturaarm644.5.1 Patched (2025-09-10 r88807) -- "Great Square Root" 4585
taishanLinux (openEuler 24.03 LTS)aarch644.5.0 (2025-04-11) -- "How About a Twenty-Six" 4584
Click on any hostname to see more info about the system (e.g. compilers)      (*) as reported by 'uname -p', except on Windows and Mac OS X

Package 1335/2341HostnameOS / ArchINSTALLBUILDCHECKBUILD BIN
MOFA2 1.19.0  (landing page)
Ricard Argelaguet
Snapshot Date: 2025-10-06 13:45 -0400 (Mon, 06 Oct 2025)
git_url: https://git.bioconductor.org/packages/MOFA2
git_branch: devel
git_last_commit: b2755a0
git_last_commit_date: 2025-04-15 12:12:13 -0400 (Tue, 15 Apr 2025)
nebbiolo2Linux (Ubuntu 24.04.3 LTS) / x86_64  OK    OK    WARNINGS  UNNEEDED, same version is already published
lconwaymacOS 12.7.1 Monterey / x86_64  OK    OK    WARNINGS    OK  UNNEEDED, same version is already published
kjohnson3macOS 13.7.7 Ventura / arm64  OK    ERROR  skippedskipped
taishanLinux (openEuler 24.03 LTS) / aarch64  OK    ERROR  skipped


CHECK results for MOFA2 on lconway

To the developers/maintainers of the MOFA2 package:
- Allow up to 24 hours (and sometimes 48 hours) for your latest push to git@git.bioconductor.org:packages/MOFA2.git to reflect on this report. See Troubleshooting Build Report for more information.
- Use the following Renviron settings to reproduce errors and warnings.
- If 'R CMD check' started to fail recently on the Linux builder(s) over a missing dependency, add the missing dependency to 'Suggests:' in your DESCRIPTION file. See Renviron.bioc for more information.

raw results


Summary

Package: MOFA2
Version: 1.19.0
Command: /Library/Frameworks/R.framework/Resources/bin/R CMD check --install=check:MOFA2.install-out.txt --library=/Library/Frameworks/R.framework/Resources/library --no-vignettes --timings MOFA2_1.19.0.tar.gz
StartedAt: 2025-10-06 23:02:05 -0400 (Mon, 06 Oct 2025)
EndedAt: 2025-10-06 23:06:31 -0400 (Mon, 06 Oct 2025)
EllapsedTime: 266.3 seconds
RetCode: 0
Status:   WARNINGS  
CheckDir: MOFA2.Rcheck
Warnings: 1

Command output

##############################################################################
##############################################################################
###
### Running command:
###
###   /Library/Frameworks/R.framework/Resources/bin/R CMD check --install=check:MOFA2.install-out.txt --library=/Library/Frameworks/R.framework/Resources/library --no-vignettes --timings MOFA2_1.19.0.tar.gz
###
##############################################################################
##############################################################################


* using log directory ‘/Users/biocbuild/bbs-3.22-bioc/meat/MOFA2.Rcheck’
* using R version 4.5.1 Patched (2025-09-10 r88807)
* using platform: x86_64-apple-darwin20
* R was compiled by
    Apple clang version 14.0.0 (clang-1400.0.29.202)
    GNU Fortran (GCC) 14.2.0
* running under: macOS Monterey 12.7.6
* using session charset: UTF-8
* using option ‘--no-vignettes’
* checking for file ‘MOFA2/DESCRIPTION’ ... OK
* checking extension type ... Package
* this is package ‘MOFA2’ version ‘1.19.0’
* package encoding: UTF-8
* checking package namespace information ... OK
* checking package dependencies ... OK
* checking if this is a source package ... OK
* checking if there is a namespace ... OK
* checking for hidden files and directories ... OK
* checking for portable file names ... OK
* checking for sufficient/correct file permissions ... OK
* checking whether package ‘MOFA2’ can be installed ... NOTE
Found the following notes/warnings:
  Non-staged installation was used
See ‘/Users/biocbuild/bbs-3.22-bioc/meat/MOFA2.Rcheck/00install.out’ for details.
* checking installed package size ... OK
* checking package directory ... OK
* checking ‘build’ directory ... OK
* checking DESCRIPTION meta-information ... OK
* checking top-level files ... OK
* checking for left-over files ... OK
* checking index information ... OK
* checking package subdirectories ... OK
* checking code files for non-ASCII characters ... OK
* checking R files for syntax errors ... OK
* checking whether the package can be loaded ... OK
* checking whether the package can be loaded with stated dependencies ... OK
* checking whether the package can be unloaded cleanly ... OK
* checking whether the namespace can be loaded with stated dependencies ... OK
* checking whether the namespace can be unloaded cleanly ... OK
* checking dependencies in R code ... OK
* checking S3 generic/method consistency ... OK
* checking replacement functions ... OK
* checking foreign function calls ... OK
* checking R code for possible problems ... NOTE
.plot_factors_vs_cov_1d: no visible binding for global variable
  ‘value.factor’
.plot_factors_vs_cov_1d: no visible binding for global variable
  ‘value_scaled’
.plot_factors_vs_cov_1d: no visible binding for global variable
  ‘value.covariate’
.plot_factors_vs_cov_1d: no visible binding for global variable ‘value’
.plot_factors_vs_cov_2d: no visible binding for global variable
  ‘value.factor’
.set_xax: no visible binding for global variable ‘value’
add_mofa_factors_to_seurat: no visible global function definition for
  ‘CreateDimReducObject’
create_mofa_from_SingleCellExperiment: no visible global function
  definition for ‘colData’
get_interpolated_factors: no visible binding for global variable ‘L1’
get_interpolated_factors: no visible binding for global variable ‘L2’
get_interpolated_factors: no visible binding for global variable
  ‘value’
get_interpolated_factors: no visible binding for global variable
  ‘covariate’
get_interpolated_factors: no visible binding for global variable
  ‘covariate_value’
get_interpolated_factors: no visible binding for global variable
  ‘sample_id’
interpolate_factors: no visible binding for global variable ‘.’
plot_alignment: no visible binding for global variable ‘group’
plot_alignment: no visible binding for global variable ‘value.warped’
plot_alignment: no visible binding for global variable
  ‘value.unaligned’
plot_contribution_scores: no visible binding for global variable ‘view’
plot_data_overview: no visible binding for global variable ‘view’
plot_data_overview: no visible binding for global variable ‘ptotal’
plot_data_overview: no visible binding for global variable ‘ntotal’
plot_data_overview: no visible binding for global variable ‘group’
plot_data_overview: no visible binding for global variable
  ‘group_label’
plot_dimred: no visible binding for global variable ‘.’
plot_enrichment_detailed: no visible binding for global variable
  ‘pathway’
plot_enrichment_detailed: no visible binding for global variable
  ‘feature.statistic’
plot_factors_vs_cov: no visible binding for global variable ‘E2’
plot_factors_vs_cov: no visible binding for global variable ‘value’
plot_interpolation_vs_covariate: no visible binding for global variable
  ‘variance’
plot_interpolation_vs_covariate: no visible binding for global variable
  ‘group’
plot_interpolation_vs_covariate: no visible binding for global variable
  ‘value.covariate’
plot_interpolation_vs_covariate: no visible binding for global variable
  ‘value.factor’
plot_interpolation_vs_covariate: no visible binding for global variable
  ‘ymin’
plot_interpolation_vs_covariate: no visible binding for global variable
  ‘ymax’
plot_sharedness: no visible binding for global variable ‘sharedness’
plot_sharedness: no visible binding for global variable ‘value’
plot_smoothness: no visible binding for global variable ‘value’
plot_smoothness: no visible binding for global variable ‘smoothness’
plot_top_weights: no visible binding for global variable ‘value’
plot_weights: no visible binding for global variable ‘value’
plot_weights: no visible binding for global variable ‘.’
summarise_factors: no visible binding for global variable ‘value’
summarise_factors: no visible binding for global variable ‘level’
summarise_factors: no visible binding for global variable ‘group’
Undefined global functions or variables:
  . CreateDimReducObject E2 L1 L2 colData covariate covariate_value
  feature.statistic group group_label level ntotal pathway ptotal
  sample_id sharedness smoothness value value.covariate value.factor
  value.unaligned value.warped value_scaled variance view ymax ymin
* checking Rd files ... NOTE
checkRd: (-1) calculate_contribution_scores.Rd:36: Lost braces in \itemize; meant \describe ?
checkRd: (-1) calculate_contribution_scores.Rd:37: Lost braces in \itemize; meant \describe ?
checkRd: (-1) calculate_contribution_scores.Rd:38: Lost braces in \itemize; meant \describe ?
checkRd: (-1) correlate_factors_with_covariates.Rd:24-25: Lost braces in \itemize; meant \describe ?
checkRd: (-1) correlate_factors_with_covariates.Rd:26: Lost braces in \itemize; meant \describe ?
checkRd: (-1) create_mofa.Rd:26: Lost braces in \itemize; meant \describe ?
checkRd: (-1) create_mofa.Rd:27: Lost braces in \itemize; meant \describe ?
checkRd: (-1) create_mofa.Rd:28: Lost braces in \itemize; meant \describe ?
checkRd: (-1) create_mofa.Rd:29: Lost braces in \itemize; meant \describe ?
checkRd: (-1) create_mofa.Rd:30: Lost braces in \itemize; meant \describe ?
checkRd: (-1) get_default_data_options.Rd:24-25: Lost braces in \itemize; meant \describe ?
checkRd: (-1) get_default_data_options.Rd:26-27: Lost braces in \itemize; meant \describe ?
checkRd: (-1) get_default_data_options.Rd:28: Lost braces in \itemize; meant \describe ?
checkRd: (-1) get_default_model_options.Rd:24-25: Lost braces in \itemize; meant \describe ?
checkRd: (-1) get_default_model_options.Rd:26: Lost braces in \itemize; meant \describe ?
checkRd: (-1) get_default_model_options.Rd:27: Lost braces in \itemize; meant \describe ?
checkRd: (-1) get_default_model_options.Rd:28: Lost braces in \itemize; meant \describe ?
checkRd: (-1) get_default_model_options.Rd:29: Lost braces in \itemize; meant \describe ?
checkRd: (-1) get_default_model_options.Rd:30: Lost braces in \itemize; meant \describe ?
checkRd: (-1) get_default_stochastic_options.Rd:25: Lost braces in \itemize; meant \describe ?
checkRd: (-1) get_default_stochastic_options.Rd:27: Lost braces in \itemize; meant \describe ?
checkRd: (-1) get_default_stochastic_options.Rd:29: Lost braces in \itemize; meant \describe ?
checkRd: (-1) get_default_stochastic_options.Rd:31: Lost braces in \itemize; meant \describe ?
checkRd: (-1) get_default_training_options.Rd:24-25: Lost braces in \itemize; meant \describe ?
checkRd: (-1) get_default_training_options.Rd:26-27: Lost braces in \itemize; meant \describe ?
checkRd: (-1) get_default_training_options.Rd:28: Lost braces in \itemize; meant \describe ?
checkRd: (-1) get_default_training_options.Rd:29: Lost braces in \itemize; meant \describe ?
checkRd: (-1) get_default_training_options.Rd:30: Lost braces in \itemize; meant \describe ?
checkRd: (-1) get_default_training_options.Rd:31: Lost braces in \itemize; meant \describe ?
checkRd: (-1) get_default_training_options.Rd:32: Lost braces in \itemize; meant \describe ?
checkRd: (-1) get_default_training_options.Rd:33: Lost braces in \itemize; meant \describe ?
checkRd: (-1) get_default_training_options.Rd:34: Lost braces in \itemize; meant \describe ?
checkRd: (-1) get_default_training_options.Rd:35: Lost braces in \itemize; meant \describe ?
checkRd: (-1) get_expectations.Rd:19: Lost braces in \itemize; \value handles \item{}{} directly
checkRd: (-1) get_expectations.Rd:20: Lost braces in \itemize; \value handles \item{}{} directly
checkRd: (-1) impute.Rd:24: Lost braces; missing escapes or markup?
    24 | \item \strong{response}:{gives mean for gaussian and poisson and probabilities for bernoulli.}
       |                         ^
checkRd: (-1) impute.Rd:25: Lost braces; missing escapes or markup?
    25 | \item \strong{link}: {gives the linear predictions.}
       |                      ^
checkRd: (-1) impute.Rd:26: Lost braces; missing escapes or markup?
    26 | \item \strong{inRange}: {rounds the fitted values from "terms" for integer-valued distributions to the next integer (default).}
       |                         ^
* checking Rd metadata ... OK
* checking Rd cross-references ... NOTE
Found the following Rd file(s) with Rd \link{} targets missing package
anchors:
  compare_elbo.Rd: ggplot
  load_model.Rd: HDF5Array, DelayedArray
  plot_data_overview.Rd: ggplot
  plot_data_scatter.Rd: ggplot
  plot_enrichment_heatmap.Rd: pheatmap
  plot_variance_explained.Rd: ggplot
  plot_variance_explained_by_covariates.Rd: ggplot
  plot_weights.Rd: ggplot
  plot_weights_heatmap.Rd: pheatmap
  run_mofa.Rd: reticulate
  run_tsne.Rd: Rtsne
  summarise_factors.Rd: ggplot
Please provide package anchors for all Rd \link{} targets not in the
package itself and the base packages.
Package unavailable to check Rd xrefs: ‘PCGSE’
* checking for missing documentation entries ... OK
* checking for code/documentation mismatches ... WARNING
Codoc mismatches from Rd file 'create_mofa_from_Seurat.Rd':
create_mofa_from_Seurat
  Code: function(seurat, groups = NULL, assays = NULL, layer = "data",
                 features = NULL, extract_metadata = FALSE)
  Docs: function(seurat, groups = NULL, assays = NULL, slot =
                 "scale.data", features = NULL, extract_metadata =
                 FALSE)
  Argument names in code not in docs:
    layer
  Argument names in docs not in code:
    slot
  Mismatches in argument names:
    Position: 4 Code: layer Docs: slot

* checking Rd \usage sections ... OK
* checking Rd contents ... OK
* checking for unstated dependencies in examples ... OK
* checking line endings in shell scripts ... OK
* checking files in ‘vignettes’ ... OK
* checking examples ... OK
* checking for unstated dependencies in ‘tests’ ... OK
* checking tests ...
  Running ‘testthat.R’
 OK
* checking for unstated dependencies in vignettes ... OK
* checking package vignettes ... OK
* checking running R code from vignettes ... SKIPPED
* checking re-building of vignette outputs ... SKIPPED
* checking PDF version of manual ... OK
* DONE

Status: 1 WARNING, 4 NOTEs
See
  ‘/Users/biocbuild/bbs-3.22-bioc/meat/MOFA2.Rcheck/00check.log’
for details.


Installation output

MOFA2.Rcheck/00install.out

##############################################################################
##############################################################################
###
### Running command:
###
###   /Library/Frameworks/R.framework/Resources/bin/R CMD INSTALL MOFA2
###
##############################################################################
##############################################################################


* installing to library ‘/Library/Frameworks/R.framework/Versions/4.5-x86_64/Resources/library’
* installing *source* package ‘MOFA2’ ...
** this is package ‘MOFA2’ version ‘1.19.0’
** using non-staged installation via StagedInstall field
** R
** inst
** byte-compile and prepare package for lazy loading
Creating a generic function for ‘rownames’ from package ‘base’ in package ‘MOFA2’
Creating a generic function for ‘colnames’ from package ‘base’ in package ‘MOFA2’
Creating a generic function for ‘nrow’ from package ‘base’ in package ‘MOFA2’
Creating a generic function for ‘ncol’ from package ‘base’ in package ‘MOFA2’
Creating a generic function for ‘rownames<-’ from package ‘base’ in package ‘MOFA2’
Creating a generic function for ‘colnames<-’ from package ‘base’ in package ‘MOFA2’
** help
*** installing help indices
** building package indices
** installing vignettes
** testing if installed package can be loaded
* DONE (MOFA2)

Tests output

MOFA2.Rcheck/tests/testthat.Rout


R version 4.5.1 Patched (2025-09-10 r88807) -- "Great Square Root"
Copyright (C) 2025 The R Foundation for Statistical Computing
Platform: x86_64-apple-darwin20

R is free software and comes with ABSOLUTELY NO WARRANTY.
You are welcome to redistribute it under certain conditions.
Type 'license()' or 'licence()' for distribution details.

R is a collaborative project with many contributors.
Type 'contributors()' for more information and
'citation()' on how to cite R or R packages in publications.

Type 'demo()' for some demos, 'help()' for on-line help, or
'help.start()' for an HTML browser interface to help.
Type 'q()' to quit R.

> library(testthat)
> library(MOFA2)

Attaching package: 'MOFA2'

The following object is masked from 'package:stats':

    predict

> 
> test_check("MOFA2")

               single_group 
                    100     
               ____________ 
              |            |
view_0  1000  |    100%    |
              |____________|
               ____________ 
              |            |
view_1  1000  |    100%    |
              |____________|

[ FAIL 0 | WARN 2 | SKIP 0 | PASS 25 ]

[ FAIL 0 | WARN 2 | SKIP 0 | PASS 25 ]
> 
> # setwd("/Users/rargelaguet/mofa/MOFA2/tests/testthat")
> 
> proc.time()
   user  system elapsed 
 15.183   0.896  16.206 

Example timings

MOFA2.Rcheck/MOFA2-Ex.timings

nameusersystemelapsed
add_mofa_factors_to_seurat0.0060.0000.006
calculate_contribution_scores0.1960.0200.221
calculate_variance_explained2.7930.1392.944
calculate_variance_explained_per_sample0.1590.0160.247
cluster_samples0.1560.0180.253
compare_elbo0.2850.0240.357
compare_factors0.3830.0270.413
covariates_names0.2000.0140.219
create_mofa1.0520.0671.141
create_mofa_from_df1.1140.0541.187
create_mofa_from_matrix0.0110.0000.012
factors_names0.1380.0110.150
features_metadata0.1500.0320.183
features_names0.1360.0230.159
get_covariates0.1720.0120.185
get_data0.9580.0441.009
get_default_data_options0.5560.0290.588
get_default_mefisto_options0.6820.0290.714
get_default_model_options0.5260.0350.563
get_default_stochastic_options0.5500.0600.626
get_default_training_options0.4960.0250.525
get_dimensions0.1400.0110.153
get_elbo0.1460.0090.156
get_expectations0.6780.0330.713
get_factors0.1440.0110.157
get_imputed_data0.1550.0090.165
get_lengthscales0.1730.0100.184
get_scales0.1910.0200.212
get_variance_explained0.1520.0160.169
get_weights0.1760.0260.203
groups_names0.1470.0100.161
impute0.1620.0090.173
interpolate_factors0.2230.0120.238
load_model0.1630.0230.188
make_example_data0.0020.0000.002
plot_ascii_data0.1420.0120.155
plot_data_heatmap0.1890.0120.202
plot_data_overview0.4230.0140.440
plot_data_scatter2.0240.0592.111
plot_data_vs_cov0.6980.0220.726
plot_dimred4.2930.0674.360
plot_factor1.9330.0281.972
plot_factor_cor0.1580.0100.170
plot_factors0.9260.0190.963
plot_factors_vs_cov0.6790.0250.722
plot_group_kernel0.4040.0190.427
plot_interpolation_vs_covariate0.6510.0170.671
plot_smoothness0.2360.0130.250
plot_top_weights1.0920.0241.126
plot_variance_explained2.6020.0402.657
plot_variance_explained_by_covariates1.3950.0281.426
plot_variance_explained_per_feature0.4420.0180.461
plot_weights2.5240.0432.573
plot_weights_heatmap0.3300.0170.353
plot_weights_scatter0.4400.0120.454
predict0.1740.0180.196
prepare_mofa0.5210.0280.551
run_mofa0.5860.0370.629
run_tsne0.1760.0350.221
run_umap0.1380.0100.148
samples_metadata0.1550.0120.169
samples_names0.1600.0100.171
set_covariates0.0280.0010.029
subset_factors0.1770.0170.195
subset_groups0.1420.0100.154
subset_samples0.1620.0170.180
subset_views0.1430.0110.157
views_names0.1430.0080.154