Back to Multiple platform build/check report for BioC 3.21:   simplified   long
ABCDEFGHIJKL[M]NOPQRSTUVWXYZ

This page was generated on 2025-01-28 11:47 -0500 (Tue, 28 Jan 2025).

HostnameOSArch (*)R versionInstalled pkgs
nebbiolo1Linux (Ubuntu 24.04.1 LTS)x86_64R Under development (unstable) (2025-01-20 r87609) -- "Unsuffered Consequences" 4659
palomino7Windows Server 2022 Datacenterx64R Under development (unstable) (2025-01-21 r87610 ucrt) -- "Unsuffered Consequences" 4454
lconwaymacOS 12.7.1 Montereyx86_64R Under development (unstable) (2025-01-22 r87618) -- "Unsuffered Consequences" 4465
kjohnson3macOS 13.7.1 Venturaarm64R Under development (unstable) (2025-01-20 r87609) -- "Unsuffered Consequences" 4419
kunpeng2Linux (openEuler 22.03 LTS-SP1)aarch64R Under development (unstable) (2024-11-24 r87369) -- "Unsuffered Consequences" 4409
Click on any hostname to see more info about the system (e.g. compilers)      (*) as reported by 'uname -p', except on Windows and Mac OS X

Package 1184/2286HostnameOS / ArchINSTALLBUILDCHECKBUILD BIN
MEDIPS 1.59.0  (landing page)
Lukas Chavez
Snapshot Date: 2025-01-27 13:40 -0500 (Mon, 27 Jan 2025)
git_url: https://git.bioconductor.org/packages/MEDIPS
git_branch: devel
git_last_commit: 34d1345
git_last_commit_date: 2024-10-29 09:35:10 -0500 (Tue, 29 Oct 2024)
nebbiolo1Linux (Ubuntu 24.04.1 LTS) / x86_64  OK    OK    OK  UNNEEDED, same version is already published
palomino7Windows Server 2022 Datacenter / x64  OK    OK    OK    OK  UNNEEDED, same version is already published
lconwaymacOS 12.7.1 Monterey / x86_64  OK    OK    OK    OK  NO, package depends on 'rtracklayer' which is only available as a source package that needs compilation
kjohnson3macOS 13.7.1 Ventura / arm64  OK    OK    OK    OK  NO, package depends on 'rtracklayer' which is only available as a source package that needs compilation
kunpeng2Linux (openEuler 22.03 LTS-SP1) / aarch64  OK    OK    WARNINGS  


CHECK results for MEDIPS on kunpeng2

To the developers/maintainers of the MEDIPS package:
- Allow up to 24 hours (and sometimes 48 hours) for your latest push to git@git.bioconductor.org:packages/MEDIPS.git to reflect on this report. See Troubleshooting Build Report for more information.
- Use the following Renviron settings to reproduce errors and warnings.
- If 'R CMD check' started to fail recently on the Linux builder(s) over a missing dependency, add the missing dependency to 'Suggests:' in your DESCRIPTION file. See Renviron.bioc for more information.
- See Martin Grigorov's blog post for how to debug Linux ARM64 related issues on a x86_64 host.

raw results


Summary

Package: MEDIPS
Version: 1.59.0
Command: /home/biocbuild/R/R/bin/R CMD check --install=check:MEDIPS.install-out.txt --library=/home/biocbuild/R/R/site-library --no-vignettes --timings MEDIPS_1.59.0.tar.gz
StartedAt: 2025-01-28 12:09:37 -0000 (Tue, 28 Jan 2025)
EndedAt: 2025-01-28 12:17:32 -0000 (Tue, 28 Jan 2025)
EllapsedTime: 474.5 seconds
RetCode: 0
Status:   WARNINGS  
CheckDir: MEDIPS.Rcheck
Warnings: 5

Command output

##############################################################################
##############################################################################
###
### Running command:
###
###   /home/biocbuild/R/R/bin/R CMD check --install=check:MEDIPS.install-out.txt --library=/home/biocbuild/R/R/site-library --no-vignettes --timings MEDIPS_1.59.0.tar.gz
###
##############################################################################
##############################################################################


* using log directory ‘/home/biocbuild/bbs-3.21-bioc/meat/MEDIPS.Rcheck’
* using R Under development (unstable) (2024-11-24 r87369)
* using platform: aarch64-unknown-linux-gnu
* R was compiled by
    aarch64-unknown-linux-gnu-gcc (GCC) 14.2.0
    GNU Fortran (GCC) 14.2.0
* running under: openEuler 24.03 (LTS)
* using session charset: UTF-8
* using option ‘--no-vignettes’
* checking for file ‘MEDIPS/DESCRIPTION’ ... OK
* checking extension type ... Package
* this is package ‘MEDIPS’ version ‘1.59.0’
* checking package namespace information ... OK
* checking package dependencies ... OK
* checking if this is a source package ... OK
* checking if there is a namespace ... OK
* checking for hidden files and directories ... OK
* checking for portable file names ... OK
* checking for sufficient/correct file permissions ... OK
* checking whether package ‘MEDIPS’ can be installed ... WARNING
Found the following significant warnings:
  Warning: program compiled against libxml 212 using older 211
See ‘/home/biocbuild/bbs-3.21-bioc/meat/MEDIPS.Rcheck/00install.out’ for details.
* checking installed package size ... OK
* checking package directory ... OK
* checking ‘build’ directory ... OK
* checking DESCRIPTION meta-information ... OK
* checking top-level files ... OK
* checking for left-over files ... OK
* checking index information ... OK
* checking package subdirectories ... OK
* checking code files for non-ASCII characters ... OK
* checking R files for syntax errors ... OK
* checking whether the package can be loaded ... OK
* checking whether the package can be loaded with stated dependencies ... OK
* checking whether the package can be unloaded cleanly ... OK
* checking whether the namespace can be loaded with stated dependencies ... NOTE
Warning: program compiled against libxml 212 using older 211

A namespace must be able to be loaded with just the base namespace
loaded: otherwise if the namespace gets loaded by a saved object, the
session will be unable to start.

Probably some imports need to be declared in the NAMESPACE file.
* checking whether the namespace can be unloaded cleanly ... OK
* checking loading without being on the library search path ... OK
* checking dependencies in R code ... NOTE
Warning: program compiled against libxml 212 using older 211
* checking S3 generic/method consistency ... WARNING
Warning: program compiled against libxml 212 using older 211
See section ‘Generic functions and methods’ in the ‘Writing R
Extensions’ manual.
* checking replacement functions ... WARNING
Warning: program compiled against libxml 212 using older 211
The argument of a replacement function which corresponds to the right
hand side must be named ‘value’.
* checking foreign function calls ... NOTE
Warning: program compiled against libxml 212 using older 211
See chapter ‘System and foreign language interfaces’ in the ‘Writing R
Extensions’ manual.
* checking R code for possible problems ... NOTE
Warning: program compiled against libxml 212 using older 211
MEDIPS.CpGenrich: no visible global function definition for ‘seqlevels’
MEDIPS.CpGenrich: no visible global function definition for
  ‘seqlengths’
MEDIPS.CpGenrich: no visible global function definition for
  ‘GRangesList’
MEDIPS.CpGenrich : <anonymous>: no visible global function definition
  for ‘seqnames’
MEDIPS.CpGenrich: no visible global function definition for ‘new’
MEDIPS.addCNV: no visible global function definition for ‘seqnames’
MEDIPS.correlation: no visible global function definition for ‘pdf’
MEDIPS.correlation: no visible global function definition for ‘dev.off’
MEDIPS.couplingVector: no visible global function definition for ‘new’
MEDIPS.createROIset: no visible global function definition for
  ‘seqnames’
MEDIPS.createROIset: no visible global function definition for
  ‘seqlengths’
MEDIPS.createROIset: no visible global function definition for ‘new’
MEDIPS.createSet: no visible global function definition for ‘seqnames’
MEDIPS.createSet: no visible global function definition for
  ‘seqlengths’
MEDIPS.createSet: no visible global function definition for ‘seqlevels’
MEDIPS.createSet: no visible global function definition for ‘new’
MEDIPS.diffMeth: no visible global function definition for ‘p.adjust’
MEDIPS.exportWIG: no visible global function definition for ‘seqnames’
MEDIPS.mergeSets: no visible global function definition for ‘new’
MEDIPS.meth: no visible global function definition for ‘seqnames’
MEDIPS.plotCalibrationPlot: no visible global function definition for
  ‘seqnames’
MEDIPS.plotCalibrationPlot: no visible global function definition for
  ‘points’
MEDIPS.plotSeqCoverage: no visible global function definition for ‘pie’
MEDIPS.plotSeqCoverage: no visible global function definition for
  ‘hist’
MEDIPS.saturation: no visible global function definition for
  ‘seqlevels’
MEDIPS.saturation: no visible global function definition for
  ‘seqlengths’
MEDIPS.selectROIs: no visible global function definition for
  ‘elementMetadata<-’
MEDIPS.selectROIs: no visible global function definition for
  ‘elementMetadata’
MEDIPS.selectROIs: no visible global function definition for
  ‘findOverlaps’
MEDIPS.selectROIs: no visible global function definition for ‘values’
MEDIPS.selectROIs: no visible global function definition for ‘seqnames’
MEDIPS.seqCoverage: no visible global function definition for
  ‘seqlevels’
MEDIPS.seqCoverage: no visible global function definition for
  ‘seqlengths’
MEDIPS.setAnnotation: no visible global function definition for
  ‘findOverlaps’
MEDIPS.setAnnotation: no visible global function definition for
  ‘values’
getGRange: no visible global function definition for ‘qpois’
getGRange: no visible global function definition for ‘seqlengths’
getGRange: no visible global function definition for ‘countMatches’
getGRange: no visible global function definition for ‘strand<-’
getMObjectFromWIG: no visible global function definition for
  ‘seqlengths’
getMObjectFromWIG: no visible global function definition for ‘values’
getMObjectFromWIG: no visible global function definition for
  ‘runLength’
getMObjectFromWIG: no visible global function definition for ‘seqnames’
getMObjectFromWIG: no visible global function definition for ‘runValue’
getMObjectFromWIG: no visible global function definition for ‘new’
getPairedGRange: no visible global function definition for ‘sd’
getPairedGRange: no visible global function definition for ‘qpois’
getPairedGRange: no visible global function definition for ‘seqlengths’
getPairedGRange: no visible global function definition for
  ‘countMatches’
getPairedGRange: no visible global function definition for ‘strand<-’
matSd: no visible binding for global variable ‘sd’
matTtest: no visible binding for global variable ‘sd’
matTtest: no visible global function definition for ‘pt’
Undefined global functions or variables:
  GRangesList countMatches dev.off elementMetadata elementMetadata<-
  findOverlaps hist new p.adjust pdf pie points pt qpois runLength
  runValue sd seqlengths seqlevels seqnames strand<- values
Consider adding
  importFrom("grDevices", "dev.off", "pdf")
  importFrom("graphics", "hist", "pie", "points")
  importFrom("methods", "new")
  importFrom("stats", "p.adjust", "pt", "qpois", "sd")
to your NAMESPACE file (and ensure that your DESCRIPTION Imports field
contains 'methods').
* checking Rd files ... OK
* checking Rd metadata ... OK
* checking Rd cross-references ... OK
* checking for missing documentation entries ... WARNING
Warning: program compiled against libxml 212 using older 211
All user-level objects in a package should have documentation entries.
See chapter ‘Writing R documentation files’ in the ‘Writing R
Extensions’ manual.
* checking for code/documentation mismatches ... WARNING
Warning: program compiled against libxml 212 using older 211
Warning: program compiled against libxml 212 using older 211
Warning: program compiled against libxml 212 using older 211
* checking Rd \usage sections ... NOTE
Warning: program compiled against libxml 212 using older 211
The \usage entries for S3 methods should use the \method markup and not
their full name.
See chapter ‘Writing R documentation files’ in the ‘Writing R
Extensions’ manual.
* checking Rd contents ... OK
* checking for unstated dependencies in examples ... OK
* checking files in ‘vignettes’ ... OK
* checking examples ... OK
Examples with CPU (user + system) or elapsed time > 5s
                        user system elapsed
MEDIPS.meth           49.325  0.903  50.307
MEDIPS.addCNV         34.535  2.087  36.694
MEDIPS.plotSaturation 13.454  0.116  13.593
MEDIPS.saturation     13.202  0.032  13.257
* checking for unstated dependencies in vignettes ... OK
* checking package vignettes ... OK
* checking running R code from vignettes ... SKIPPED
* checking re-building of vignette outputs ... SKIPPED
* checking PDF version of manual ... OK
* DONE

Status: 5 WARNINGs, 5 NOTEs
See
  ‘/home/biocbuild/bbs-3.21-bioc/meat/MEDIPS.Rcheck/00check.log’
for details.


Installation output

MEDIPS.Rcheck/00install.out

##############################################################################
##############################################################################
###
### Running command:
###
###   /home/biocbuild/R/R/bin/R CMD INSTALL MEDIPS
###
##############################################################################
##############################################################################


* installing to library ‘/home/biocbuild/R/R-4.5.0-devel_2024-11-24/site-library’
* installing *source* package ‘MEDIPS’ ...
** using staged installation
** R
** inst
** byte-compile and prepare package for lazy loading
Warning: program compiled against libxml 212 using older 211
No methods found in package ‘IRanges’ for request: ‘values’ when loading ‘MEDIPS’
** help
*** installing help indices
** building package indices
** installing vignettes
** testing if installed package can be loaded from temporary location
Warning: program compiled against libxml 212 using older 211
No methods found in package ‘IRanges’ for request: ‘values’ when loading ‘MEDIPS’
** testing if installed package can be loaded from final location
Warning: program compiled against libxml 212 using older 211
No methods found in package ‘IRanges’ for request: ‘values’ when loading ‘MEDIPS’
** testing if installed package keeps a record of temporary installation path
* DONE (MEDIPS)

Tests output


Example timings

MEDIPS.Rcheck/MEDIPS-Ex.timings

nameusersystemelapsed
COUPLINGset-class0.0010.0000.001
MEDIPS.CpGenrich0.0490.0040.055
MEDIPS.addCNV34.535 2.08736.694
MEDIPS.correlation2.5290.0642.601
MEDIPS.couplingVector4.1960.3834.587
MEDIPS.createROIset1.5430.0281.577
MEDIPS.createSet1.5780.1511.733
MEDIPS.exportWIG2.8480.0882.940
MEDIPS.getAnnotation000
MEDIPS.mergeFrames0.0040.0000.004
MEDIPS.mergeSets1.0680.0001.073
MEDIPS.meth49.325 0.90350.307
MEDIPS.plotCalibrationPlot3.9730.0284.007
MEDIPS.plotSaturation13.454 0.11613.593
MEDIPS.plotSeqCoverage3.8000.0393.847
MEDIPS.saturation13.202 0.03213.257
MEDIPS.selectROIs1.5230.0001.526
MEDIPS.selectSig2.7360.0482.788
MEDIPS.seqCoverage3.7760.0203.803
MEDIPS.setAnnotation2.7230.0162.744
MEDIPSroiSet-class0.0010.0000.000
MEDIPSset-class0.0010.0000.000