Back to Multiple platform build/check report for BioC 3.22:   simplified   long
ABCDEFGHIJKL[M]NOPQRSTUVWXYZ

This page was generated on 2025-05-16 12:04 -0400 (Fri, 16 May 2025).

HostnameOSArch (*)R versionInstalled pkgs
nebbiolo2Linux (Ubuntu 24.04.1 LTS)x86_644.5.0 (2025-04-11) -- "How About a Twenty-Six" 4749
palomino8Windows Server 2022 Datacenterx644.5.0 (2025-04-11 ucrt) -- "How About a Twenty-Six" 4510
lconwaymacOS 12.7.1 Montereyx86_644.5.0 Patched (2025-04-21 r88169) -- "How About a Twenty-Six" 4548
taishanLinux (openEuler 24.03 LTS)aarch644.5.0 (2025-04-11) -- "How About a Twenty-Six" 4453
Click on any hostname to see more info about the system (e.g. compilers)      (*) as reported by 'uname -p', except on Windows and Mac OS X

Package 1168/2304HostnameOS / ArchINSTALLBUILDCHECKBUILD BIN
MAST 1.35.0  (landing page)
Andrew McDavid
Snapshot Date: 2025-05-15 13:00 -0400 (Thu, 15 May 2025)
git_url: https://git.bioconductor.org/packages/MAST
git_branch: devel
git_last_commit: 4526063
git_last_commit_date: 2025-04-15 11:06:00 -0400 (Tue, 15 Apr 2025)
nebbiolo2Linux (Ubuntu 24.04.1 LTS) / x86_64  OK    ERROR  skipped
palomino8Windows Server 2022 Datacenter / x64  OK    ERROR  skippedskipped
lconwaymacOS 12.7.1 Monterey / x86_64  OK    ERROR  skippedskipped
taishanLinux (openEuler 24.03 LTS) / aarch64  OK    ERROR  skipped


BUILD results for MAST on lconway

To the developers/maintainers of the MAST package:
- Allow up to 24 hours (and sometimes 48 hours) for your latest push to git@git.bioconductor.org:packages/MAST.git to reflect on this report. See Troubleshooting Build Report for more information.
- Use the following Renviron settings to reproduce errors and warnings.
- If 'R CMD check' started to fail recently on the Linux builder(s) over a missing dependency, add the missing dependency to 'Suggests:' in your DESCRIPTION file. See Renviron.bioc for more information.

raw results


Summary

Package: MAST
Version: 1.35.0
Command: /Library/Frameworks/R.framework/Resources/bin/R CMD build --keep-empty-dirs --no-resave-data MAST
StartedAt: 2025-05-15 17:21:49 -0400 (Thu, 15 May 2025)
EndedAt: 2025-05-15 17:26:11 -0400 (Thu, 15 May 2025)
EllapsedTime: 261.7 seconds
RetCode: 1
Status:   ERROR  
PackageFile: None
PackageFileSize: NA

Command output

##############################################################################
##############################################################################
###
### Running command:
###
###   /Library/Frameworks/R.framework/Resources/bin/R CMD build --keep-empty-dirs --no-resave-data MAST
###
##############################################################################
##############################################################################


* checking for file ‘MAST/DESCRIPTION’ ... OK
* preparing ‘MAST’:
* checking DESCRIPTION meta-information ... OK
* installing the package to build vignettes
* creating vignettes ... ERROR
--- re-building ‘MAITAnalysis.Rmd’ using rmarkdown
Warning: code chunks must not depend on the uncached chunk "data"
2025-05-15 17:22:51.206 R[33340:11770947] XType: com.apple.fonts is not accessible.
2025-05-15 17:22:51.206 R[33340:11770947] XType: XTFontStaticRegistry is enabled.
Warning: code chunks must not depend on the uncached chunk "zlm"
Warning: code chunks must not depend on the uncached chunk "boots"
--- finished re-building ‘MAITAnalysis.Rmd’

--- re-building ‘MAST-Intro.Rmd’ using rmarkdown

Quitting from MAST-Intro.Rmd:217-223 [tests]
~~~~~~~~~~~~~~~~~~~~~~~~~~~~~~~~~~~~~~~~~~~~~~~~~~~~~~~~~~~~~~~~~~~~~~~~~~~~~~~~
<error/rlang_error>
Error in `melt.default()`:
! The melt generic in data.table has been passed a matrix and will attempt to redirect to the relevant reshape2 method; please note that reshape2 is superseded and is no longer actively developed, and this redirection is now deprecated. To continue using melt methods from reshape2 while both packages are attached, e.g. melt.list, you can prepend the namespace, i.e. reshape2::melt(zlm.lr[, , "Pr(>Chisq)"]). In the next version, this warning will become an error.
---
Backtrace:
    ▆
 1. ├─ggplot2::ggplot(...)
 2. ├─data.table::melt(zlm.lr[, , "Pr(>Chisq)"])
 3. └─data.table:::melt.default(zlm.lr[, , "Pr(>Chisq)"])
 4.   └─data.table:::stopf(...)
 5.     └─data.table:::raise_condition(...)
~~~~~~~~~~~~~~~~~~~~~~~~~~~~~~~~~~~~~~~~~~~~~~~~~~~~~~~~~~~~~~~~~~~~~~~~~~~~~~~~

Error: processing vignette 'MAST-Intro.Rmd' failed with diagnostics:
The melt generic in data.table has been passed a matrix and will attempt to redirect to the relevant reshape2 method; please note that reshape2 is superseded and is no longer actively developed, and this redirection is now deprecated. To continue using melt methods from reshape2 while both packages are attached, e.g. melt.list, you can prepend the namespace, i.e. reshape2::melt(zlm.lr[, , "Pr(>Chisq)"]). In the next version, this warning will become an error.
--- failed re-building ‘MAST-Intro.Rmd’

--- re-building ‘MAST-interoperability.Rmd’ using rmarkdown
--- finished re-building ‘MAST-interoperability.Rmd’

SUMMARY: processing the following file failed:
  ‘MAST-Intro.Rmd’

Error: Vignette re-building failed.
Execution halted