| Back to Multiple platform build/check report for BioC 3.22: simplified long |
|
This page was generated on 2025-10-23 12:06 -0400 (Thu, 23 Oct 2025).
| Hostname | OS | Arch (*) | R version | Installed pkgs |
|---|---|---|---|---|
| nebbiolo2 | Linux (Ubuntu 24.04.3 LTS) | x86_64 | 4.5.1 Patched (2025-08-23 r88802) -- "Great Square Root" | 4894 |
| lconway | macOS 12.7.6 Monterey | x86_64 | 4.5.1 Patched (2025-09-10 r88807) -- "Great Square Root" | 4684 |
| kjohnson3 | macOS 13.7.7 Ventura | arm64 | 4.5.1 Patched (2025-09-10 r88807) -- "Great Square Root" | 4629 |
| taishan | Linux (openEuler 24.03 LTS) | aarch64 | 4.5.0 (2025-04-11) -- "How About a Twenty-Six" | 4642 |
| Click on any hostname to see more info about the system (e.g. compilers) (*) as reported by 'uname -p', except on Windows and Mac OS X | ||||
| Package 1076/2355 | Hostname | OS / Arch | INSTALL | BUILD | CHECK | BUILD BIN | ||||||||
| IPO 1.35.0 (landing page) Thomas Lieb
| nebbiolo2 | Linux (Ubuntu 24.04.3 LTS) / x86_64 | OK | OK | OK | |||||||||
| lconway | macOS 12.7.6 Monterey / x86_64 | OK | ERROR | skipped | skipped | |||||||||
| kjohnson3 | macOS 13.7.7 Ventura / arm64 | OK | ERROR | skipped | skipped | |||||||||
| taishan | Linux (openEuler 24.03 LTS) / aarch64 | OK | OK | NA | ||||||||||
|
To the developers/maintainers of the IPO package: - Allow up to 24 hours (and sometimes 48 hours) for your latest push to git@git.bioconductor.org:packages/IPO.git to reflect on this report. See Troubleshooting Build Report for more information. - Use the following Renviron settings to reproduce errors and warnings. - If 'R CMD check' started to fail recently on the Linux builder(s) over a missing dependency, add the missing dependency to 'Suggests:' in your DESCRIPTION file. See Renviron.bioc for more information. |
| Package: IPO |
| Version: 1.35.0 |
| Command: /Library/Frameworks/R.framework/Resources/bin/R CMD build --keep-empty-dirs --no-resave-data IPO |
| StartedAt: 2025-10-22 16:49:27 -0400 (Wed, 22 Oct 2025) |
| EndedAt: 2025-10-22 16:49:57 -0400 (Wed, 22 Oct 2025) |
| EllapsedTime: 29.3 seconds |
| RetCode: 1 |
| Status: ERROR |
| PackageFile: None |
| PackageFileSize: NA |
##############################################################################
##############################################################################
###
### Running command:
###
### /Library/Frameworks/R.framework/Resources/bin/R CMD build --keep-empty-dirs --no-resave-data IPO
###
##############################################################################
##############################################################################
* checking for file ‘IPO/DESCRIPTION’ ... OK
* preparing ‘IPO’:
* checking DESCRIPTION meta-information ... OK
* installing the package to build vignettes
* creating vignettes ... ERROR
--- re-building ‘IPO.Rmd’ using rmarkdown
2025-10-22 16:49:55.919 R[52679:522254452] XType: Using static font registry.
Quitting from IPO.Rmd:118-134 [optimize_peak_picking]
~~~~~~~~~~~~~~~~~~~~~~~~~~~~~~~~~~~~~~~~~~~~~~~~~~~~~~~~~~~~~~~~~~~~~~~~~~~~~~~~
<error/rlang_error>
Error in `dev.off()`:
! QuartzBitmap_Output - unable to open file '/var/folders/r0/l4fjk6cj5xj0j3brt4bplpl40000gt/T//RtmpXYXsA6/filecdc758005756'
---
Backtrace:
▆
1. └─tools::buildVignettes(dir = ".", tangle = TRUE)
2. ├─base::tryCatch(...)
3. │ └─base (local) tryCatchList(expr, classes, parentenv, handlers)
4. │ └─base (local) tryCatchOne(expr, names, parentenv, handlers[[1L]])
5. │ └─base (local) doTryCatch(return(expr), name, parentenv, handler)
6. └─engine$weave(file, quiet = quiet, encoding = enc)
7. └─knitr:::vweave_rmarkdown(...)
8. └─rmarkdown::render(...)
9. └─knitr::knit(knit_input, knit_output, envir = envir, quiet = quiet)
10. └─knitr:::process_file(text, output)
11. ├─xfun:::handle_error(...)
12. ├─base::withCallingHandlers(...)
13. └─knitr:::process_group(group)
14. └─knitr:::call_block(x)
15. └─knitr:::block_exec(params)
16. └─knitr:::eng_r(options)
17. └─grDevices::dev.off(dv)
~~~~~~~~~~~~~~~~~~~~~~~~~~~~~~~~~~~~~~~~~~~~~~~~~~~~~~~~~~~~~~~~~~~~~~~~~~~~~~~~
Error: processing vignette 'IPO.Rmd' failed with diagnostics:
QuartzBitmap_Output - unable to open file '/var/folders/r0/l4fjk6cj5xj0j3brt4bplpl40000gt/T//RtmpXYXsA6/filecdc758005756'
--- failed re-building ‘IPO.Rmd’
SUMMARY: processing the following file failed:
‘IPO.Rmd’
Error: Vignette re-building failed.
Execution halted