Back to Multiple platform build/check report for BioC 3.21:   simplified   long
ABCDEFGH[I]JKLMNOPQRSTUVWXYZ

This page was generated on 2025-02-04 11:43 -0500 (Tue, 04 Feb 2025).

HostnameOSArch (*)R versionInstalled pkgs
nebbiolo1Linux (Ubuntu 24.04.1 LTS)x86_64R Under development (unstable) (2025-01-20 r87609) -- "Unsuffered Consequences" 4716
palomino7Windows Server 2022 Datacenterx64R Under development (unstable) (2025-01-21 r87610 ucrt) -- "Unsuffered Consequences" 4478
lconwaymacOS 12.7.1 Montereyx86_64R Under development (unstable) (2025-01-22 r87618) -- "Unsuffered Consequences" 4489
kjohnson3macOS 13.7.1 Venturaarm64R Under development (unstable) (2025-01-20 r87609) -- "Unsuffered Consequences" 4442
Click on any hostname to see more info about the system (e.g. compilers)      (*) as reported by 'uname -p', except on Windows and Mac OS X

Package 1017/2295HostnameOS / ArchINSTALLBUILDCHECKBUILD BIN
ILoReg 1.17.0  (landing page)
Johannes Smolander
Snapshot Date: 2025-02-03 13:40 -0500 (Mon, 03 Feb 2025)
git_url: https://git.bioconductor.org/packages/ILoReg
git_branch: devel
git_last_commit: 8522e63
git_last_commit_date: 2024-10-29 10:48:50 -0500 (Tue, 29 Oct 2024)
nebbiolo1Linux (Ubuntu 24.04.1 LTS) / x86_64  OK    OK    WARNINGS  UNNEEDED, same version is already published
palomino7Windows Server 2022 Datacenter / x64  OK    OK    WARNINGS    OK  UNNEEDED, same version is already published
lconwaymacOS 12.7.1 Monterey / x86_64  OK    OK    WARNINGS    OK  UNNEEDED, same version is already published
kjohnson3macOS 13.7.1 Ventura / arm64  OK    OK    WARNINGS    OK  UNNEEDED, same version is already published


CHECK results for ILoReg on lconway

To the developers/maintainers of the ILoReg package:
- Allow up to 24 hours (and sometimes 48 hours) for your latest push to git@git.bioconductor.org:packages/ILoReg.git to reflect on this report. See Troubleshooting Build Report for more information.
- Use the following Renviron settings to reproduce errors and warnings.
- If 'R CMD check' started to fail recently on the Linux builder(s) over a missing dependency, add the missing dependency to 'Suggests:' in your DESCRIPTION file. See Renviron.bioc for more information.

raw results


Summary

Package: ILoReg
Version: 1.17.0
Command: /Library/Frameworks/R.framework/Resources/bin/R CMD check --install=check:ILoReg.install-out.txt --library=/Library/Frameworks/R.framework/Resources/library --no-vignettes --timings ILoReg_1.17.0.tar.gz
StartedAt: 2025-02-03 21:10:31 -0500 (Mon, 03 Feb 2025)
EndedAt: 2025-02-03 21:15:58 -0500 (Mon, 03 Feb 2025)
EllapsedTime: 326.5 seconds
RetCode: 0
Status:   WARNINGS  
CheckDir: ILoReg.Rcheck
Warnings: 2

Command output

##############################################################################
##############################################################################
###
### Running command:
###
###   /Library/Frameworks/R.framework/Resources/bin/R CMD check --install=check:ILoReg.install-out.txt --library=/Library/Frameworks/R.framework/Resources/library --no-vignettes --timings ILoReg_1.17.0.tar.gz
###
##############################################################################
##############################################################################


* using log directory ‘/Users/biocbuild/bbs-3.21-bioc/meat/ILoReg.Rcheck’
* using R Under development (unstable) (2025-01-22 r87618)
* using platform: x86_64-apple-darwin20
* R was compiled by
    Apple clang version 14.0.0 (clang-1400.0.29.202)
    GNU Fortran (GCC) 14.2.0
* running under: macOS Monterey 12.7.6
* using session charset: UTF-8
* using option ‘--no-vignettes’
* checking for file ‘ILoReg/DESCRIPTION’ ... OK
* checking extension type ... Package
* this is package ‘ILoReg’ version ‘1.17.0’
* package encoding: UTF-8
* checking package namespace information ... OK
* checking package dependencies ... INFO
Imports includes 25 non-default packages.
Importing from so many packages makes the package vulnerable to any of
them becoming unavailable.  Move as many as possible to Suggests and
use conditionally.
* checking if this is a source package ... OK
* checking if there is a namespace ... OK
* checking for hidden files and directories ... OK
* checking for portable file names ... OK
* checking for sufficient/correct file permissions ... OK
* checking whether package ‘ILoReg’ can be installed ... WARNING
Found the following significant warnings:
  Warning: replacing previous import ‘Matrix::det’ by ‘SparseM::det’ when loading ‘ILoReg’
See ‘/Users/biocbuild/bbs-3.21-bioc/meat/ILoReg.Rcheck/00install.out’ for details.
* checking installed package size ... OK
* checking package directory ... OK
* checking ‘build’ directory ... OK
* checking DESCRIPTION meta-information ... OK
* checking top-level files ... OK
* checking for left-over files ... OK
* checking index information ... OK
* checking package subdirectories ... OK
* checking code files for non-ASCII characters ... OK
* checking R files for syntax errors ... OK
* checking whether the package can be loaded ... OK
* checking whether the package can be loaded with stated dependencies ... OK
* checking whether the package can be unloaded cleanly ... OK
* checking whether the namespace can be loaded with stated dependencies ... OK
* checking whether the namespace can be unloaded cleanly ... OK
* checking dependencies in R code ... OK
* checking S3 generic/method consistency ... OK
* checking replacement functions ... OK
* checking foreign function calls ... OK
* checking R code for possible problems ... OK
* checking Rd files ... OK
* checking Rd metadata ... OK
* checking Rd cross-references ... OK
* checking for missing documentation entries ... OK
* checking for code/documentation mismatches ... WARNING
Codoc mismatches from Rd file 'FindAllGeneMarkers.Rd':
FindAllGeneMarkers.SingleCellExperiment
  Code: function(object, clustering.type, test, log2fc.threshold,
                 min.pct, min.diff.pct, min.cells.group,
                 max.cells.per.cluster, return.thresh, only.pos)
  Docs: function(object, clustering.type, test, log2fc.threshold,
                 min.pct, min.diff.pct, min.cells.group,
                 max.cells.per.cluster, pseudocount.use, return.thresh,
                 only.pos)
  Argument names in docs not in code:
    pseudocount.use
  Mismatches in argument names:
    Position: 9 Code: return.thresh Docs: pseudocount.use
    Position: 10 Code: only.pos Docs: return.thresh
\S4method{FindAllGeneMarkers}{SingleCellExperiment}
  Code: function(object, clustering.type = "manual", test = "wilcox",
                 log2fc.threshold = 0.25, min.pct = 0.1, min.diff.pct =
                 NULL, min.cells.group = 3, max.cells.per.cluster =
                 NULL, return.thresh = 0.01, only.pos = FALSE)
  Docs: function(object, clustering.type = "manual", test = "wilcox",
                 log2fc.threshold = 0.25, min.pct = 0.1, min.diff.pct =
                 NULL, min.cells.group = 3, max.cells.per.cluster =
                 NULL, pseudocount.use = 1, return.thresh = 0.01,
                 only.pos = FALSE)
  Argument names in docs not in code:
    pseudocount.use
  Mismatches in argument names:
    Position: 9 Code: return.thresh Docs: pseudocount.use
    Position: 10 Code: only.pos Docs: return.thresh

Codoc mismatches from Rd file 'FindGeneMarkers.Rd':
FindGeneMarkers.SingleCellExperiment
  Code: function(object, clusters.1, clusters.2, clustering.type, test,
                 logfc.threshold, min.pct, min.diff.pct,
                 min.cells.group, max.cells.per.cluster, return.thresh,
                 only.pos)
  Docs: function(object, clusters.1, clusters.2, clustering.type, test,
                 logfc.threshold, min.pct, min.diff.pct,
                 min.cells.group, max.cells.per.cluster,
                 pseudocount.use, return.thresh, only.pos)
  Argument names in docs not in code:
    pseudocount.use
  Mismatches in argument names:
    Position: 11 Code: return.thresh Docs: pseudocount.use
    Position: 12 Code: only.pos Docs: return.thresh
\S4method{FindGeneMarkers}{SingleCellExperiment}
  Code: function(object, clusters.1 = NULL, clusters.2 = NULL,
                 clustering.type = "", test = "wilcox", logfc.threshold
                 = 0.25, min.pct = 0.1, min.diff.pct = NULL,
                 min.cells.group = 3, max.cells.per.cluster = NULL,
                 return.thresh = 0.01, only.pos = FALSE)
  Docs: function(object, clusters.1 = NULL, clusters.2 = NULL,
                 clustering.type = "", test = "wilcox", logfc.threshold
                 = 0.25, min.pct = 0.1, min.diff.pct = NULL,
                 min.cells.group = 3, max.cells.per.cluster = NULL,
                 pseudocount.use = 1, return.thresh = 0.01, only.pos =
                 FALSE)
  Argument names in docs not in code:
    pseudocount.use
  Mismatches in argument names:
    Position: 11 Code: return.thresh Docs: pseudocount.use
    Position: 12 Code: only.pos Docs: return.thresh

Codoc mismatches from Rd file 'RunICP.Rd':
RunICP
  Code: function(normalized.data = NULL, k = 15, d = 0.3, r = 5, C = 5,
                 reg.type = "L1", max.iter = 200, icp.batch.size = Inf)
  Docs: function(normalized.data = NULL, k = 15, d = 0.3, r = 5, C = 5,
                 reg.type = "L1", max.iter = 200)
  Argument names in code not in docs:
    icp.batch.size

Codoc mismatches from Rd file 'RunParallelICP.Rd':
RunParallelICP.SingleCellExperiment
  Code: function(object, k, d, L, r, C, reg.type, max.iter, threads,
                 icp.batch.size)
  Docs: function(object, k, d, L, r, C, reg.type, max.iter, threads)
  Argument names in code not in docs:
    icp.batch.size
\S4method{RunParallelICP}{SingleCellExperiment}
  Code: function(object, k = 15, d = 0.3, L = 200, r = 5, C = 0.3,
                 reg.type = "L1", max.iter = 200, threads = 0,
                 icp.batch.size = Inf)
  Docs: function(object, k = 15, d = 0.3, L = 200, r = 5, C = 0.3,
                 reg.type = "L1", max.iter = 200, threads = 0)
  Argument names in code not in docs:
    icp.batch.size

* checking Rd \usage sections ... OK
* checking Rd contents ... OK
* checking for unstated dependencies in examples ... OK
* checking contents of ‘data’ directory ... OK
* checking data for non-ASCII characters ... OK
* checking LazyData ... OK
* checking data for ASCII and uncompressed saves ... OK
* checking files in ‘vignettes’ ... OK
* checking examples ... OK
Examples with CPU (user + system) or elapsed time > 5s
                        user system elapsed
FindAllGeneMarkers    13.334  1.200  14.627
SelectTopGenes        12.749  1.150  13.989
ClusteringScatterPlot  8.914  0.997   9.988
GeneHeatmap            8.684  1.051   9.845
GeneScatterPlot        7.874  0.858   8.803
AnnotationScatterPlot  7.723  0.786   8.560
FindGeneMarkers        5.984  0.779   6.826
RunUMAP                5.821  0.880   6.741
CalcSilhInfo           5.647  0.765   6.465
RunTSNE                4.974  0.789   5.796
VlnPlot                4.236  0.909   5.183
SelectKClusters        4.265  0.790   5.090
* checking for unstated dependencies in vignettes ... OK
* checking package vignettes ... OK
* checking running R code from vignettes ... SKIPPED
* checking re-building of vignette outputs ... SKIPPED
* checking PDF version of manual ... OK
* DONE

Status: 2 WARNINGs
See
  ‘/Users/biocbuild/bbs-3.21-bioc/meat/ILoReg.Rcheck/00check.log’
for details.


Installation output

ILoReg.Rcheck/00install.out

##############################################################################
##############################################################################
###
### Running command:
###
###   /Library/Frameworks/R.framework/Resources/bin/R CMD INSTALL ILoReg
###
##############################################################################
##############################################################################


* installing to library ‘/Library/Frameworks/R.framework/Versions/4.5-x86_64/Resources/library’
* installing *source* package ‘ILoReg’ ...
** this is package ‘ILoReg’ version ‘1.17.0’
** using staged installation
** R
** data
*** moving datasets to lazyload DB
** inst
** byte-compile and prepare package for lazy loading
Warning: replacing previous import ‘Matrix::det’ by ‘SparseM::det’ when loading ‘ILoReg’
** help
*** installing help indices
** building package indices
** installing vignettes
** testing if installed package can be loaded from temporary location
Warning: replacing previous import ‘Matrix::det’ by ‘SparseM::det’ when loading ‘ILoReg’
** testing if installed package can be loaded from final location
Warning: replacing previous import ‘Matrix::det’ by ‘SparseM::det’ when loading ‘ILoReg’
** testing if installed package keeps a record of temporary installation path
* DONE (ILoReg)

Tests output


Example timings

ILoReg.Rcheck/ILoReg-Ex.timings

nameusersystemelapsed
AnnotationScatterPlot7.7230.7868.560
CalcSilhInfo5.6470.7656.465
ClusteringScatterPlot8.9140.9979.988
FindAllGeneMarkers13.334 1.20014.627
FindGeneMarkers5.9840.7796.826
GeneHeatmap8.6841.0519.845
GeneScatterPlot7.8740.8588.803
HierarchicalClustering3.2830.6483.979
MergeClusters3.1910.6603.885
PCAElbowPlot3.9380.7944.767
PrepareILoReg0.3800.0200.404
RenameAllClusters3.1680.7353.943
RenameCluster3.8590.7294.627
RunPCA3.0540.6983.778
RunParallelICP3.1460.7503.924
RunTSNE4.9740.7895.796
RunUMAP5.8210.8806.741
SelectKClusters4.2650.7905.090
SelectTopGenes12.749 1.15013.989
SilhouetteCurve3.9300.7814.749
VlnPlot4.2360.9095.183
pbmc3k_5000.0010.0010.002