Back to Multiple platform build/check report for BioC 3.21:   simplified   long
ABCDEF[G]HIJKLMNOPQRSTUVWXYZ

This page was generated on 2025-02-03 12:39 -0500 (Mon, 03 Feb 2025).

HostnameOSArch (*)R versionInstalled pkgs
nebbiolo1Linux (Ubuntu 24.04.1 LTS)x86_64R Under development (unstable) (2025-01-20 r87609) -- "Unsuffered Consequences" 4704
palomino7Windows Server 2022 Datacenterx64R Under development (unstable) (2025-01-21 r87610 ucrt) -- "Unsuffered Consequences" 4467
lconwaymacOS 12.7.1 Montereyx86_64R Under development (unstable) (2025-01-22 r87618) -- "Unsuffered Consequences" 4478
Click on any hostname to see more info about the system (e.g. compilers)      (*) as reported by 'uname -p', except on Windows and Mac OS X

Package 874/2289HostnameOS / ArchINSTALLBUILDCHECKBUILD BIN
GmicR 1.21.0  (landing page)
Richard Virgen-Slane
Snapshot Date: 2025-02-02 13:40 -0500 (Sun, 02 Feb 2025)
git_url: https://git.bioconductor.org/packages/GmicR
git_branch: devel
git_last_commit: 84bfd05
git_last_commit_date: 2024-10-29 10:40:33 -0500 (Tue, 29 Oct 2024)
nebbiolo1Linux (Ubuntu 24.04.1 LTS) / x86_64  OK    OK    WARNINGS  UNNEEDED, same version is already published
palomino7Windows Server 2022 Datacenter / x64  OK    OK    WARNINGS    OK  UNNEEDED, same version is already published
lconwaymacOS 12.7.1 Monterey / x86_64  OK    OK    WARNINGS    OK  UNNEEDED, same version is already published


CHECK results for GmicR on lconway

To the developers/maintainers of the GmicR package:
- Allow up to 24 hours (and sometimes 48 hours) for your latest push to git@git.bioconductor.org:packages/GmicR.git to reflect on this report. See Troubleshooting Build Report for more information.
- Use the following Renviron settings to reproduce errors and warnings.
- If 'R CMD check' started to fail recently on the Linux builder(s) over a missing dependency, add the missing dependency to 'Suggests:' in your DESCRIPTION file. See Renviron.bioc for more information.

raw results


Summary

Package: GmicR
Version: 1.21.0
Command: /Library/Frameworks/R.framework/Resources/bin/R CMD check --install=check:GmicR.install-out.txt --library=/Library/Frameworks/R.framework/Resources/library --no-vignettes --timings GmicR_1.21.0.tar.gz
StartedAt: 2025-02-02 20:45:13 -0500 (Sun, 02 Feb 2025)
EndedAt: 2025-02-02 21:03:35 -0500 (Sun, 02 Feb 2025)
EllapsedTime: 1102.0 seconds
RetCode: 0
Status:   WARNINGS  
CheckDir: GmicR.Rcheck
Warnings: 1

Command output

##############################################################################
##############################################################################
###
### Running command:
###
###   /Library/Frameworks/R.framework/Resources/bin/R CMD check --install=check:GmicR.install-out.txt --library=/Library/Frameworks/R.framework/Resources/library --no-vignettes --timings GmicR_1.21.0.tar.gz
###
##############################################################################
##############################################################################


* using log directory ‘/Users/biocbuild/bbs-3.21-bioc/meat/GmicR.Rcheck’
* using R Under development (unstable) (2025-01-22 r87618)
* using platform: x86_64-apple-darwin20
* R was compiled by
    Apple clang version 14.0.0 (clang-1400.0.29.202)
    GNU Fortran (GCC) 14.2.0
* running under: macOS Monterey 12.7.6
* using session charset: UTF-8
* using option ‘--no-vignettes’
* checking for file ‘GmicR/DESCRIPTION’ ... OK
* checking extension type ... Package
* this is package ‘GmicR’ version ‘1.21.0’
* package encoding: UTF-8
* checking package namespace information ... OK
* checking package dependencies ... OK
* checking if this is a source package ... OK
* checking if there is a namespace ... OK
* checking for hidden files and directories ... OK
* checking for portable file names ... OK
* checking for sufficient/correct file permissions ... OK
* checking whether package ‘GmicR’ can be installed ... WARNING
Found the following significant warnings:
  Warning: replacing previous import ‘ape::degree’ by ‘bnlearn::degree’ when loading ‘GmicR’
See ‘/Users/biocbuild/bbs-3.21-bioc/meat/GmicR.Rcheck/00install.out’ for details.
* checking installed package size ... OK
* checking package directory ... OK
* checking ‘build’ directory ... OK
* checking DESCRIPTION meta-information ... NOTE
License components with restrictions not permitted:
  GPL-2 + file LICENSE
* checking top-level files ... OK
* checking for left-over files ... OK
* checking index information ... OK
* checking package subdirectories ... OK
* checking code files for non-ASCII characters ... OK
* checking R files for syntax errors ... OK
* checking whether the package can be loaded ... OK
* checking whether the package can be loaded with stated dependencies ... OK
* checking whether the package can be unloaded cleanly ... OK
* checking whether the namespace can be loaded with stated dependencies ... OK
* checking whether the namespace can be unloaded cleanly ... OK
* checking dependencies in R code ... NOTE
Namespace in Imports field not imported from: ‘data.table’
  All declared Imports should be used.
* checking S3 generic/method consistency ... OK
* checking replacement functions ... OK
* checking foreign function calls ... OK
* checking R code for possible problems ... NOTE
GSEAGO_Builder: no visible binding for global variable ‘ex’
Undefined global functions or variables:
  ex
* checking Rd files ... OK
* checking Rd metadata ... OK
* checking Rd cross-references ... OK
* checking for missing documentation entries ... OK
* checking for code/documentation mismatches ... OK
* checking Rd \usage sections ... OK
* checking Rd contents ... OK
* checking for unstated dependencies in examples ... OK
* checking files in ‘vignettes’ ... OK
* checking examples ... OK
Examples with CPU (user + system) or elapsed time > 5s
                 user system elapsed
GSEAGO_Builder 58.410 20.850 710.803
Auto_WGCNA     12.091  0.331  12.367
InverseARCs     5.934  0.101   6.072
bn_tabu_gen     0.036  0.012 178.390
* checking for unstated dependencies in vignettes ... OK
* checking package vignettes ... OK
* checking running R code from vignettes ... SKIPPED
* checking re-building of vignette outputs ... SKIPPED
* checking PDF version of manual ... OK
* DONE

Status: 1 WARNING, 3 NOTEs
See
  ‘/Users/biocbuild/bbs-3.21-bioc/meat/GmicR.Rcheck/00check.log’
for details.


Installation output

GmicR.Rcheck/00install.out

##############################################################################
##############################################################################
###
### Running command:
###
###   /Library/Frameworks/R.framework/Resources/bin/R CMD INSTALL GmicR
###
##############################################################################
##############################################################################


* installing to library ‘/Library/Frameworks/R.framework/Versions/4.5-x86_64/Resources/library’
* installing *source* package ‘GmicR’ ...
** this is package ‘GmicR’ version ‘1.21.0’
** using staged installation
** R
** inst
** byte-compile and prepare package for lazy loading
Warning: replacing previous import ‘ape::degree’ by ‘bnlearn::degree’ when loading ‘GmicR’
** help
*** installing help indices
** building package indices
** installing vignettes
** testing if installed package can be loaded from temporary location
Warning: replacing previous import ‘ape::degree’ by ‘bnlearn::degree’ when loading ‘GmicR’
** testing if installed package can be loaded from final location
Warning: replacing previous import ‘ape::degree’ by ‘bnlearn::degree’ when loading ‘GmicR’
** testing if installed package keeps a record of temporary installation path
* DONE (GmicR)

Tests output


Example timings

GmicR.Rcheck/GmicR-Ex.timings

nameusersystemelapsed
Auto_WGCNA12.091 0.33112.367
Data_Prep0.2090.0380.251
GO_Module_NameR0.0310.0030.034
GSEAGO_Builder 58.410 20.850710.803
Gmic_viz0.0290.0030.032
InverseARCs5.9340.1016.072
Query_Prep0.4460.0870.257
bn_tabu_gen 0.036 0.012178.390
xCell_loader0.0180.0020.021