Back to Multiple platform build/check report for BioC 3.22:   simplified   long
ABCDEF[G]HIJKLMNOPQRSTUVWXYZ

This page was generated on 2025-10-11 12:06 -0400 (Sat, 11 Oct 2025).

HostnameOSArch (*)R versionInstalled pkgs
nebbiolo2Linux (Ubuntu 24.04.3 LTS)x86_644.5.1 Patched (2025-08-23 r88802) -- "Great Square Root" 4864
lconwaymacOS 12.7.1 Montereyx86_644.5.1 Patched (2025-09-10 r88807) -- "Great Square Root" 4652
kjohnson3macOS 13.7.7 Venturaarm644.5.1 Patched (2025-09-10 r88807) -- "Great Square Root" 4597
taishanLinux (openEuler 24.03 LTS)aarch644.5.0 (2025-04-11) -- "How About a Twenty-Six" 4586
Click on any hostname to see more info about the system (e.g. compilers)      (*) as reported by 'uname -p', except on Windows and Mac OS X

Package 857/2346HostnameOS / ArchINSTALLBUILDCHECKBUILD BIN
GEOquery 2.77.6  (landing page)
Sean Davis
Snapshot Date: 2025-10-10 13:45 -0400 (Fri, 10 Oct 2025)
git_url: https://git.bioconductor.org/packages/GEOquery
git_branch: devel
git_last_commit: 414557b
git_last_commit_date: 2025-09-03 10:54:23 -0400 (Wed, 03 Sep 2025)
nebbiolo2Linux (Ubuntu 24.04.3 LTS) / x86_64  OK    OK    WARNINGS  UNNEEDED, same version is already published
lconwaymacOS 12.7.1 Monterey / x86_64  OK    OK    WARNINGS    OK  UNNEEDED, same version is already published
kjohnson3macOS 13.7.7 Ventura / arm64  OK    OK    WARNINGS    OK  UNNEEDED, same version is already published
taishanLinux (openEuler 24.03 LTS) / aarch64  OK    OK    ERROR  


CHECK results for GEOquery on taishan

To the developers/maintainers of the GEOquery package:
- Allow up to 24 hours (and sometimes 48 hours) for your latest push to git@git.bioconductor.org:packages/GEOquery.git to reflect on this report. See Troubleshooting Build Report for more information.
- Use the following Renviron settings to reproduce errors and warnings.
- If 'R CMD check' started to fail recently on the Linux builder(s) over a missing dependency, add the missing dependency to 'Suggests:' in your DESCRIPTION file. See Renviron.bioc for more information.
- See Martin Grigorov's blog post for how to debug Linux ARM64 related issues on a x86_64 host.

raw results


Summary

Package: GEOquery
Version: 2.77.6
Command: /home/biocbuild/R/R/bin/R CMD check --install=check:GEOquery.install-out.txt --library=/home/biocbuild/R/R/site-library --no-vignettes --timings GEOquery_2.77.6.tar.gz
StartedAt: 2025-10-10 09:18:40 -0000 (Fri, 10 Oct 2025)
EndedAt: 2025-10-10 09:53:33 -0000 (Fri, 10 Oct 2025)
EllapsedTime: 2092.4 seconds
RetCode: 1
Status:   ERROR  
CheckDir: GEOquery.Rcheck
Warnings: NA

Command output

##############################################################################
##############################################################################
###
### Running command:
###
###   /home/biocbuild/R/R/bin/R CMD check --install=check:GEOquery.install-out.txt --library=/home/biocbuild/R/R/site-library --no-vignettes --timings GEOquery_2.77.6.tar.gz
###
##############################################################################
##############################################################################


* using log directory ‘/home/biocbuild/bbs-3.22-bioc/meat/GEOquery.Rcheck’
* using R version 4.5.0 (2025-04-11)
* using platform: aarch64-unknown-linux-gnu
* R was compiled by
    aarch64-unknown-linux-gnu-gcc (GCC) 14.2.0
    GNU Fortran (GCC) 14.2.0
* running under: openEuler 24.03 (LTS)
* using session charset: UTF-8
* using option ‘--no-vignettes’
* checking for file ‘GEOquery/DESCRIPTION’ ... OK
* checking extension type ... Package
* this is package ‘GEOquery’ version ‘2.77.6’
* package encoding: UTF-8
* checking package namespace information ... OK
* checking package dependencies ... OK
* checking if this is a source package ... OK
* checking if there is a namespace ... OK
* checking for hidden files and directories ... OK
* checking for portable file names ... OK
* checking for sufficient/correct file permissions ... OK
* checking whether package ‘GEOquery’ can be installed ... OK
* checking installed package size ... INFO
  installed size is 13.3Mb
  sub-directories of 1Mb or more:
    extdata  12.8Mb
* checking package directory ... OK
* checking DESCRIPTION meta-information ... OK
* checking top-level files ... OK
* checking for left-over files ... OK
* checking index information ... OK
* checking package subdirectories ... OK
* checking code files for non-ASCII characters ... OK
* checking R files for syntax errors ... OK
* checking whether the package can be loaded ... OK
* checking whether the package can be loaded with stated dependencies ... OK
* checking whether the package can be unloaded cleanly ... OK
* checking whether the namespace can be loaded with stated dependencies ... OK
* checking whether the namespace can be unloaded cleanly ... OK
* checking loading without being on the library search path ... OK
* checking whether startup messages can be suppressed ... OK
* checking dependencies in R code ... NOTE
Namespaces in Imports field not imported from:
  ‘R.utils’ ‘curl’
  All declared Imports should be used.
Package in Depends field not imported from: ‘methods’
  These packages need to be imported from (in the NAMESPACE file)
  for when this namespace is loaded but not attached.
* checking S3 generic/method consistency ... OK
* checking replacement functions ... OK
* checking foreign function calls ... OK
* checking R code for possible problems ... NOTE
File ‘GEOquery/R/zzz.R’:
  .onLoad calls:
    packageStartupMessage("Setting options('download.file.method.GEOquery'='auto')")
    packageStartupMessage("Setting options('GEOquery.inmemory.gpl'=FALSE)")

See section ‘Good practice’ in '?.onAttach'.

.parseGPLTxt: no visible global function definition for ‘new’
.parseGPLWithLimits: no visible global function definition for ‘new’
.parseGSMTxt: no visible global function definition for ‘new’
.parseGSMWithLimits: no visible global function definition for ‘new’
GDS2MA: no visible global function definition for ‘new’
GDS2MA: no visible binding for global variable ‘MA’
GDS2eSet: no visible global function definition for ‘new’
browseGEOAccession: no visible global function definition for
  ‘browseURL’
browseWebsiteRNASeqSearch: no visible global function definition for
  ‘browseURL’
fastTabRead: no visible global function definition for ‘read.table’
fastTabRead: no visible global function definition for ‘read.delim’
getRNASeqData: no visible global function definition for ‘as’
parseGDS: no visible global function definition for ‘new’
parseGSE: no visible global function definition for ‘new’
parseGSEMatrix: no visible global function definition for ‘new’
parseGSEMatrix: no visible binding for global variable ‘.’
parseGSEMatrix: no visible binding for global variable
  ‘characteristics’
parseGSEMatrix: no visible binding for global variable ‘kvpair’
parseGSEMatrix: no visible binding for global variable ‘accession’
parseGSEMatrix: no visible binding for global variable ‘k’
parseGSEMatrix: no visible binding for global variable ‘v’
parseGSEMatrix: no visible global function definition for ‘read.table’
parseGSEMatrix: no visible global function definition for ‘as’
Undefined global functions or variables:
  . MA accession as browseURL characteristics k kvpair new read.delim
  read.table v
Consider adding
  importFrom("methods", "as", "new")
  importFrom("utils", "browseURL", "read.delim", "read.table")
to your NAMESPACE file (and ensure that your DESCRIPTION Imports field
contains 'methods').
* checking Rd files ... OK
* checking Rd metadata ... OK
* checking Rd cross-references ... OK
* checking for missing documentation entries ... OK
* checking for code/documentation mismatches ... OK
* checking Rd \usage sections ... OK
* checking Rd contents ... NOTE
Argument items with no description in Rd file 'getGEOSuppFileURL.Rd':
  ‘GEO’
* checking for unstated dependencies in examples ... OK
* checking files in ‘vignettes’ ... WARNING
Files in the 'vignettes' directory but no files in 'inst/doc':
  ‘GEOquery.qmd’ ‘single-cell.qmd’
Files named as vignettes but with no recognized vignette engine:
   ‘vignettes/GEOquery.qmd’
   ‘vignettes/single-cell.qmd’
(Is a VignetteBuilder field missing?)
* checking examples ... OK
Examples with CPU (user + system) or elapsed time > 5s
               user system elapsed
getRNASeqData 5.651  0.409  32.445
getGEO        3.906  0.686 247.118
* checking for unstated dependencies in ‘tests’ ... OK
* checking tests ...
  Running ‘testthat.R’
 ERROR
Running the tests in ‘tests/testthat.R’ failed.
Last 13 lines of output:
       ▆
    1. └─GEOquery::getGEO("GSE71989") at test_GSE.R:47:3
    2.   └─GEOquery:::getAndParseGSEMatrices(...)
    3.     └─GEOquery:::downloadFile(url, destfile = destfile, mode = "wb")
    4.       ├─base::tryCatch(...)
    5.       │ └─base (local) tryCatchList(expr, classes, parentenv, handlers)
    6.       │   └─base (local) tryCatchOne(expr, names, parentenv, handlers[[1L]])
    7.       │     └─base (local) doTryCatch(return(expr), name, parentenv, handler)
    8.       └─httr2::req_perform(req)
    9.         └─httr2:::handle_resp(req, resp, error_call = error_call)
   10.           └─rlang::cnd_signal(resp)
  
  [ FAIL 1 | WARN 0 | SKIP 0 | PASS 236 ]
  Error: Test failures
  Execution halted
* checking package vignettes ... NOTE
Package has ‘vignettes’ subdirectory but apparently no vignettes.
Perhaps the ‘VignetteBuilder’ information is missing from the
DESCRIPTION file?
* checking PDF version of manual ... OK
* DONE

Status: 1 ERROR, 1 WARNING, 4 NOTEs
See
  ‘/home/biocbuild/bbs-3.22-bioc/meat/GEOquery.Rcheck/00check.log’
for details.


Installation output

GEOquery.Rcheck/00install.out

##############################################################################
##############################################################################
###
### Running command:
###
###   /home/biocbuild/R/R/bin/R CMD INSTALL GEOquery
###
##############################################################################
##############################################################################


* installing to library ‘/home/biocbuild/R/R-4.5.0/site-library’
* installing *source* package ‘GEOquery’ ...
** this is package ‘GEOquery’ version ‘2.77.6’
** using staged installation
** R
** inst
** byte-compile and prepare package for lazy loading
** help
*** installing help indices
** building package indices
** installing vignettes
** testing if installed package can be loaded from temporary location
** testing if installed package can be loaded from final location
** testing if installed package keeps a record of temporary installation path
* DONE (GEOquery)

Tests output

GEOquery.Rcheck/tests/testthat.Rout.fail


R version 4.5.0 (2025-04-11) -- "How About a Twenty-Six"
Copyright (C) 2025 The R Foundation for Statistical Computing
Platform: aarch64-unknown-linux-gnu

R is free software and comes with ABSOLUTELY NO WARRANTY.
You are welcome to redistribute it under certain conditions.
Type 'license()' or 'licence()' for distribution details.

R is a collaborative project with many contributors.
Type 'contributors()' for more information and
'citation()' on how to cite R or R packages in publications.

Type 'demo()' for some demos, 'help()' for on-line help, or
'help.start()' for an HTML browser interface to help.
Type 'q()' to quit R.

> library(testthat)
> library(GEOquery)
Loading required package: Biobase
Loading required package: BiocGenerics
Loading required package: generics

Attaching package: 'generics'

The following objects are masked from 'package:base':

    as.difftime, as.factor, as.ordered, intersect, is.element, setdiff,
    setequal, union


Attaching package: 'BiocGenerics'

The following objects are masked from 'package:stats':

    IQR, mad, sd, var, xtabs

The following objects are masked from 'package:base':

    Filter, Find, Map, Position, Reduce, anyDuplicated, aperm, append,
    as.data.frame, basename, cbind, colnames, dirname, do.call,
    duplicated, eval, evalq, get, grep, grepl, is.unsorted, lapply,
    mapply, match, mget, order, paste, pmax, pmax.int, pmin, pmin.int,
    rank, rbind, rownames, sapply, saveRDS, table, tapply, unique,
    unsplit, which.max, which.min

Welcome to Bioconductor

    Vignettes contain introductory material; view with
    'browseVignettes()'. To cite Bioconductor, see
    'citation("Biobase")', and for packages 'citation("pkgname")'.

Setting options('download.file.method.GEOquery'='auto')
Setting options('GEOquery.inmemory.gpl'=FALSE)
> 
> test_check("GEOquery")
[ FAIL 1 | WARN 0 | SKIP 0 | PASS 236 ]

══ Failed tests ════════════════════════════════════════════════════════════════
── Error ('test_GSE.R:47:3'): GSE with more than one value per characteristic handled ──
<httr2_failure/httr2_error/rlang_error/error/condition>
Error in `httr2::req_perform(req)`: Failed to perform HTTP request.
Caused by error in `curl::curl_fetch_memory()`:
! Timeout was reached [ftp.ncbi.nlm.nih.gov]:
Operation too slow. Less than 1 bytes/sec transferred the last 600 seconds
Backtrace:
     ▆
  1. └─GEOquery::getGEO("GSE71989") at test_GSE.R:47:3
  2.   └─GEOquery:::getAndParseGSEMatrices(...)
  3.     └─GEOquery:::downloadFile(url, destfile = destfile, mode = "wb")
  4.       ├─base::tryCatch(...)
  5.       │ └─base (local) tryCatchList(expr, classes, parentenv, handlers)
  6.       │   └─base (local) tryCatchOne(expr, names, parentenv, handlers[[1L]])
  7.       │     └─base (local) doTryCatch(return(expr), name, parentenv, handler)
  8.       └─httr2::req_perform(req)
  9.         └─httr2:::handle_resp(req, resp, error_call = error_call)
 10.           └─rlang::cnd_signal(resp)

[ FAIL 1 | WARN 0 | SKIP 0 | PASS 236 ]
Error: Test failures
Execution halted

Example timings

GEOquery.Rcheck/GEOquery-Ex.timings

nameusersystemelapsed
browseGEOAccession0.0010.0000.000
browseWebsiteRNASeqSearch000
coercion000
getGEO 3.906 0.686247.118
getGEOSeriesFileListing0.5440.0162.988
getGEOSuppFileURL0.0010.0000.000
getGEOSuppFiles0.0430.0033.734
getGEOfile000
getGSEDataTables0.2050.0153.271
getRNASeqData 5.651 0.40932.445
getRNASeqQuantGenomeInfo0.0230.0003.085
hasRNASeqQuantifications0.0160.0001.007
searchFieldsGEO0.0440.0041.870
searchGEO0.0010.0000.000
urlForAccession0.0000.0000.001