| Back to Multiple platform build/check report for BioC 3.22: simplified long |
|
This page was generated on 2025-10-21 12:07 -0400 (Tue, 21 Oct 2025).
| Hostname | OS | Arch (*) | R version | Installed pkgs |
|---|---|---|---|---|
| nebbiolo2 | Linux (Ubuntu 24.04.3 LTS) | x86_64 | 4.5.1 Patched (2025-08-23 r88802) -- "Great Square Root" | 4887 |
| lconway | macOS 12.7.6 Monterey | x86_64 | 4.5.1 Patched (2025-09-10 r88807) -- "Great Square Root" | 4677 |
| kjohnson3 | macOS 13.7.7 Ventura | arm64 | 4.5.1 Patched (2025-09-10 r88807) -- "Great Square Root" | 4622 |
| taishan | Linux (openEuler 24.03 LTS) | aarch64 | 4.5.0 (2025-04-11) -- "How About a Twenty-Six" | 4642 |
| Click on any hostname to see more info about the system (e.g. compilers) (*) as reported by 'uname -p', except on Windows and Mac OS X | ||||
| Package 653/2353 | Hostname | OS / Arch | INSTALL | BUILD | CHECK | BUILD BIN | ||||||||
| EGAD 1.37.0 (landing page) Sara Ballouz
| nebbiolo2 | Linux (Ubuntu 24.04.3 LTS) / x86_64 | OK | OK | WARNINGS | |||||||||
| lconway | macOS 12.7.6 Monterey / x86_64 | OK | OK | WARNINGS | OK | |||||||||
| kjohnson3 | macOS 13.7.7 Ventura / arm64 | OK | OK | WARNINGS | OK | |||||||||
| taishan | Linux (openEuler 24.03 LTS) / aarch64 | OK | OK | WARNINGS | ||||||||||
|
To the developers/maintainers of the EGAD package: - Allow up to 24 hours (and sometimes 48 hours) for your latest push to git@git.bioconductor.org:packages/EGAD.git to reflect on this report. See Troubleshooting Build Report for more information. - Use the following Renviron settings to reproduce errors and warnings. - If 'R CMD check' started to fail recently on the Linux builder(s) over a missing dependency, add the missing dependency to 'Suggests:' in your DESCRIPTION file. See Renviron.bioc for more information. - See Martin Grigorov's blog post for how to debug Linux ARM64 related issues on a x86_64 host. |
| Package: EGAD |
| Version: 1.37.0 |
| Command: /home/biocbuild/R/R/bin/R CMD check --install=check:EGAD.install-out.txt --library=/home/biocbuild/R/R/site-library --no-vignettes --timings EGAD_1.37.0.tar.gz |
| StartedAt: 2025-10-17 08:36:58 -0000 (Fri, 17 Oct 2025) |
| EndedAt: 2025-10-17 08:40:52 -0000 (Fri, 17 Oct 2025) |
| EllapsedTime: 234.2 seconds |
| RetCode: 0 |
| Status: WARNINGS |
| CheckDir: EGAD.Rcheck |
| Warnings: 1 |
##############################################################################
##############################################################################
###
### Running command:
###
### /home/biocbuild/R/R/bin/R CMD check --install=check:EGAD.install-out.txt --library=/home/biocbuild/R/R/site-library --no-vignettes --timings EGAD_1.37.0.tar.gz
###
##############################################################################
##############################################################################
* using log directory ‘/home/biocbuild/bbs-3.22-bioc/meat/EGAD.Rcheck’
* using R version 4.5.0 (2025-04-11)
* using platform: aarch64-unknown-linux-gnu
* R was compiled by
aarch64-unknown-linux-gnu-gcc (GCC) 14.2.0
GNU Fortran (GCC) 14.2.0
* running under: openEuler 24.03 (LTS)
* using session charset: UTF-8
* using option ‘--no-vignettes’
* checking for file ‘EGAD/DESCRIPTION’ ... OK
* checking extension type ... Package
* this is package ‘EGAD’ version ‘1.37.0’
* package encoding: UTF-8
* checking package namespace information ... OK
* checking package dependencies ... OK
* checking if this is a source package ... OK
* checking if there is a namespace ... OK
* checking for hidden files and directories ... OK
* checking for portable file names ... OK
* checking for sufficient/correct file permissions ... OK
* checking whether package ‘EGAD’ can be installed ... OK
* checking installed package size ... INFO
installed size is 39.2Mb
sub-directories of 1Mb or more:
data 38.9Mb
* checking package directory ... OK
* checking DESCRIPTION meta-information ... OK
* checking top-level files ... OK
* checking for left-over files ... OK
* checking index information ... OK
* checking package subdirectories ... OK
* checking code files for non-ASCII characters ... OK
* checking R files for syntax errors ... OK
* checking whether the package can be loaded ... OK
* checking whether the package can be loaded with stated dependencies ... OK
* checking whether the package can be unloaded cleanly ... OK
* checking whether the namespace can be loaded with stated dependencies ... OK
* checking whether the namespace can be unloaded cleanly ... OK
* checking loading without being on the library search path ... OK
* checking dependencies in R code ... OK
* checking S3 generic/method consistency ... OK
* checking replacement functions ... OK
* checking foreign function calls ... OK
* checking R code for possible problems ... OK
* checking Rd files ... OK
* checking Rd metadata ... OK
* checking Rd cross-references ... OK
* checking for missing documentation entries ... OK
* checking for code/documentation mismatches ... OK
* checking Rd \usage sections ... OK
* checking Rd contents ... OK
* checking for unstated dependencies in examples ... OK
* checking contents of ‘data’ directory ... OK
* checking data for non-ASCII characters ... OK
* checking LazyData ... OK
* checking data for ASCII and uncompressed saves ... OK
* checking files in ‘vignettes’ ... WARNING
Files in the 'vignettes' directory but no files in 'inst/doc':
‘EGAD.Rmd’ ‘EGAD.bib’ ‘figures/figure_GO_comb.png’
‘figures/figure_aurocs_comparisons.png’
‘figures/figure_benchmark.png’ ‘figures/figure_degree_corr.png’
‘figures/figure_indirect.png’ ‘figures/figure_mf.png’
‘figures/figure_mf_yeast_human.png’
‘figures/figure_nd_yeast_human.png’ ‘figures/figure_nv.png’
‘figures/figure_nv_yeast_human.png’ ‘figures/figure_overlay.png’
‘figures/figure_pheno_comb.png’
‘figures/figure_pheno_degree_corr.png’ ‘figures/figure_pheno_mf.png’
‘figures/figure_pheno_nv.png’ ‘figures/figure_smoother.png’
‘figures/gba_schematic_resized.png’ ‘figures/labels_resized.png’
‘figures/mf_schematic.png’ ‘figures/network_resized.png’
‘figures/overview_resized.png’
* checking examples ... OK
* checking for unstated dependencies in ‘tests’ ... OK
* checking tests ...
Running ‘testthat.R’
OK
* checking package vignettes ... NOTE
Package has ‘vignettes’ subdirectory but apparently no vignettes.
Perhaps the ‘VignetteBuilder’ information is missing from the
DESCRIPTION file?
* checking PDF version of manual ... OK
* DONE
Status: 1 WARNING, 1 NOTE
See
‘/home/biocbuild/bbs-3.22-bioc/meat/EGAD.Rcheck/00check.log’
for details.
EGAD.Rcheck/00install.out
############################################################################## ############################################################################## ### ### Running command: ### ### /home/biocbuild/R/R/bin/R CMD INSTALL EGAD ### ############################################################################## ############################################################################## * installing to library ‘/home/biocbuild/R/R-4.5.0/site-library’ * installing *source* package ‘EGAD’ ... ** this is package ‘EGAD’ version ‘1.37.0’ ** using staged installation ** R ** data *** moving datasets to lazyload DB ** inst ** byte-compile and prepare package for lazy loading ** help *** installing help indices ** building package indices ** installing vignettes ** testing if installed package can be loaded from temporary location ** testing if installed package can be loaded from final location ** testing if installed package keeps a record of temporary installation path * DONE (EGAD)
EGAD.Rcheck/tests/testthat.Rout
R version 4.5.0 (2025-04-11) -- "How About a Twenty-Six"
Copyright (C) 2025 The R Foundation for Statistical Computing
Platform: aarch64-unknown-linux-gnu
R is free software and comes with ABSOLUTELY NO WARRANTY.
You are welcome to redistribute it under certain conditions.
Type 'license()' or 'licence()' for distribution details.
R is a collaborative project with many contributors.
Type 'contributors()' for more information and
'citation()' on how to cite R or R packages in publications.
Type 'demo()' for some demos, 'help()' for on-line help, or
'help.start()' for an HTML browser interface to help.
Type 'q()' to quit R.
> library(testthat)
> library(EGAD)
Setting options('download.file.method.GEOquery'='auto')
Setting options('GEOquery.inmemory.gpl'=FALSE)
>
> test_check("EGAD")
[ FAIL 0 | WARN 0 | SKIP 2 | PASS 9 ]
══ Skipped tests (2) ═══════════════════════════════════════════════════════════
• empty test (2): 'test.mf.r:3:1', 'test.nv.r:3:1'
[ FAIL 0 | WARN 0 | SKIP 2 | PASS 9 ]
>
> proc.time()
user system elapsed
10.479 0.550 11.044
EGAD.Rcheck/EGAD-Ex.timings
| name | user | system | elapsed | |
| assortativity | 0.002 | 0.000 | 0.001 | |
| auc_multifunc | 0 | 0 | 0 | |
| auprc | 0.004 | 0.000 | 0.005 | |
| auroc_analytic | 0 | 0 | 0 | |
| build_binary_network | 0.000 | 0.000 | 0.001 | |
| build_coexp_expressionSet | 0.006 | 0.002 | 0.009 | |
| build_coexp_network | 0.007 | 0.004 | 0.011 | |
| build_semantic_similarity_network | 0.001 | 0.000 | 0.001 | |
| build_weighted_network | 0.001 | 0.000 | 0.001 | |
| calculate_multifunc | 0.003 | 0.000 | 0.003 | |
| conv_smoother | 0.008 | 0.004 | 0.012 | |
| extend_network | 0.018 | 0.008 | 0.025 | |
| filter_network | 0.002 | 0.000 | 0.002 | |
| filter_network_cols | 0.002 | 0.000 | 0.002 | |
| filter_network_rows | 0.001 | 0.000 | 0.001 | |
| filter_orthologs | 0.000 | 0.000 | 0.001 | |
| fmeasure | 0 | 0 | 0 | |
| get_auc | 0.001 | 0.000 | 0.001 | |
| get_counts | 0.004 | 0.000 | 0.003 | |
| get_density | 0.030 | 0.004 | 0.034 | |
| get_prc | 0 | 0 | 0 | |
| get_roc | 0 | 0 | 0 | |
| make_annotations | 0.000 | 0.000 | 0.001 | |
| make_gene_network | 0.001 | 0.000 | 0.001 | |
| make_genelist | 0.001 | 0.000 | 0.000 | |
| neighbor_voting | 0.077 | 0.000 | 0.077 | |
| node_degree | 0.001 | 0.000 | 0.001 | |
| plot_densities | 0.027 | 0.000 | 0.027 | |
| plot_density_compare | 0.008 | 0.000 | 0.008 | |
| plot_distribution | 0.006 | 0.000 | 0.005 | |
| plot_network_heatmap | 0.075 | 0.000 | 0.074 | |
| plot_prc | 0.013 | 0.000 | 0.013 | |
| plot_roc | 0.000 | 0.001 | 0.002 | |
| plot_roc_overlay | 0.041 | 0.002 | 0.044 | |
| predictions | 0.054 | 0.000 | 0.055 | |
| repmat | 0 | 0 | 0 | |
| run_GBA | 0.063 | 0.000 | 0.063 | |