Back to Multiple platform build/check report for BioC 3.22:   simplified   long
ABC[D]EFGHIJKLMNOPQRSTUVWXYZ

This page was generated on 2025-05-09 12:08 -0400 (Fri, 09 May 2025).

HostnameOSArch (*)R versionInstalled pkgs
nebbiolo2Linux (Ubuntu 24.04.1 LTS)x86_644.5.0 (2025-04-11) -- "How About a Twenty-Six" 4749
palomino8Windows Server 2022 Datacenterx644.5.0 (2025-04-11 ucrt) -- "How About a Twenty-Six" 4510
lconwaymacOS 12.7.1 Montereyx86_644.5.0 Patched (2025-04-21 r88169) -- "How About a Twenty-Six" 4548
kjohnson3macOS 13.7.1 Venturaarm644.5.0 Patched (2025-04-21 r88169) -- "How About a Twenty-Six" 4489
taishanLinux (openEuler 24.03 LTS)aarch644.5.0 (2025-04-11) -- "How About a Twenty-Six" 4449
Click on any hostname to see more info about the system (e.g. compilers)      (*) as reported by 'uname -p', except on Windows and Mac OS X

Package 602/2304HostnameOS / ArchINSTALLBUILDCHECKBUILD BIN
DominoEffect 1.29.0  (landing page)
Marija Buljan
Snapshot Date: 2025-05-08 13:00 -0400 (Thu, 08 May 2025)
git_url: https://git.bioconductor.org/packages/DominoEffect
git_branch: devel
git_last_commit: d21443a
git_last_commit_date: 2025-04-15 11:18:11 -0400 (Tue, 15 Apr 2025)
nebbiolo2Linux (Ubuntu 24.04.1 LTS) / x86_64  OK    OK    TIMEOUT  
palomino8Windows Server 2022 Datacenter / x64  OK    ERROR  skippedskipped
lconwaymacOS 12.7.1 Monterey / x86_64  OK    ERROR  skippedskipped
kjohnson3macOS 13.7.1 Ventura / arm64  OK    OK    ERROR    OK  
taishanLinux (openEuler 24.03 LTS) / aarch64  OK    ERROR  skipped


BUILD results for DominoEffect on lconway

To the developers/maintainers of the DominoEffect package:
- Allow up to 24 hours (and sometimes 48 hours) for your latest push to git@git.bioconductor.org:packages/DominoEffect.git to reflect on this report. See Troubleshooting Build Report for more information.
- Use the following Renviron settings to reproduce errors and warnings.
- If 'R CMD check' started to fail recently on the Linux builder(s) over a missing dependency, add the missing dependency to 'Suggests:' in your DESCRIPTION file. See Renviron.bioc for more information.

raw results


Summary

Package: DominoEffect
Version: 1.29.0
Command: /Library/Frameworks/R.framework/Resources/bin/R CMD build --keep-empty-dirs --no-resave-data DominoEffect
StartedAt: 2025-05-08 16:38:58 -0400 (Thu, 08 May 2025)
EndedAt: 2025-05-08 16:44:21 -0400 (Thu, 08 May 2025)
EllapsedTime: 323.1 seconds
RetCode: 1
Status:   ERROR  
PackageFile: None
PackageFileSize: NA

Command output

##############################################################################
##############################################################################
###
### Running command:
###
###   /Library/Frameworks/R.framework/Resources/bin/R CMD build --keep-empty-dirs --no-resave-data DominoEffect
###
##############################################################################
##############################################################################


* checking for file ‘DominoEffect/DESCRIPTION’ ... OK
* preparing ‘DominoEffect’:
* checking DESCRIPTION meta-information ... OK
* installing the package to build vignettes
* creating vignettes ... ERROR
--- re-building ‘Vignette.Rmd’ using rmarkdown

Quitting from Vignette.Rmd:60-63 [unnamed-chunk-6]
~~~~~~~~~~~~~~~~~~~~~~~~~~~~~~~~~~~~~~~~~~~~~~~~~~~~~~~~~~~~~~~~~~~~~~~~~~~~~~~~
<error/rlang_error>
Error in `map_to_func_elem()`:
! 'useMart()' failed:
  error: HTTP 500 Internal Server Error.
---
Backtrace:
    ▆
 1. └─DominoEffect::DominoEffect(...)
 2.   └─DominoEffect::map_to_func_elem(results, write_to_file, ens_release = ens_release)
~~~~~~~~~~~~~~~~~~~~~~~~~~~~~~~~~~~~~~~~~~~~~~~~~~~~~~~~~~~~~~~~~~~~~~~~~~~~~~~~

Error: processing vignette 'Vignette.Rmd' failed with diagnostics:
'useMart()' failed:
  error: HTTP 500 Internal Server Error.
--- failed re-building ‘Vignette.Rmd’

SUMMARY: processing the following file failed:
  ‘Vignette.Rmd’

Error: Vignette re-building failed.
Execution halted