| Back to Build/check report for BioC 3.22: simplified long |
|
This page was generated on 2025-10-27 12:45 -0400 (Mon, 27 Oct 2025).
| Hostname | OS | Arch (*) | R version | Installed pkgs |
|---|---|---|---|---|
| kjohnson3 | macOS 13.7.7 Ventura | arm64 | 4.5.1 Patched (2025-09-10 r88807) -- "Great Square Root" | 4637 |
| Click on any hostname to see more info about the system (e.g. compilers) (*) as reported by 'uname -p', except on Windows and Mac OS X | ||||
| Package 580/2361 | Hostname | OS / Arch | INSTALL | BUILD | CHECK | BUILD BIN | ||||||||
| DEXSeq 1.55.1 (landing page) Alejandro Reyes
| kjohnson3 | macOS 13.7.7 Ventura / arm64 | OK | ERROR | skipped | skipped | ||||||||
|
To the developers/maintainers of the DEXSeq package: - Allow up to 24 hours (and sometimes 48 hours) for your latest push to git@git.bioconductor.org:packages/DEXSeq.git to reflect on this report. See Troubleshooting Build Report for more information. - Use the following Renviron settings to reproduce errors and warnings. - If 'R CMD check' started to fail recently on the Linux builder(s) over a missing dependency, add the missing dependency to 'Suggests:' in your DESCRIPTION file. See Renviron.bioc for more information. |
| Package: DEXSeq |
| Version: 1.55.1 |
| Command: /Library/Frameworks/R.framework/Resources/bin/R CMD build --keep-empty-dirs --no-resave-data DEXSeq |
| StartedAt: 2025-10-26 16:14:28 -0400 (Sun, 26 Oct 2025) |
| EndedAt: 2025-10-26 16:15:09 -0400 (Sun, 26 Oct 2025) |
| EllapsedTime: 40.4 seconds |
| RetCode: 1 |
| Status: ERROR |
| PackageFile: None |
| PackageFileSize: NA |
##############################################################################
##############################################################################
###
### Running command:
###
### /Library/Frameworks/R.framework/Resources/bin/R CMD build --keep-empty-dirs --no-resave-data DEXSeq
###
##############################################################################
##############################################################################
* checking for file ‘DEXSeq/DESCRIPTION’ ... OK
* preparing ‘DEXSeq’:
* checking DESCRIPTION meta-information ... OK
* installing the package to build vignettes
* creating vignettes ... ERROR
--- re-building ‘DEXSeq.Rmd’ using rmarkdown
trying URL 'https://ftp.ensembl.org/pub/release-62/gtf/drosophila_melanogaster/Drosophila_melanogaster.BDGP5.25.62.gtf.gz'
Quitting from DEXSeq.Rmd:80-95 [unnamed-chunk-2]
~~~~~~~~~~~~~~~~~~~~~~~~~~~~~~~~~~~~~~~~~~~~~~~~~~~~~~~~~~~~~~~~~~~~~~~~~~~~~~~~
<error/rlang_error>
Error in `download.file()`:
! cannot open URL 'https://ftp.ensembl.org/pub/release-62/gtf/drosophila_melanogaster/Drosophila_melanogaster.BDGP5.25.62.gtf.gz'
---
Backtrace:
▆
1. └─utils::download.file(...)
~~~~~~~~~~~~~~~~~~~~~~~~~~~~~~~~~~~~~~~~~~~~~~~~~~~~~~~~~~~~~~~~~~~~~~~~~~~~~~~~
Error: processing vignette 'DEXSeq.Rmd' failed with diagnostics:
cannot open URL 'https://ftp.ensembl.org/pub/release-62/gtf/drosophila_melanogaster/Drosophila_melanogaster.BDGP5.25.62.gtf.gz'
--- failed re-building ‘DEXSeq.Rmd’
SUMMARY: processing the following file failed:
‘DEXSeq.Rmd’
Error: Vignette re-building failed.
Execution halted