Back to Multiple platform build/check report for BioC 3.21: simplified long |
|
This page was generated on 2025-02-04 11:44 -0500 (Tue, 04 Feb 2025).
Hostname | OS | Arch (*) | R version | Installed pkgs |
---|---|---|---|---|
nebbiolo1 | Linux (Ubuntu 24.04.1 LTS) | x86_64 | R Under development (unstable) (2025-01-20 r87609) -- "Unsuffered Consequences" | 4716 |
palomino7 | Windows Server 2022 Datacenter | x64 | R Under development (unstable) (2025-01-21 r87610 ucrt) -- "Unsuffered Consequences" | 4478 |
lconway | macOS 12.7.1 Monterey | x86_64 | R Under development (unstable) (2025-01-22 r87618) -- "Unsuffered Consequences" | 4489 |
kjohnson3 | macOS 13.7.1 Ventura | arm64 | R Under development (unstable) (2025-01-20 r87609) -- "Unsuffered Consequences" | 4442 |
Click on any hostname to see more info about the system (e.g. compilers) (*) as reported by 'uname -p', except on Windows and Mac OS X |
Package 544/2295 | Hostname | OS / Arch | INSTALL | BUILD | CHECK | BUILD BIN | ||||||||
DEP 1.29.0 (landing page) Arne Smits
| nebbiolo1 | Linux (Ubuntu 24.04.1 LTS) / x86_64 | OK | OK | WARNINGS | |||||||||
palomino7 | Windows Server 2022 Datacenter / x64 | OK | OK | WARNINGS | OK | |||||||||
lconway | macOS 12.7.1 Monterey / x86_64 | OK | OK | WARNINGS | OK | |||||||||
kjohnson3 | macOS 13.7.1 Ventura / arm64 | OK | OK | WARNINGS | OK | |||||||||
To the developers/maintainers of the DEP package: - Allow up to 24 hours (and sometimes 48 hours) for your latest push to git@git.bioconductor.org:packages/DEP.git to reflect on this report. See Troubleshooting Build Report for more information. - Use the following Renviron settings to reproduce errors and warnings. - If 'R CMD check' started to fail recently on the Linux builder(s) over a missing dependency, add the missing dependency to 'Suggests:' in your DESCRIPTION file. See Renviron.bioc for more information. |
Package: DEP |
Version: 1.29.0 |
Command: /Library/Frameworks/R.framework/Resources/bin/R CMD check --install=check:DEP.install-out.txt --library=/Library/Frameworks/R.framework/Resources/library --no-vignettes --timings DEP_1.29.0.tar.gz |
StartedAt: 2025-02-03 19:32:43 -0500 (Mon, 03 Feb 2025) |
EndedAt: 2025-02-03 19:35:04 -0500 (Mon, 03 Feb 2025) |
EllapsedTime: 141.7 seconds |
RetCode: 0 |
Status: WARNINGS |
CheckDir: DEP.Rcheck |
Warnings: 1 |
############################################################################## ############################################################################## ### ### Running command: ### ### /Library/Frameworks/R.framework/Resources/bin/R CMD check --install=check:DEP.install-out.txt --library=/Library/Frameworks/R.framework/Resources/library --no-vignettes --timings DEP_1.29.0.tar.gz ### ############################################################################## ############################################################################## * using log directory ‘/Users/biocbuild/bbs-3.21-bioc/meat/DEP.Rcheck’ * using R Under development (unstable) (2025-01-20 r87609) * using platform: aarch64-apple-darwin20 * R was compiled by Apple clang version 14.0.0 (clang-1400.0.29.202) GNU Fortran (GCC) 14.2.0 * running under: macOS Ventura 13.7.1 * using session charset: UTF-8 * using option ‘--no-vignettes’ * checking for file ‘DEP/DESCRIPTION’ ... OK * this is package ‘DEP’ version ‘1.29.0’ * package encoding: UTF-8 * checking package namespace information ... OK * checking package dependencies ... INFO Imports includes 23 non-default packages. Importing from so many packages makes the package vulnerable to any of them becoming unavailable. Move as many as possible to Suggests and use conditionally. * checking if this is a source package ... OK * checking if there is a namespace ... OK * checking for hidden files and directories ... OK * checking for portable file names ... OK * checking for sufficient/correct file permissions ... OK * checking whether package ‘DEP’ can be installed ... OK * checking installed package size ... OK * checking package directory ... OK * checking ‘build’ directory ... OK * checking DESCRIPTION meta-information ... OK * checking top-level files ... OK * checking for left-over files ... OK * checking index information ... OK * checking package subdirectories ... OK * checking code files for non-ASCII characters ... OK * checking R files for syntax errors ... OK * checking whether the package can be loaded ... OK * checking whether the package can be loaded with stated dependencies ... OK * checking whether the package can be unloaded cleanly ... OK * checking whether the namespace can be loaded with stated dependencies ... OK * checking whether the namespace can be unloaded cleanly ... OK * checking whether startup messages can be suppressed ... OK * checking dependencies in R code ... OK * checking S3 generic/method consistency ... OK * checking replacement functions ... OK * checking foreign function calls ... OK * checking R code for possible problems ... OK * checking Rd files ... OK * checking Rd metadata ... OK * checking Rd cross-references ... WARNING Missing link(s) in Rd file 'LFQ.Rd': ‘[MSnbase:impute-methods]{impute}’ Missing link(s) in Rd file 'TMT.Rd': ‘[MSnbase:impute-methods]{impute}’ Missing link(s) in Rd file 'impute.Rd': ‘[MSnbase:impute-methods]{impute}’ Missing link(s) in Rd file 'process.Rd': ‘[MSnbase:impute-methods]{impute}’ See section 'Cross-references' in the 'Writing R Extensions' manual. * checking for missing documentation entries ... OK * checking for code/documentation mismatches ... OK * checking Rd \usage sections ... OK * checking Rd contents ... OK * checking for unstated dependencies in examples ... OK * checking contents of ‘data’ directory ... OK * checking data for non-ASCII characters ... OK * checking LazyData ... OK * checking data for ASCII and uncompressed saves ... OK * checking R/sysdata.rda ... OK * checking files in ‘vignettes’ ... OK * checking examples ... OK Examples with CPU (user + system) or elapsed time > 5s user system elapsed impute 5.851 0.038 5.921 * checking for unstated dependencies in ‘tests’ ... OK * checking tests ... Running ‘testthat.R’ OK * checking for unstated dependencies in vignettes ... OK * checking package vignettes ... OK * checking running R code from vignettes ... SKIPPED * checking re-building of vignette outputs ... SKIPPED * checking PDF version of manual ... OK * DONE Status: 1 WARNING See ‘/Users/biocbuild/bbs-3.21-bioc/meat/DEP.Rcheck/00check.log’ for details.
DEP.Rcheck/00install.out
############################################################################## ############################################################################## ### ### Running command: ### ### /Library/Frameworks/R.framework/Resources/bin/R CMD INSTALL DEP ### ############################################################################## ############################################################################## * installing to library ‘/Library/Frameworks/R.framework/Versions/4.5-arm64/Resources/library’ * installing *source* package ‘DEP’ ... ** this is package ‘DEP’ version ‘1.29.0’ ** using staged installation ** R ** data *** moving datasets to lazyload DB ** inst ** byte-compile and prepare package for lazy loading ** help *** installing help indices ** building package indices ** installing vignettes ** testing if installed package can be loaded from temporary location ** testing if installed package can be loaded from final location ** testing if installed package keeps a record of temporary installation path * DONE (DEP)
DEP.Rcheck/tests/testthat.Rout
R Under development (unstable) (2025-01-20 r87609) -- "Unsuffered Consequences" Copyright (C) 2025 The R Foundation for Statistical Computing Platform: aarch64-apple-darwin20 R is free software and comes with ABSOLUTELY NO WARRANTY. You are welcome to redistribute it under certain conditions. Type 'license()' or 'licence()' for distribution details. R is a collaborative project with many contributors. Type 'contributors()' for more information and 'citation()' on how to cite R or R packages in publications. Type 'demo()' for some demos, 'help()' for on-line help, or 'help.start()' for an HTML browser interface to help. Type 'q()' to quit R. > library(testthat) > library(DEP) > > test_check("DEP") [ FAIL 0 | WARN 14 | SKIP 0 | PASS 333 ] [ FAIL 0 | WARN 14 | SKIP 0 | PASS 333 ] > > proc.time() user system elapsed 18.445 0.950 19.627
DEP.Rcheck/DEP-Ex.timings
name | user | system | elapsed | |
LFQ | 0.413 | 0.018 | 0.430 | |
TMT | 0 | 0 | 0 | |
add_rejections | 0.236 | 0.005 | 0.242 | |
analyze_dep | 0.985 | 0.020 | 1.005 | |
filter_missval | 0.132 | 0.002 | 0.134 | |
filter_proteins | 0.091 | 0.005 | 0.096 | |
get_df_long | 0.225 | 0.004 | 0.229 | |
get_df_wide | 0.223 | 0.003 | 0.225 | |
get_prefix | 0.001 | 0.000 | 0.001 | |
get_results | 0.287 | 0.002 | 0.289 | |
get_suffix | 0.001 | 0.000 | 0.001 | |
import_IsobarQuant | 0.000 | 0.001 | 0.000 | |
import_MaxQuant | 0.015 | 0.000 | 0.016 | |
impute | 5.851 | 0.038 | 5.921 | |
make_se | 0.012 | 0.001 | 0.014 | |
make_se_parse | 0.021 | 0.001 | 0.023 | |
make_unique | 0.006 | 0.000 | 0.006 | |
manual_impute | 0.182 | 0.006 | 0.187 | |
meanSdPlot | 0.217 | 0.008 | 0.225 | |
normalize_vsn | 0.106 | 0.003 | 0.109 | |
plot_all | 0.456 | 0.016 | 0.473 | |
plot_cond | 0.308 | 0.005 | 0.313 | |
plot_cond_freq | 0.257 | 0.004 | 0.261 | |
plot_cond_overlap | 0.262 | 0.008 | 0.269 | |
plot_cor | 0.372 | 0.011 | 0.382 | |
plot_coverage | 0.151 | 0.004 | 0.156 | |
plot_detect | 0.210 | 0.004 | 0.214 | |
plot_dist | 1.115 | 0.012 | 1.127 | |
plot_frequency | 0.151 | 0.005 | 0.156 | |
plot_gsea | 0.208 | 0.007 | 0.214 | |
plot_heatmap | 0.752 | 0.014 | 0.767 | |
plot_imputation | 0.318 | 0.017 | 0.336 | |
plot_missval | 0.478 | 0.040 | 0.521 | |
plot_normalization | 0.381 | 0.019 | 0.400 | |
plot_numbers | 0.139 | 0.002 | 0.141 | |
plot_p_hist | 0.371 | 0.009 | 0.379 | |
plot_pca | 0.372 | 0.008 | 0.380 | |
plot_single | 0.499 | 0.012 | 0.510 | |
plot_volcano | 1.767 | 0.013 | 1.796 | |
process | 0.434 | 0.012 | 0.446 | |
report | 0.000 | 0.001 | 0.000 | |
run_app | 0 | 0 | 0 | |
se2msn | 0.048 | 0.003 | 0.051 | |
test_diff | 0.286 | 0.011 | 0.297 | |
test_gsea | 0.222 | 0.007 | 0.231 | |
theme_DEP1 | 0.142 | 0.005 | 0.148 | |
theme_DEP2 | 0.159 | 0.003 | 0.161 | |