Back to Multiple platform build/check report for BioC 3.21:   simplified   long
AB[C]DEFGHIJKLMNOPQRSTUVWXYZ

This page was generated on 2025-02-03 12:37 -0500 (Mon, 03 Feb 2025).

HostnameOSArch (*)R versionInstalled pkgs
nebbiolo1Linux (Ubuntu 24.04.1 LTS)x86_64R Under development (unstable) (2025-01-20 r87609) -- "Unsuffered Consequences" 4704
palomino7Windows Server 2022 Datacenterx64R Under development (unstable) (2025-01-21 r87610 ucrt) -- "Unsuffered Consequences" 4467
lconwaymacOS 12.7.1 Montereyx86_64R Under development (unstable) (2025-01-22 r87618) -- "Unsuffered Consequences" 4478
Click on any hostname to see more info about the system (e.g. compilers)      (*) as reported by 'uname -p', except on Windows and Mac OS X

Package 430/2289HostnameOS / ArchINSTALLBUILDCHECKBUILD BIN
CopyNumberPlots 1.23.0  (landing page)
Bernat Gel
Snapshot Date: 2025-02-02 13:40 -0500 (Sun, 02 Feb 2025)
git_url: https://git.bioconductor.org/packages/CopyNumberPlots
git_branch: devel
git_last_commit: f101583
git_last_commit_date: 2024-10-29 10:36:48 -0500 (Tue, 29 Oct 2024)
nebbiolo1Linux (Ubuntu 24.04.1 LTS) / x86_64  OK    ERROR  skipped
palomino7Windows Server 2022 Datacenter / x64  OK    ERROR  skippedskipped
lconwaymacOS 12.7.1 Monterey / x86_64  OK    ERROR  skippedskipped


BUILD results for CopyNumberPlots on palomino7

To the developers/maintainers of the CopyNumberPlots package:
- Allow up to 24 hours (and sometimes 48 hours) for your latest push to git@git.bioconductor.org:packages/CopyNumberPlots.git to reflect on this report. See Troubleshooting Build Report for more information.
- Use the following Renviron settings to reproduce errors and warnings.
- If 'R CMD check' started to fail recently on the Linux builder(s) over a missing dependency, add the missing dependency to 'Suggests:' in your DESCRIPTION file. See Renviron.bioc for more information.

raw results


Summary

Package: CopyNumberPlots
Version: 1.23.0
Command: chmod a+r CopyNumberPlots -R && E:\biocbuild\bbs-3.21-bioc\R\bin\R.exe CMD build --keep-empty-dirs --no-resave-data CopyNumberPlots
StartedAt: 2025-02-02 18:00:37 -0500 (Sun, 02 Feb 2025)
EndedAt: 2025-02-02 18:02:10 -0500 (Sun, 02 Feb 2025)
EllapsedTime: 93.5 seconds
RetCode: 1
Status:   ERROR  
PackageFile: None
PackageFileSize: NA

Command output

##############################################################################
##############################################################################
###
### Running command:
###
###   chmod a+r CopyNumberPlots -R && E:\biocbuild\bbs-3.21-bioc\R\bin\R.exe CMD build --keep-empty-dirs --no-resave-data CopyNumberPlots
###
##############################################################################
##############################################################################


* checking for file 'CopyNumberPlots/DESCRIPTION' ... OK
* preparing 'CopyNumberPlots':
* checking DESCRIPTION meta-information ... OK
* installing the package to build vignettes
* creating vignettes ... ERROR
--- re-building 'CopyNumberPlots.Rmd' using rmarkdown

Quitting from lines 407-410 [unnamed-chunk-18] (CopyNumberPlots.Rmd)
Error: processing vignette 'CopyNumberPlots.Rmd' failed with diagnostics:
invalid 'scipen'
--- failed re-building 'CopyNumberPlots.Rmd'

SUMMARY: processing the following file failed:
  'CopyNumberPlots.Rmd'

Error: Vignette re-building failed.
Execution halted