Back to Multiple platform build/check report for BioC 3.21: simplified long |
|
This page was generated on 2025-02-03 12:37 -0500 (Mon, 03 Feb 2025).
Hostname | OS | Arch (*) | R version | Installed pkgs |
---|---|---|---|---|
nebbiolo1 | Linux (Ubuntu 24.04.1 LTS) | x86_64 | R Under development (unstable) (2025-01-20 r87609) -- "Unsuffered Consequences" | 4704 |
palomino7 | Windows Server 2022 Datacenter | x64 | R Under development (unstable) (2025-01-21 r87610 ucrt) -- "Unsuffered Consequences" | 4467 |
lconway | macOS 12.7.1 Monterey | x86_64 | R Under development (unstable) (2025-01-22 r87618) -- "Unsuffered Consequences" | 4478 |
Click on any hostname to see more info about the system (e.g. compilers) (*) as reported by 'uname -p', except on Windows and Mac OS X |
Package 467/2289 | Hostname | OS / Arch | INSTALL | BUILD | CHECK | BUILD BIN | ||||||||
CTDquerier 2.15.0 (landing page) Xavier Escribà-Montagut
| nebbiolo1 | Linux (Ubuntu 24.04.1 LTS) / x86_64 | OK | OK | WARNINGS | |||||||||
palomino7 | Windows Server 2022 Datacenter / x64 | OK | OK | WARNINGS | OK | |||||||||
lconway | macOS 12.7.1 Monterey / x86_64 | OK | OK | WARNINGS | OK | |||||||||
To the developers/maintainers of the CTDquerier package: - Allow up to 24 hours (and sometimes 48 hours) for your latest push to git@git.bioconductor.org:packages/CTDquerier.git to reflect on this report. See Troubleshooting Build Report for more information. - Use the following Renviron settings to reproduce errors and warnings. - If 'R CMD check' started to fail recently on the Linux builder(s) over a missing dependency, add the missing dependency to 'Suggests:' in your DESCRIPTION file. See Renviron.bioc for more information. |
Package: CTDquerier |
Version: 2.15.0 |
Command: /home/biocbuild/bbs-3.21-bioc/R/bin/R CMD check --install=check:CTDquerier.install-out.txt --library=/home/biocbuild/bbs-3.21-bioc/R/site-library --timings CTDquerier_2.15.0.tar.gz |
StartedAt: 2025-02-02 21:15:06 -0500 (Sun, 02 Feb 2025) |
EndedAt: 2025-02-02 21:41:20 -0500 (Sun, 02 Feb 2025) |
EllapsedTime: 1574.1 seconds |
RetCode: 0 |
Status: WARNINGS |
CheckDir: CTDquerier.Rcheck |
Warnings: 1 |
############################################################################## ############################################################################## ### ### Running command: ### ### /home/biocbuild/bbs-3.21-bioc/R/bin/R CMD check --install=check:CTDquerier.install-out.txt --library=/home/biocbuild/bbs-3.21-bioc/R/site-library --timings CTDquerier_2.15.0.tar.gz ### ############################################################################## ############################################################################## * using log directory ‘/home/biocbuild/bbs-3.21-bioc/meat/CTDquerier.Rcheck’ * using R Under development (unstable) (2025-01-20 r87609) * using platform: x86_64-pc-linux-gnu * R was compiled by gcc (Ubuntu 13.3.0-6ubuntu2~24.04) 13.3.0 GNU Fortran (Ubuntu 13.3.0-6ubuntu2~24.04) 13.3.0 * running under: Ubuntu 24.04.1 LTS * using session charset: UTF-8 * checking for file ‘CTDquerier/DESCRIPTION’ ... OK * this is package ‘CTDquerier’ version ‘2.15.0’ * package encoding: UTF-8 * checking package namespace information ... OK * checking package dependencies ... OK * checking if this is a source package ... OK * checking if there is a namespace ... OK * checking for hidden files and directories ... OK * checking for portable file names ... OK * checking for sufficient/correct file permissions ... OK * checking whether package ‘CTDquerier’ can be installed ... OK * checking installed package size ... OK * checking package directory ... OK * checking DESCRIPTION meta-information ... NOTE License stub is invalid DCF. * checking top-level files ... OK * checking for left-over files ... OK * checking index information ... OK * checking package subdirectories ... OK * checking code files for non-ASCII characters ... OK * checking R files for syntax errors ... OK * checking whether the package can be loaded ... OK * checking whether the package can be loaded with stated dependencies ... OK * checking whether the package can be unloaded cleanly ... OK * checking whether the namespace can be loaded with stated dependencies ... OK * checking whether the namespace can be unloaded cleanly ... OK * checking loading without being on the library search path ... OK * checking dependencies in R code ... OK * checking S3 generic/method consistency ... OK * checking replacement functions ... OK * checking foreign function calls ... OK * checking R code for possible problems ... OK * checking Rd files ... OK * checking Rd metadata ... OK * checking Rd cross-references ... OK * checking for missing documentation entries ... OK * checking for code/documentation mismatches ... OK * checking Rd \usage sections ... OK * checking Rd contents ... OK * checking for unstated dependencies in examples ... OK * checking contents of ‘data’ directory ... OK * checking data for non-ASCII characters ... OK * checking data for ASCII and uncompressed saves ... OK * checking files in ‘vignettes’ ... WARNING Files in the 'vignettes' directory but no files in 'inst/doc': ‘batch_query.Rmd’ ‘biomed-central.csl’ ‘case_study.Rmd’ ‘case_study.bib’ ‘img/01_CTDbase.png’ ‘img/02_XKR4_keyword.png’ ‘img/03_BatchQuery.png’ ‘vignette.Rmd’ * checking examples ... OK Examples with CPU (user + system) or elapsed time > 5s user system elapsed download_ctd_chem 1.716 0.163 151.938 enrich-methods 1.600 0.204 151.793 query_ctd_chem 0.739 0.507 156.490 load_ctd_chem 0.917 0.168 151.599 download_ctd_dise 0.749 0.158 152.598 load_ctd_gene 0.731 0.160 150.887 query_ctd_dise 0.772 0.104 152.301 load_ctd_dise 0.853 0.014 150.866 download_ctd_genes 0.661 0.141 150.821 query_ctd_gene 0.758 0.005 150.768 * checking package vignettes ... NOTE Package has ‘vignettes’ subdirectory but apparently no vignettes. Perhaps the ‘VignetteBuilder’ information is missing from the DESCRIPTION file? * checking PDF version of manual ... OK * DONE Status: 1 WARNING, 2 NOTEs See ‘/home/biocbuild/bbs-3.21-bioc/meat/CTDquerier.Rcheck/00check.log’ for details.
CTDquerier.Rcheck/00install.out
############################################################################## ############################################################################## ### ### Running command: ### ### /home/biocbuild/bbs-3.21-bioc/R/bin/R CMD INSTALL CTDquerier ### ############################################################################## ############################################################################## * installing to library ‘/home/biocbuild/bbs-3.21-bioc/R/site-library’ * installing *source* package ‘CTDquerier’ ... ** this is package ‘CTDquerier’ version ‘2.15.0’ ** using staged installation ** R ** data ** inst ** byte-compile and prepare package for lazy loading ** help *** installing help indices ** building package indices ** installing vignettes ** testing if installed package can be loaded from temporary location ** testing if installed package can be loaded from final location ** testing if installed package keeps a record of temporary installation path * DONE (CTDquerier)
CTDquerier.Rcheck/CTDquerier-Ex.timings
name | user | system | elapsed | |
download_ctd_chem | 1.716 | 0.163 | 151.938 | |
download_ctd_dise | 0.749 | 0.158 | 152.598 | |
download_ctd_genes | 0.661 | 0.141 | 150.821 | |
enrich-methods | 1.600 | 0.204 | 151.793 | |
gala | 1.123 | 0.174 | 1.298 | |
get_table-methods | 1.011 | 0.046 | 1.058 | |
get_terms-methods | 0.987 | 0.024 | 1.011 | |
leaf_plot | 0.672 | 0.010 | 0.683 | |
load_ctd_chem | 0.917 | 0.168 | 151.599 | |
load_ctd_dise | 0.853 | 0.014 | 150.866 | |
load_ctd_gene | 0.731 | 0.160 | 150.887 | |
query_ctd_chem | 0.739 | 0.507 | 156.490 | |
query_ctd_dise | 0.772 | 0.104 | 152.301 | |
query_ctd_gene | 0.758 | 0.005 | 150.768 | |