Back to Multiple platform build/check report for BioC 3.23:   simplified   long
AB[C]DEFGHIJKLMNOPQRSTUVWXYZ

This page was generated on 2025-11-28 11:39 -0500 (Fri, 28 Nov 2025).

HostnameOSArch (*)R versionInstalled pkgs
nebbiolo1Linux (Ubuntu 24.04.3 LTS)x86_64R Under development (unstable) (2025-10-20 r88955) -- "Unsuffered Consequences" 4866
lconwaymacOS 12.7.6 Montereyx86_64R Under development (unstable) (2025-10-21 r88958) -- "Unsuffered Consequences" 4614
kjohnson3macOS 13.7.7 Venturaarm64R Under development (unstable) (2025-11-04 r88984) -- "Unsuffered Consequences" 4571
Click on any hostname to see more info about the system (e.g. compilers)      (*) as reported by 'uname -p', except on Windows and Mac OS X

Package 288/2328HostnameOS / ArchINSTALLBUILDCHECKBUILD BIN
CBN2Path 1.1.4  (landing page)
William Choi-Kim , Sayed-Rzgar Hosseini
Snapshot Date: 2025-11-27 13:40 -0500 (Thu, 27 Nov 2025)
git_url: https://git.bioconductor.org/packages/CBN2Path
git_branch: devel
git_last_commit: 8ea4403
git_last_commit_date: 2025-11-15 17:04:20 -0500 (Sat, 15 Nov 2025)
nebbiolo1Linux (Ubuntu 24.04.3 LTS) / x86_64  OK    OK    OK  UNNEEDED, same version is already published
lconwaymacOS 12.7.6 Monterey / x86_64  OK    ERROR  skippedskipped
kjohnson3macOS 13.7.7 Ventura / arm64  OK    OK    WARNINGS    OK  UNNEEDED, same version is already published


CHECK results for CBN2Path on kjohnson3

To the developers/maintainers of the CBN2Path package:
- Allow up to 24 hours (and sometimes 48 hours) for your latest push to git@git.bioconductor.org:packages/CBN2Path.git to reflect on this report. See Troubleshooting Build Report for more information.
- Use the following Renviron settings to reproduce errors and warnings.
- If 'R CMD check' started to fail recently on the Linux builder(s) over a missing dependency, add the missing dependency to 'Suggests:' in your DESCRIPTION file. See Renviron.bioc for more information.

raw results


Summary

Package: CBN2Path
Version: 1.1.4
Command: /Library/Frameworks/R.framework/Resources/bin/R CMD check --install=check:CBN2Path.install-out.txt --library=/Library/Frameworks/R.framework/Resources/library --no-vignettes --timings CBN2Path_1.1.4.tar.gz
StartedAt: 2025-11-27 18:57:23 -0500 (Thu, 27 Nov 2025)
EndedAt: 2025-11-27 19:01:31 -0500 (Thu, 27 Nov 2025)
EllapsedTime: 248.2 seconds
RetCode: 0
Status:   WARNINGS  
CheckDir: CBN2Path.Rcheck
Warnings: 1

Command output

##############################################################################
##############################################################################
###
### Running command:
###
###   /Library/Frameworks/R.framework/Resources/bin/R CMD check --install=check:CBN2Path.install-out.txt --library=/Library/Frameworks/R.framework/Resources/library --no-vignettes --timings CBN2Path_1.1.4.tar.gz
###
##############################################################################
##############################################################################


* using log directory ‘/Users/biocbuild/bbs-3.23-bioc/meat/CBN2Path.Rcheck’
* using R Under development (unstable) (2025-11-04 r88984)
* using platform: aarch64-apple-darwin20
* R was compiled by
    Apple clang version 16.0.0 (clang-1600.0.26.6)
    GNU Fortran (GCC) 14.2.0
* running under: macOS Ventura 13.7.8
* using session charset: UTF-8
* using option ‘--no-vignettes’
* checking for file ‘CBN2Path/DESCRIPTION’ ... OK
* this is package ‘CBN2Path’ version ‘1.1.4’
* package encoding: UTF-8
* checking package namespace information ... OK
* checking package dependencies ... OK
* checking if this is a source package ... OK
* checking if there is a namespace ... OK
* checking for hidden files and directories ... NOTE
Found the following hidden files and directories:
  .BBSoptions
These were most likely included in error. See section ‘Package
structure’ in the ‘Writing R Extensions’ manual.
* checking for portable file names ... OK
* checking for sufficient/correct file permissions ... OK
* checking whether package ‘CBN2Path’ can be installed ... WARNING
Found the following significant warnings:
  bcbn.c:554:36: warning: if statement has empty body [-Wempty-body]
  bcbn.c:611:30: warning: if statement has empty body [-Wempty-body]
  bcbn.c:623:43: warning: if statement has empty body [-Wempty-body]
  bcbn.c:633:45: warning: if statement has empty body [-Wempty-body]
  bcbn.c:931:30: warning: if statement has empty body [-Wempty-body]
  bcbn.c:943:43: warning: if statement has empty body [-Wempty-body]
  bcbn.c:953:45: warning: if statement has empty body [-Wempty-body]
  ./ct-cbn.h:551:36: warning: if statement has empty body [-Wempty-body]
  ./ct-cbn.h:611:36: warning: if statement has empty body [-Wempty-body]
  ./ct-cbn.h:670:30: warning: if statement has empty body [-Wempty-body]
  ./ct-cbn.h:682:43: warning: if statement has empty body [-Wempty-body]
  ./ct-cbn.h:692:45: warning: if statement has empty body [-Wempty-body]
  ./ct-cbn.h:719:33: warning: if statement has empty body [-Wempty-body]
See ‘/Users/biocbuild/bbs-3.23-bioc/meat/CBN2Path.Rcheck/00install.out’ for details.
* used C compiler: ‘Apple clang version 15.0.0 (clang-1500.1.0.2.5)’
* used SDK: ‘MacOSX11.3.1.sdk’
* checking installed package size ... OK
* checking package directory ... OK
* checking ‘build’ directory ... OK
* checking DESCRIPTION meta-information ... OK
* checking top-level files ... OK
* checking for left-over files ... OK
* checking index information ... OK
* checking package subdirectories ... NOTE
Found the following CITATION file in a non-standard place:
  CITATION.cff
Most likely ‘inst/CITATION’ should be used instead.
* checking code files for non-ASCII characters ... OK
* checking R files for syntax errors ... OK
* checking whether the package can be loaded ... OK
* checking whether the package can be loaded with stated dependencies ... OK
* checking whether the package can be unloaded cleanly ... OK
* checking whether the namespace can be loaded with stated dependencies ... OK
* checking whether the namespace can be unloaded cleanly ... OK
* checking dependencies in R code ... OK
* checking S3 generic/method consistency ... OK
* checking replacement functions ... OK
* checking foreign function calls ... OK
* checking R code for possible problems ... NOTE
bcbn: no visible global function definition for ‘SnowParam’
bcbn: no visible binding for global variable ‘datasets’
ctcbn: no visible global function definition for ‘SnowParam’
generateGeomNodePoint: no visible binding for global variable ‘nodes’
generateGeomNodeText: no visible binding for global variable ‘nodes’
generateGgText: no visible binding for global variable ‘x’
generateGgText: no visible binding for global variable ‘y’
generateGgText: no visible binding for global variable ‘label’
generateMatrixGenotypes : f1 : <anonymous>: no visible global function
  definition for ‘combn’
hcbn: no visible global function definition for ‘SnowParam’
variableCapSize: no visible binding for global variable ‘edges’
variableCapSize: no visible binding for global variable ‘x’
variableCapSize: no visible binding for global variable ‘y’
visualizeCBNModel: no visible binding for global variable ‘name’
visualizeFitnessLandscape: no visible binding for global variable ‘x’
visualizeFitnessLandscape: no visible binding for global variable ‘y’
visualizeFitnessLandscape: no visible binding for global variable
  ‘name’
visualizeProbabilities: no visible binding for global variable ‘name’
Undefined global functions or variables:
  SnowParam combn datasets edges label name nodes x y
Consider adding
  importFrom("utils", "combn")
to your NAMESPACE file.
* checking Rd files ... OK
* checking Rd metadata ... OK
* checking Rd cross-references ... OK
* checking for missing documentation entries ... OK
* checking for code/documentation mismatches ... OK
* checking Rd \usage sections ... OK
* checking Rd contents ... OK
* checking for unstated dependencies in examples ... OK
* checking line endings in shell scripts ... OK
* checking line endings in C/C++/Fortran sources/headers ... OK
* checking line endings in Makefiles ... OK
* checking compilation flags in Makevars ... OK
* checking for GNU extensions in Makefiles ... OK
* checking for portable use of $(BLAS_LIBS) and $(LAPACK_LIBS) ... OK
* checking use of PKG_*FLAGS in Makefiles ... OK
* checking compiled code ... NOTE
Note: information on .o files is not available
File ‘/Library/Frameworks/R.framework/Versions/4.6-arm64/Resources/library/CBN2Path/libs/CBN2Path.so’:
  Found ‘___stderrp’, possibly from ‘stderr’ (C)
  Found ‘___stdoutp’, possibly from ‘stdout’ (C)
  Found ‘_abort’, possibly from ‘abort’ (C)
  Found ‘_printf’, possibly from ‘printf’ (C)

Compiled code should not call entry points which might terminate R nor
write to stdout/stderr instead of to the console, nor use Fortran I/O
nor system RNGs nor [v]sprintf. The detected symbols are linked into
the code but might come from libraries and not actually be called.

See ‘Writing portable packages’ in the ‘Writing R Extensions’ manual.
* checking files in ‘vignettes’ ... OK
* checking examples ... OK
Examples with CPU (user + system) or elapsed time > 5s
                          user system elapsed
hcbnSingle              30.668  0.064  32.792
pathProbQuartetBCBN     13.941  0.795  15.007
visualizeProbabilities  11.548  0.064  12.510
bcbn                     6.746  3.813  10.734
jensenShannonDivergence  5.275  1.093   6.556
Predictability           4.527  0.614   5.322
* checking for unstated dependencies in ‘tests’ ... OK
* checking tests ...
  Running ‘testthat.R’
 OK
* checking for unstated dependencies in vignettes ... OK
* checking package vignettes ... OK
* checking running R code from vignettes ... SKIPPED
* checking re-building of vignette outputs ... SKIPPED
* checking PDF version of manual ... OK
* DONE

Status: 1 WARNING, 4 NOTEs
See
  ‘/Users/biocbuild/bbs-3.23-bioc/meat/CBN2Path.Rcheck/00check.log’
for details.


Installation output

CBN2Path.Rcheck/00install.out

##############################################################################
##############################################################################
###
### Running command:
###
###   /Library/Frameworks/R.framework/Resources/bin/R CMD INSTALL CBN2Path
###
##############################################################################
##############################################################################


* installing to library ‘/Library/Frameworks/R.framework/Versions/4.6-arm64/Resources/library’
* installing *source* package ‘CBN2Path’ ...
** this is package ‘CBN2Path’ version ‘1.1.4’
** using staged installation
checking for gcc... clang -arch arm64 -std=gnu2x
checking whether the C compiler works... yes
checking for C compiler default output file name... a.out
checking for suffix of executables... 
checking whether we are cross compiling... no
checking for suffix of object files... o
checking whether the compiler supports GNU C... yes
checking whether clang -arch arm64 -std=gnu2x accepts -g... yes
checking for clang -arch arm64 -std=gnu2x option to enable C11 features... -std=gnu11
checking for gsl-config... /opt/R/arm64/bin/gsl-config
checking if GSL version >= 2.5... yes
configure: creating ./config.status
config.status: creating src/Makevars
** libs
using C compiler: ‘Apple clang version 15.0.0 (clang-1500.1.0.2.5)’
using SDK: ‘MacOSX11.3.1.sdk’
clang -arch arm64 -std=gnu2x -I"/Library/Frameworks/R.framework/Resources/include" -DNDEBUG -I/opt/R/arm64/include -I.  -I/opt/R/arm64/include    -fPIC  -falign-functions=64 -Wall -g -O2  -c bcbn.c -o bcbn.o
bcbn.c:433:7: warning: unused variable 'i' [-Wunused-variable]
  int i;
      ^
bcbn.c:554:36: warning: if statement has empty body [-Wempty-body]
  if(fscanf(input, "%d %d", N, &p));
                                   ^
bcbn.c:554:36: note: put the semicolon on a separate line to silence this warning
bcbn.c:611:30: warning: if statement has empty body [-Wempty-body]
  if(fscanf(input, "%d", &n));
                             ^
bcbn.c:611:30: note: put the semicolon on a separate line to silence this warning
bcbn.c:623:43: warning: if statement has empty body [-Wempty-body]
  if(fscanf(input,"%d %d", &left, &right));
                                          ^
bcbn.c:623:43: note: put the semicolon on a separate line to silence this warning
bcbn.c:633:45: warning: if statement has empty body [-Wempty-body]
    if(fscanf(input,"%d %d", &left, &right));
                                            ^
bcbn.c:633:45: note: put the semicolon on a separate line to silence this warning
bcbn.c:641:7: warning: unused variable 'i' [-Wunused-variable]
  int i;
      ^
bcbn.c:931:30: warning: if statement has empty body [-Wempty-body]
  if(fscanf(input, "%d", &n));
                             ^
bcbn.c:931:30: note: put the semicolon on a separate line to silence this warning
bcbn.c:943:43: warning: if statement has empty body [-Wempty-body]
  if(fscanf(input,"%d %d", &left, &right));
                                          ^
bcbn.c:943:43: note: put the semicolon on a separate line to silence this warning
bcbn.c:953:45: warning: if statement has empty body [-Wempty-body]
    if(fscanf(input,"%d %d", &left, &right));
                                            ^
bcbn.c:953:45: note: put the semicolon on a separate line to silence this warning
bcbn.c:1056:9: warning: unused variable 'j' [-Wunused-variable]
  int i,j,c,k;
        ^
bcbn.c:1056:13: warning: unused variable 'k' [-Wunused-variable]
  int i,j,c,k;
            ^
bcbn.c:1075:10: warning: variable 'p' set but not used [-Wunused-but-set-variable]
  double p = 0;
         ^
bcbn.c:1281:15: warning: unused variable 'likelihood' [-Wunused-variable]
  long double likelihood, likelihood_d;
              ^
bcbn.c:1367:21: warning: unused variable 'var' [-Wunused-variable]
  double alpha,beta,var,x;
                    ^
bcbn.c:1367:25: warning: variable 'x' set but not used [-Wunused-but-set-variable]
  double alpha,beta,var,x;
                        ^
bcbn.c:1380:21: warning: unused variable 'var' [-Wunused-variable]
  double alpha,beta,var,x;
                    ^
bcbn.c:1380:25: warning: variable 'x' set but not used [-Wunused-but-set-variable]
  double alpha,beta,var,x;
                        ^
bcbn.c:1449:11: warning: unused variable 'k' [-Wunused-variable]
  int i,j,k,N_compatible,N_all_comp;
          ^
bcbn.c:1550:11: warning: variable 'N_all_comp' set but not used [-Wunused-but-set-variable]
  int i,j,N_all_comp,N_compatible,k;
          ^
bcbn.c:1550:22: warning: unused variable 'N_compatible' [-Wunused-variable]
  int i,j,N_all_comp,N_compatible,k;
                     ^
bcbn.c:1550:35: warning: unused variable 'k' [-Wunused-variable]
  int i,j,N_all_comp,N_compatible,k;
                                  ^
bcbn.c:1675:10: warning: unused variable 'alpha' [-Wunused-variable]
  double alpha,beta,var,x;
         ^
bcbn.c:1675:16: warning: unused variable 'beta' [-Wunused-variable]
  double alpha,beta,var,x;
               ^
bcbn.c:1675:21: warning: unused variable 'var' [-Wunused-variable]
  double alpha,beta,var,x;
                    ^
bcbn.c:1675:25: warning: unused variable 'x' [-Wunused-variable]
  double alpha,beta,var,x;
                        ^
bcbn.c:1755:11: warning: unused variable 'k' [-Wunused-variable]
  int i,j,k,N_compatible,N_all_comp;
          ^
bcbn.c:1878:11: warning: unused variable 'k' [-Wunused-variable]
  int i,j,k,N_compatible,N_all_comp;
          ^
bcbn.c:1878:13: warning: unused variable 'N_compatible' [-Wunused-variable]
  int i,j,k,N_compatible,N_all_comp;
            ^
bcbn.c:1878:26: warning: variable 'N_all_comp' set but not used [-Wunused-but-set-variable]
  int i,j,k,N_compatible,N_all_comp;
                         ^
bcbn.c:1946:11: warning: unused variable 'k' [-Wunused-variable]
  int i,j,k,N_compatible,N_all_comp;
          ^
bcbn.c:1946:13: warning: unused variable 'N_compatible' [-Wunused-variable]
  int i,j,k,N_compatible,N_all_comp;
            ^
bcbn.c:1946:26: warning: variable 'N_all_comp' set but not used [-Wunused-but-set-variable]
  int i,j,k,N_compatible,N_all_comp;
                         ^
bcbn.c:1957:7: warning: unused variable 'c' [-Wunused-variable]
  int c = 0;
      ^
bcbn.c:1997:11: warning: unused variable 'k' [-Wunused-variable]
  int i,j,k,N_compatible,N_all_comp;
          ^
bcbn.c:1997:13: warning: unused variable 'N_compatible' [-Wunused-variable]
  int i,j,k,N_compatible,N_all_comp;
            ^
bcbn.c:1997:26: warning: variable 'N_all_comp' set but not used [-Wunused-but-set-variable]
  int i,j,k,N_compatible,N_all_comp;
                         ^
bcbn.c:2008:7: warning: unused variable 'c' [-Wunused-variable]
  int c = 0;
      ^
bcbn.c:2358:7: warning: unused variable 'i' [-Wunused-variable]
  int i,j,k = 0;
      ^
bcbn.c:2358:9: warning: unused variable 'j' [-Wunused-variable]
  int i,j,k = 0;
        ^
bcbn.c:2362:7: warning: unused variable 'accepted' [-Wunused-variable]
  int accepted = 0;
      ^
bcbn.c:2620:22: warning: unused variable 'MH_ratio' [-Wunused-variable]
  long double alpha, MH_ratio;
                     ^
bcbn.c:2630:7: warning: variable 'accepted' set but not used [-Wunused-but-set-variable]
  int accepted = 0;
      ^
bcbn.c:2633:7: warning: variable 'n_edges' set but not used [-Wunused-but-set-variable]
  int n_edges = 0;
      ^
43 warnings generated.
clang -arch arm64 -std=gnu2x -I"/Library/Frameworks/R.framework/Resources/include" -DNDEBUG -I/opt/R/arm64/include -I.  -I/opt/R/arm64/include    -fPIC  -falign-functions=64 -Wall -g -O2  -c ctcbn.c -o ctcbn.o
In file included from ctcbn.c:3:
./ct-cbn.h:184:7: warning: unused variable 'j' [-Wunused-variable]
  int j;
      ^
./ct-cbn.h:551:36: warning: if statement has empty body [-Wempty-body]
  if(fscanf(input, "%d %d", N, &p));
                                   ^
./ct-cbn.h:551:36: note: put the semicolon on a separate line to silence this warning
./ct-cbn.h:611:36: warning: if statement has empty body [-Wempty-body]
  if(fscanf(input, "%d %d", N, &p));
                                   ^
./ct-cbn.h:611:36: note: put the semicolon on a separate line to silence this warning
./ct-cbn.h:670:30: warning: if statement has empty body [-Wempty-body]
  if(fscanf(input, "%d", &n));
                             ^
./ct-cbn.h:670:30: note: put the semicolon on a separate line to silence this warning
./ct-cbn.h:682:43: warning: if statement has empty body [-Wempty-body]
  if(fscanf(input,"%d %d", &left, &right));
                                          ^
./ct-cbn.h:682:43: note: put the semicolon on a separate line to silence this warning
./ct-cbn.h:692:45: warning: if statement has empty body [-Wempty-body]
    if(fscanf(input,"%d %d", &left, &right));
                                            ^
./ct-cbn.h:692:45: note: put the semicolon on a separate line to silence this warning
./ct-cbn.h:719:33: warning: if statement has empty body [-Wempty-body]
    if(fscanf(input, "%lf", &x));
                                ^
./ct-cbn.h:719:33: note: put the semicolon on a separate line to silence this warning
./ct-cbn.h:803:7: warning: unused variable 'i' [-Wunused-variable]
  int i;
      ^
./ct-cbn.h:2721:17: warning: variable 'alpha_new' set but not used [-Wunused-but-set-variable]
  double alpha, alpha_new;
                ^
./ct-cbn.h:3305:7: warning: variable 'mut_next' set but not used [-Wunused-but-set-variable]
  int mut_next, index_next;
      ^
ctcbn.c:79:7: warning: unused variable 'verbose' [-Wunused-variable]
  int verbose = 0;
      ^
ctcbn.c:84:7: warning: unused variable 'GPS' [-Wunused-variable]
  int GPS = 0;
      ^
ctcbn.c:88:7: warning: unused variable 'c' [-Wunused-variable]
  int c = 0;
      ^
ctcbn.c:302:7: warning: unused variable 'error_flag' [-Wunused-variable]
  int error_flag = 0;
      ^
ctcbn.c:303:7: warning: unused variable 'f_flag' [-Wunused-variable]
  int f_flag = 0;
      ^
ctcbn.c:304:7: warning: variable 'e_flag' set but not used [-Wunused-but-set-variable]
  int e_flag = 0;
      ^
ctcbn.c:305:7: warning: unused variable 'gps_flag' [-Wunused-variable]
  int gps_flag = 0;
      ^
ctcbn.c:306:7: warning: unused variable 'l_flag' [-Wunused-variable]
  int l_flag = 0;
      ^
ctcbn.c:308:7: warning: unused variable 't_flag' [-Wunused-variable]
  int t_flag = 1;
      ^
ctcbn.c:313:10: warning: unused variable 'T' [-Wunused-variable]
  double T = REAL(temp)[0];
         ^
ctcbn.c:314:7: warning: variable 'N_iter' set but not used [-Wunused-but-set-variable]
  int N_iter = 0;
      ^
ctcbn.c:319:7: warning: unused variable 'c' [-Wunused-variable]
  int c = 0;
      ^
22 warnings generated.
clang -arch arm64 -std=gnu2x -I"/Library/Frameworks/R.framework/Resources/include" -DNDEBUG -I/opt/R/arm64/include -I.  -I/opt/R/arm64/include    -fPIC  -falign-functions=64 -Wall -g -O2  -c init.c -o init.o
clang -arch arm64 -std=gnu2x -I"/Library/Frameworks/R.framework/Resources/include" -DNDEBUG -I/opt/R/arm64/include -I.  -I/opt/R/arm64/include    -fPIC  -falign-functions=64 -Wall -g -O2  -c queue.c -o queue.o
clang -arch arm64 -std=gnu2x -dynamiclib -Wl,-headerpad_max_install_names -undefined dynamic_lookup -L/Library/Frameworks/R.framework/Resources/lib -L/opt/R/arm64/lib -o CBN2Path.so bcbn.o ctcbn.o init.o queue.o -L/opt/R/arm64/lib -lgsl -lgslcblas -F/Library/Frameworks/R.framework/.. -framework R
installing to /Library/Frameworks/R.framework/Versions/4.6-arm64/Resources/library/00LOCK-CBN2Path/00new/CBN2Path/libs
** R
** inst
** byte-compile and prepare package for lazy loading
** help
*** installing help indices
** building package indices
** installing vignettes
** testing if installed package can be loaded from temporary location
** checking absolute paths in shared objects and dynamic libraries
** testing if installed package can be loaded from final location
** testing if installed package keeps a record of temporary installation path
* DONE (CBN2Path)

Tests output

CBN2Path.Rcheck/tests/testthat.Rout


R Under development (unstable) (2025-11-04 r88984) -- "Unsuffered Consequences"
Copyright (C) 2025 The R Foundation for Statistical Computing
Platform: aarch64-apple-darwin20

R is free software and comes with ABSOLUTELY NO WARRANTY.
You are welcome to redistribute it under certain conditions.
Type 'license()' or 'licence()' for distribution details.

R is a collaborative project with many contributors.
Type 'contributors()' for more information and
'citation()' on how to cite R or R packages in publications.

Type 'demo()' for some demos, 'help()' for on-line help, or
'help.start()' for an HTML browser interface to help.
Type 'q()' to quit R.

> # This file is part of the standard setup for testthat.
> # It is recommended that you do not modify it.
> #
> # Where should you do additional test configuration?
> # Learn more about the roles of various files in:
> # * https://r-pkgs.org/testing-design.html#sec-tests-files-overview
> # * https://testthat.r-lib.org/articles/special-files.html
> 
> library(testthat)
> library(CBN2Path)
> 
> test_check("CBN2Path")
chain: 1
0
chain: 2
0
chain: 3
0
chain: 4
0
       V1                 V2                 V3                  V4         
 Min.   :0.000479   Min.   :0.002637   Min.   :8.639e-05   Min.   :0.03945  
 1st Qu.:0.456565   1st Qu.:0.700471   1st Qu.:3.479e-01   1st Qu.:0.12720  
 Median :0.620173   Median :0.846031   Median :5.253e-01   Median :0.15508  
 Mean   :0.613752   Mean   :0.795270   Mean   :5.276e-01   Mean   :0.15860  
 3rd Qu.:0.789840   3rd Qu.:0.932573   3rd Qu.:7.127e-01   3rd Qu.:0.18860  
 Max.   :0.999878   Max.   :0.999978   Max.   :9.999e-01   Max.   :0.42762  
       V5         
 Min.   :-13.363  
 1st Qu.: -9.817  
 Median : -9.390  
 Mean   : -9.498  
 3rd Qu.: -9.070  
 Max.   : -8.425  
       V1                V2                 V3                  V4         
 Min.   :0.00185   Min.   :0.008251   Min.   :1.092e-05   Min.   :0.04231  
 1st Qu.:0.44636   1st Qu.:0.702464   1st Qu.:3.496e-01   1st Qu.:0.12660  
 Median :0.61739   Median :0.847800   Median :5.305e-01   Median :0.15569  
 Mean   :0.60933   Mean   :0.799078   Mean   :5.303e-01   Mean   :0.15868  
 3rd Qu.:0.78954   3rd Qu.:0.938325   3rd Qu.:7.118e-01   3rd Qu.:0.18619  
 Max.   :0.99996   Max.   :0.999993   Max.   :9.999e-01   Max.   :0.40373  
       V5         
 Min.   :-14.136  
 1st Qu.: -9.818  
 Median : -9.388  
 Mean   : -9.498  
 3rd Qu.: -9.065  
 Max.   : -8.426  
       V1                  V2                V3                  V4         
 Min.   :0.0005509   Min.   :0.01862   Min.   :0.0001004   Min.   :0.03772  
 1st Qu.:0.4457275   1st Qu.:0.70543   1st Qu.:0.3440925   1st Qu.:0.12842  
 Median :0.6153850   Median :0.84984   Median :0.5254426   Median :0.15885  
 Mean   :0.6084756   Mean   :0.80040   Mean   :0.5272228   Mean   :0.16225  
 3rd Qu.:0.7842901   3rd Qu.:0.93780   3rd Qu.:0.7112109   3rd Qu.:0.19258  
 Max.   :0.9999732   Max.   :0.99998   Max.   :0.9999600   Max.   :0.35823  
       V5         
 Min.   :-18.255  
 1st Qu.: -9.795  
 Median : -9.381  
 Mean   : -9.481  
 3rd Qu.: -9.065  
 Max.   : -8.430  
       V1                  V2                V3                  V4        
 Min.   :0.0004603   Min.   :0.00527   Min.   :2.660e-06   Min.   :0.0359  
 1st Qu.:0.4481181   1st Qu.:0.69973   1st Qu.:3.516e-01   1st Qu.:0.1287  
 Median :0.6224233   Median :0.84932   Median :5.291e-01   Median :0.1574  
 Mean   :0.6111960   Mean   :0.79681   Mean   :5.314e-01   Mean   :0.1608  
 3rd Qu.:0.7903632   3rd Qu.:0.93432   3rd Qu.:7.149e-01   3rd Qu.:0.1890  
 Max.   :0.9999447   Max.   :0.99999   Max.   :1.000e+00   Max.   :0.3743  
       V5         
 Min.   :-15.608  
 1st Qu.: -9.806  
 Median : -9.390  
 Mean   : -9.490  
 3rd Qu.: -9.065  
 Max.   : -8.433  
[1] "Criterion: 1.00130963520441"
Potential scale reduction factors:

     Point est. Upper C.I.
[1,]          1          1
[2,]          1          1
[3,]          1          1
[4,]          1          1
[5,]          1          1

Multivariate psrf

1
[1] "##########################################"
[ FAIL 0 | WARN 2 | SKIP 0 | PASS 9 ]

[ FAIL 0 | WARN 2 | SKIP 0 | PASS 9 ]
> 
> proc.time()
   user  system elapsed 
 41.974   0.359  44.286 

Example timings

CBN2Path.Rcheck/CBN2Path-Ex.timings

nameusersystemelapsed
Base2IndVec000
Base2Indexing000
EdgeMarginalized0.0040.0000.005
Predictability4.5270.6145.322
Spock0.0080.0010.009
bcbn 6.746 3.81310.734
ctcbn0.4990.0120.548
ctcbnSingle0.1100.0040.120
generateData0.0070.0120.019
generateMatrixGenotypes0.0010.0010.001
generateTCGAMatrix0.0010.0000.001
genotypeFeasibility0.0010.0010.001
genotypeMatrixMutator000
getExamples0.0030.0020.004
getRawTCGAData0.0260.0040.495
hcbn0.9410.0241.026
hcbnSingle30.668 0.06432.792
jensenShannonDivergence5.2751.0936.556
pathEdgeMapper0.0000.0000.001
pathNormalization0.0040.0000.004
pathProbCBN0.0060.0000.006
pathProbQuartetBCBN13.941 0.79515.007
pathProbQuartetCTCBN3.1100.7884.071
pathProbQuartetHCBN3.3700.9084.411
pathProbQuartetRCBN3.6910.8734.811
pathProbSSWM0.0010.0010.001
pathwayCompatibilityQuartet0.0010.0000.001
pathwayFeasibility0.0010.0000.000
pathwayGenotypeCompatibility0.0000.0000.001
pathwayWeightingRCBN0.0040.0010.004
permutations000
posetWeightingRCBN0.0050.0000.005
readLambda0.0010.0010.003
readPattern0.0100.0230.033
readPoset0.0010.0010.002
readTime0.0100.0270.037
transitiveClosure0.0000.0000.001
visualizeCBNModel0.1260.0030.131
visualizeFitnessLandscape0.0880.0010.095
visualizeProbabilities11.548 0.06412.510