Back to Multiple platform build/check report for BioC 3.22:   simplified   long
A[B]CDEFGHIJKLMNOPQRSTUVWXYZ

This page was generated on 2025-10-23 12:04 -0400 (Thu, 23 Oct 2025).

HostnameOSArch (*)R versionInstalled pkgs
nebbiolo2Linux (Ubuntu 24.04.3 LTS)x86_644.5.1 Patched (2025-08-23 r88802) -- "Great Square Root" 4894
lconwaymacOS 12.7.6 Montereyx86_644.5.1 Patched (2025-09-10 r88807) -- "Great Square Root" 4684
kjohnson3macOS 13.7.7 Venturaarm644.5.1 Patched (2025-09-10 r88807) -- "Great Square Root" 4629
taishanLinux (openEuler 24.03 LTS)aarch644.5.0 (2025-04-11) -- "How About a Twenty-Six" 4642
Click on any hostname to see more info about the system (e.g. compilers)      (*) as reported by 'uname -p', except on Windows and Mac OS X

Package 225/2355HostnameOS / ArchINSTALLBUILDCHECKBUILD BIN
Biostrings 2.77.2  (landing page)
Hervé Pagès
Snapshot Date: 2025-10-22 13:45 -0400 (Wed, 22 Oct 2025)
git_url: https://git.bioconductor.org/packages/Biostrings
git_branch: devel
git_last_commit: 1cd36a2
git_last_commit_date: 2025-06-20 19:02:27 -0400 (Fri, 20 Jun 2025)
nebbiolo2Linux (Ubuntu 24.04.3 LTS) / x86_64  OK    OK    WARNINGS  UNNEEDED, same version is already published
lconwaymacOS 12.7.6 Monterey / x86_64  OK    OK    WARNINGS    OK  UNNEEDED, same version is already published
kjohnson3macOS 13.7.7 Ventura / arm64  OK    OK    WARNINGS    OK  UNNEEDED, same version is already published
taishanLinux (openEuler 24.03 LTS) / aarch64  OK    OK    WARNINGS  


CHECK results for Biostrings on lconway

To the developers/maintainers of the Biostrings package:
- Allow up to 24 hours (and sometimes 48 hours) for your latest push to git@git.bioconductor.org:packages/Biostrings.git to reflect on this report. See Troubleshooting Build Report for more information.
- Use the following Renviron settings to reproduce errors and warnings.
- If 'R CMD check' started to fail recently on the Linux builder(s) over a missing dependency, add the missing dependency to 'Suggests:' in your DESCRIPTION file. See Renviron.bioc for more information.

raw results


Summary

Package: Biostrings
Version: 2.77.2
Command: /Library/Frameworks/R.framework/Resources/bin/R CMD check --install=check:Biostrings.install-out.txt --library=/Library/Frameworks/R.framework/Resources/library --no-vignettes --timings Biostrings_2.77.2.tar.gz
StartedAt: 2025-10-22 19:41:09 -0400 (Wed, 22 Oct 2025)
EndedAt: 2025-10-22 19:52:51 -0400 (Wed, 22 Oct 2025)
EllapsedTime: 702.1 seconds
RetCode: 0
Status:   WARNINGS  
CheckDir: Biostrings.Rcheck
Warnings: 1

Command output

##############################################################################
##############################################################################
###
### Running command:
###
###   /Library/Frameworks/R.framework/Resources/bin/R CMD check --install=check:Biostrings.install-out.txt --library=/Library/Frameworks/R.framework/Resources/library --no-vignettes --timings Biostrings_2.77.2.tar.gz
###
##############################################################################
##############################################################################


* using log directory ‘/Users/biocbuild/bbs-3.22-bioc/meat/Biostrings.Rcheck’
* using R version 4.5.1 Patched (2025-09-10 r88807)
* using platform: x86_64-apple-darwin20
* R was compiled by
    Apple clang version 14.0.0 (clang-1400.0.29.202)
    GNU Fortran (GCC) 14.2.0
* running under: macOS Monterey 12.7.6
* using session charset: UTF-8
* using option ‘--no-vignettes’
* checking for file ‘Biostrings/DESCRIPTION’ ... OK
* this is package ‘Biostrings’ version ‘2.77.2’
* package encoding: UTF-8
* checking package namespace information ... OK
* checking package dependencies ... OK
* checking if this is a source package ... OK
* checking if there is a namespace ... OK
* checking for hidden files and directories ... OK
* checking for portable file names ... OK
* checking for sufficient/correct file permissions ... OK
* checking whether package ‘Biostrings’ can be installed ... OK
* used C compiler: ‘Apple clang version 14.0.0 (clang-1400.0.29.202)’
* used SDK: ‘MacOSX11.3.1.sdk’
* checking installed package size ... INFO
  installed size is 14.2Mb
  sub-directories of 1Mb or more:
    R         2.1Mb
    extdata  11.1Mb
* checking package directory ... OK
* checking ‘build’ directory ... OK
* checking DESCRIPTION meta-information ... OK
* checking top-level files ... OK
* checking for left-over files ... OK
* checking index information ... OK
* checking package subdirectories ... OK
* checking code files for non-ASCII characters ... OK
* checking R files for syntax errors ... OK
* checking whether the package can be loaded ... OK
* checking whether the package can be loaded with stated dependencies ... OK
* checking whether the package can be unloaded cleanly ... OK
* checking whether the namespace can be loaded with stated dependencies ... OK
* checking whether the namespace can be unloaded cleanly ... OK
* checking whether startup messages can be suppressed ... OK
* checking dependencies in R code ... OK
* checking S3 generic/method consistency ... OK
* checking replacement functions ... OK
* checking foreign function calls ... OK
* checking R code for possible problems ... OK
* checking Rd files ... OK
* checking Rd metadata ... OK
* checking Rd cross-references ... NOTE
Found the following Rd file(s) with Rd \link{} targets missing package
anchors:
  MultipleAlignment-class.Rd: NormalIRanges
Please provide package anchors for all Rd \link{} targets not in the
package itself and the base packages.
* checking for missing documentation entries ... WARNING
Undocumented code objects:
  ‘strsplit’ ‘twoWayAlphabetFrequency’
Undocumented S4 methods:
  generic 'hasOnlyBaseLetters' and siglist 'AAString'
  generic 'hasOnlyBaseLetters' and siglist 'AAStringSet'
  generic 'match' and siglist 'Vector,XStringSet'
  generic 'match' and siglist 'XStringSet,Vector'
  generic 'match' and siglist 'XStringSet,vector'
  generic 'match' and siglist 'vector,XStringSet'
  generic 'parallel_slot_names' and siglist 'ByPos_MIndex'
  generic 'parallel_slot_names' and siglist 'MIndex'
  generic 'pcompare' and siglist 'Vector,XStringSet'
  generic 'pcompare' and siglist 'XStringSet,Vector'
  generic 'pcompare' and siglist 'XStringSet,vector'
  generic 'pcompare' and siglist 'vector,XStringSet'
  generic 'relistToClass' and siglist 'XString'
  generic 'strsplit' and siglist 'XStringSet'
  generic 'twoWayAlphabetFrequency' and siglist 'XString,XString'
  generic 'twoWayAlphabetFrequency' and siglist 'XString,XStringSet'
  generic 'twoWayAlphabetFrequency' and siglist 'XStringSet,XString'
  generic 'twoWayAlphabetFrequency' and siglist 'XStringSet,XStringSet'
  generic 'unstrsplit' and siglist 'XStringSet'
  generic 'unstrsplit' and siglist 'XStringSetList'
All user-level objects in a package (including S4 classes and methods)
should have documentation entries.
See chapter ‘Writing R documentation files’ in the ‘Writing R
Extensions’ manual.
* checking for code/documentation mismatches ... OK
* checking Rd \usage sections ... OK
* checking Rd contents ... OK
* checking for unstated dependencies in examples ... OK
* checking contents of ‘data’ directory ... OK
* checking data for non-ASCII characters ... OK
* checking data for ASCII and uncompressed saves ... OK
* checking line endings in C/C++/Fortran sources/headers ... OK
* checking compiled code ... NOTE
Note: information on .o files is not available
File ‘Biostrings/libs/Biostrings.so’:
  Found non-API calls to R: ‘NAMED’, ‘R_lsInternal’, ‘SET_NAMED’

Compiled code should not call non-API entry points in R.

See ‘Writing portable packages’ in the ‘Writing R Extensions’ manual,
and section ‘Moving into C API compliance’ for issues with the use of
non-API entry points.
* checking sizes of PDF files under ‘inst/doc’ ... OK
* checking files in ‘vignettes’ ... OK
* checking examples ... OK
Examples with CPU (user + system) or elapsed time > 5s
                      user system elapsed
matchPDict-exact   262.381  4.824 271.890
matchPDict-inexact  63.359  0.864  64.553
findPalindromes     45.377  0.308  46.009
XStringSet-class    11.980  0.806  34.475
XStringSet-io        7.739  0.758  10.037
matchPattern         5.572  0.260   5.864
PDict-class          3.796  0.178  10.743
* checking for unstated dependencies in ‘tests’ ... OK
* checking tests ...
  Running ‘testthat.R’
 OK
* checking for unstated dependencies in vignettes ... OK
* checking package vignettes ... OK
* checking running R code from vignettes ... SKIPPED
* checking re-building of vignette outputs ... SKIPPED
* checking PDF version of manual ... OK
* DONE

Status: 1 WARNING, 2 NOTEs
See
  ‘/Users/biocbuild/bbs-3.22-bioc/meat/Biostrings.Rcheck/00check.log’
for details.


Installation output

Biostrings.Rcheck/00install.out

##############################################################################
##############################################################################
###
### Running command:
###
###   /Library/Frameworks/R.framework/Resources/bin/R CMD INSTALL Biostrings
###
##############################################################################
##############################################################################


* installing to library ‘/Library/Frameworks/R.framework/Versions/4.5-x86_64/Resources/library’
* installing *source* package ‘Biostrings’ ...
** this is package ‘Biostrings’ version ‘2.77.2’
** using staged installation
** libs
using C compiler: ‘Apple clang version 14.0.0 (clang-1400.0.29.202)’
using SDK: ‘MacOSX11.3.1.sdk’
clang -arch x86_64 -I"/Library/Frameworks/R.framework/Resources/include" -DNDEBUG  -I'/Library/Frameworks/R.framework/Versions/4.5-x86_64/Resources/library/S4Vectors/include' -I'/Library/Frameworks/R.framework/Versions/4.5-x86_64/Resources/library/IRanges/include' -I'/Library/Frameworks/R.framework/Versions/4.5-x86_64/Resources/library/XVector/include' -I/opt/R/x86_64/include    -fPIC  -falign-functions=64 -Wall -g -O2  -c BAB_class.c -o BAB_class.o
clang -arch x86_64 -I"/Library/Frameworks/R.framework/Resources/include" -DNDEBUG  -I'/Library/Frameworks/R.framework/Versions/4.5-x86_64/Resources/library/S4Vectors/include' -I'/Library/Frameworks/R.framework/Versions/4.5-x86_64/Resources/library/IRanges/include' -I'/Library/Frameworks/R.framework/Versions/4.5-x86_64/Resources/library/XVector/include' -I/opt/R/x86_64/include    -fPIC  -falign-functions=64 -Wall -g -O2  -c BitMatrix.c -o BitMatrix.o
BitMatrix.c:299:13: warning: unused function 'BitMatrix_print' [-Wunused-function]
static void BitMatrix_print(BitMatrix *bitmat)
            ^
1 warning generated.
clang -arch x86_64 -I"/Library/Frameworks/R.framework/Resources/include" -DNDEBUG  -I'/Library/Frameworks/R.framework/Versions/4.5-x86_64/Resources/library/S4Vectors/include' -I'/Library/Frameworks/R.framework/Versions/4.5-x86_64/Resources/library/IRanges/include' -I'/Library/Frameworks/R.framework/Versions/4.5-x86_64/Resources/library/XVector/include' -I/opt/R/x86_64/include    -fPIC  -falign-functions=64 -Wall -g -O2  -c IRanges_stubs.c -o IRanges_stubs.o
clang -arch x86_64 -I"/Library/Frameworks/R.framework/Resources/include" -DNDEBUG  -I'/Library/Frameworks/R.framework/Versions/4.5-x86_64/Resources/library/S4Vectors/include' -I'/Library/Frameworks/R.framework/Versions/4.5-x86_64/Resources/library/IRanges/include' -I'/Library/Frameworks/R.framework/Versions/4.5-x86_64/Resources/library/XVector/include' -I/opt/R/x86_64/include    -fPIC  -falign-functions=64 -Wall -g -O2  -c MIndex_class.c -o MIndex_class.o
MIndex_class.c:184:20: warning: unused variable 'poffsets_order' [-Wunused-variable]
        IntAE *poffsets, *poffsets_order;
                          ^
1 warning generated.
clang -arch x86_64 -I"/Library/Frameworks/R.framework/Resources/include" -DNDEBUG  -I'/Library/Frameworks/R.framework/Versions/4.5-x86_64/Resources/library/S4Vectors/include' -I'/Library/Frameworks/R.framework/Versions/4.5-x86_64/Resources/library/IRanges/include' -I'/Library/Frameworks/R.framework/Versions/4.5-x86_64/Resources/library/XVector/include' -I/opt/R/x86_64/include    -fPIC  -falign-functions=64 -Wall -g -O2  -c PreprocessedTB_class.c -o PreprocessedTB_class.o
clang -arch x86_64 -I"/Library/Frameworks/R.framework/Resources/include" -DNDEBUG  -I'/Library/Frameworks/R.framework/Versions/4.5-x86_64/Resources/library/S4Vectors/include' -I'/Library/Frameworks/R.framework/Versions/4.5-x86_64/Resources/library/IRanges/include' -I'/Library/Frameworks/R.framework/Versions/4.5-x86_64/Resources/library/XVector/include' -I/opt/R/x86_64/include    -fPIC  -falign-functions=64 -Wall -g -O2  -c R_init_Biostrings.c -o R_init_Biostrings.o
clang -arch x86_64 -I"/Library/Frameworks/R.framework/Resources/include" -DNDEBUG  -I'/Library/Frameworks/R.framework/Versions/4.5-x86_64/Resources/library/S4Vectors/include' -I'/Library/Frameworks/R.framework/Versions/4.5-x86_64/Resources/library/IRanges/include' -I'/Library/Frameworks/R.framework/Versions/4.5-x86_64/Resources/library/XVector/include' -I/opt/R/x86_64/include    -fPIC  -falign-functions=64 -Wall -g -O2  -c RoSeqs_utils.c -o RoSeqs_utils.o
clang -arch x86_64 -I"/Library/Frameworks/R.framework/Resources/include" -DNDEBUG  -I'/Library/Frameworks/R.framework/Versions/4.5-x86_64/Resources/library/S4Vectors/include' -I'/Library/Frameworks/R.framework/Versions/4.5-x86_64/Resources/library/IRanges/include' -I'/Library/Frameworks/R.framework/Versions/4.5-x86_64/Resources/library/XVector/include' -I/opt/R/x86_64/include    -fPIC  -falign-functions=64 -Wall -g -O2  -c S4Vectors_stubs.c -o S4Vectors_stubs.o
clang -arch x86_64 -I"/Library/Frameworks/R.framework/Resources/include" -DNDEBUG  -I'/Library/Frameworks/R.framework/Versions/4.5-x86_64/Resources/library/S4Vectors/include' -I'/Library/Frameworks/R.framework/Versions/4.5-x86_64/Resources/library/IRanges/include' -I'/Library/Frameworks/R.framework/Versions/4.5-x86_64/Resources/library/XVector/include' -I/opt/R/x86_64/include    -fPIC  -falign-functions=64 -Wall -g -O2  -c SparseList_utils.c -o SparseList_utils.o
clang -arch x86_64 -I"/Library/Frameworks/R.framework/Resources/include" -DNDEBUG  -I'/Library/Frameworks/R.framework/Versions/4.5-x86_64/Resources/library/S4Vectors/include' -I'/Library/Frameworks/R.framework/Versions/4.5-x86_64/Resources/library/IRanges/include' -I'/Library/Frameworks/R.framework/Versions/4.5-x86_64/Resources/library/XVector/include' -I/opt/R/x86_64/include    -fPIC  -falign-functions=64 -Wall -g -O2  -c XStringSetList_class.c -o XStringSetList_class.o
clang -arch x86_64 -I"/Library/Frameworks/R.framework/Resources/include" -DNDEBUG  -I'/Library/Frameworks/R.framework/Versions/4.5-x86_64/Resources/library/S4Vectors/include' -I'/Library/Frameworks/R.framework/Versions/4.5-x86_64/Resources/library/IRanges/include' -I'/Library/Frameworks/R.framework/Versions/4.5-x86_64/Resources/library/XVector/include' -I/opt/R/x86_64/include    -fPIC  -falign-functions=64 -Wall -g -O2  -c XStringSet_class.c -o XStringSet_class.o
clang -arch x86_64 -I"/Library/Frameworks/R.framework/Resources/include" -DNDEBUG  -I'/Library/Frameworks/R.framework/Versions/4.5-x86_64/Resources/library/S4Vectors/include' -I'/Library/Frameworks/R.framework/Versions/4.5-x86_64/Resources/library/IRanges/include' -I'/Library/Frameworks/R.framework/Versions/4.5-x86_64/Resources/library/XVector/include' -I/opt/R/x86_64/include    -fPIC  -falign-functions=64 -Wall -g -O2  -c XString_class.c -o XString_class.o
clang -arch x86_64 -I"/Library/Frameworks/R.framework/Resources/include" -DNDEBUG  -I'/Library/Frameworks/R.framework/Versions/4.5-x86_64/Resources/library/S4Vectors/include' -I'/Library/Frameworks/R.framework/Versions/4.5-x86_64/Resources/library/IRanges/include' -I'/Library/Frameworks/R.framework/Versions/4.5-x86_64/Resources/library/XVector/include' -I/opt/R/x86_64/include    -fPIC  -falign-functions=64 -Wall -g -O2  -c XVector_stubs.c -o XVector_stubs.o
clang -arch x86_64 -I"/Library/Frameworks/R.framework/Resources/include" -DNDEBUG  -I'/Library/Frameworks/R.framework/Versions/4.5-x86_64/Resources/library/S4Vectors/include' -I'/Library/Frameworks/R.framework/Versions/4.5-x86_64/Resources/library/IRanges/include' -I'/Library/Frameworks/R.framework/Versions/4.5-x86_64/Resources/library/XVector/include' -I/opt/R/x86_64/include    -fPIC  -falign-functions=64 -Wall -g -O2  -c find_palindromes.c -o find_palindromes.o
clang -arch x86_64 -I"/Library/Frameworks/R.framework/Resources/include" -DNDEBUG  -I'/Library/Frameworks/R.framework/Versions/4.5-x86_64/Resources/library/S4Vectors/include' -I'/Library/Frameworks/R.framework/Versions/4.5-x86_64/Resources/library/IRanges/include' -I'/Library/Frameworks/R.framework/Versions/4.5-x86_64/Resources/library/XVector/include' -I/opt/R/x86_64/include    -fPIC  -falign-functions=64 -Wall -g -O2  -c gtestsim.c -o gtestsim.o
clang -arch x86_64 -I"/Library/Frameworks/R.framework/Resources/include" -DNDEBUG  -I'/Library/Frameworks/R.framework/Versions/4.5-x86_64/Resources/library/S4Vectors/include' -I'/Library/Frameworks/R.framework/Versions/4.5-x86_64/Resources/library/IRanges/include' -I'/Library/Frameworks/R.framework/Versions/4.5-x86_64/Resources/library/XVector/include' -I/opt/R/x86_64/include    -fPIC  -falign-functions=64 -Wall -g -O2  -c inject_code.c -o inject_code.o
clang -arch x86_64 -I"/Library/Frameworks/R.framework/Resources/include" -DNDEBUG  -I'/Library/Frameworks/R.framework/Versions/4.5-x86_64/Resources/library/S4Vectors/include' -I'/Library/Frameworks/R.framework/Versions/4.5-x86_64/Resources/library/IRanges/include' -I'/Library/Frameworks/R.framework/Versions/4.5-x86_64/Resources/library/XVector/include' -I/opt/R/x86_64/include    -fPIC  -falign-functions=64 -Wall -g -O2  -c letter_frequency.c -o letter_frequency.o
letter_frequency.c:957:48: warning: unused variable 'x_pos' [-Wunused-variable]
  int x_width, y_width, x_length, *ans_mat, i, x_pos;
                                               ^
1 warning generated.
clang -arch x86_64 -I"/Library/Frameworks/R.framework/Resources/include" -DNDEBUG  -I'/Library/Frameworks/R.framework/Versions/4.5-x86_64/Resources/library/S4Vectors/include' -I'/Library/Frameworks/R.framework/Versions/4.5-x86_64/Resources/library/IRanges/include' -I'/Library/Frameworks/R.framework/Versions/4.5-x86_64/Resources/library/XVector/include' -I/opt/R/x86_64/include    -fPIC  -falign-functions=64 -Wall -g -O2  -c lowlevel_matching.c -o lowlevel_matching.o
clang -arch x86_64 -I"/Library/Frameworks/R.framework/Resources/include" -DNDEBUG  -I'/Library/Frameworks/R.framework/Versions/4.5-x86_64/Resources/library/S4Vectors/include' -I'/Library/Frameworks/R.framework/Versions/4.5-x86_64/Resources/library/IRanges/include' -I'/Library/Frameworks/R.framework/Versions/4.5-x86_64/Resources/library/XVector/include' -I/opt/R/x86_64/include    -fPIC  -falign-functions=64 -Wall -g -O2  -c match_PWM.c -o match_PWM.o
clang -arch x86_64 -I"/Library/Frameworks/R.framework/Resources/include" -DNDEBUG  -I'/Library/Frameworks/R.framework/Versions/4.5-x86_64/Resources/library/S4Vectors/include' -I'/Library/Frameworks/R.framework/Versions/4.5-x86_64/Resources/library/IRanges/include' -I'/Library/Frameworks/R.framework/Versions/4.5-x86_64/Resources/library/XVector/include' -I/opt/R/x86_64/include    -fPIC  -falign-functions=64 -Wall -g -O2  -c match_pattern.c -o match_pattern.o
clang -arch x86_64 -I"/Library/Frameworks/R.framework/Resources/include" -DNDEBUG  -I'/Library/Frameworks/R.framework/Versions/4.5-x86_64/Resources/library/S4Vectors/include' -I'/Library/Frameworks/R.framework/Versions/4.5-x86_64/Resources/library/IRanges/include' -I'/Library/Frameworks/R.framework/Versions/4.5-x86_64/Resources/library/XVector/include' -I/opt/R/x86_64/include    -fPIC  -falign-functions=64 -Wall -g -O2  -c match_pattern_boyermoore.c -o match_pattern_boyermoore.o
clang -arch x86_64 -I"/Library/Frameworks/R.framework/Resources/include" -DNDEBUG  -I'/Library/Frameworks/R.framework/Versions/4.5-x86_64/Resources/library/S4Vectors/include' -I'/Library/Frameworks/R.framework/Versions/4.5-x86_64/Resources/library/IRanges/include' -I'/Library/Frameworks/R.framework/Versions/4.5-x86_64/Resources/library/XVector/include' -I/opt/R/x86_64/include    -fPIC  -falign-functions=64 -Wall -g -O2  -c match_pattern_indels.c -o match_pattern_indels.o
match_pattern_indels.c:7:13: warning: unused function 'test_match_pattern_indels' [-Wunused-function]
static void test_match_pattern_indels(const char *p, const char *s,
            ^
1 warning generated.
clang -arch x86_64 -I"/Library/Frameworks/R.framework/Resources/include" -DNDEBUG  -I'/Library/Frameworks/R.framework/Versions/4.5-x86_64/Resources/library/S4Vectors/include' -I'/Library/Frameworks/R.framework/Versions/4.5-x86_64/Resources/library/IRanges/include' -I'/Library/Frameworks/R.framework/Versions/4.5-x86_64/Resources/library/XVector/include' -I/opt/R/x86_64/include    -fPIC  -falign-functions=64 -Wall -g -O2  -c match_pattern_shiftor.c -o match_pattern_shiftor.o
clang -arch x86_64 -I"/Library/Frameworks/R.framework/Resources/include" -DNDEBUG  -I'/Library/Frameworks/R.framework/Versions/4.5-x86_64/Resources/library/S4Vectors/include' -I'/Library/Frameworks/R.framework/Versions/4.5-x86_64/Resources/library/IRanges/include' -I'/Library/Frameworks/R.framework/Versions/4.5-x86_64/Resources/library/XVector/include' -I/opt/R/x86_64/include    -fPIC  -falign-functions=64 -Wall -g -O2  -c match_pdict.c -o match_pdict.o
clang -arch x86_64 -I"/Library/Frameworks/R.framework/Resources/include" -DNDEBUG  -I'/Library/Frameworks/R.framework/Versions/4.5-x86_64/Resources/library/S4Vectors/include' -I'/Library/Frameworks/R.framework/Versions/4.5-x86_64/Resources/library/IRanges/include' -I'/Library/Frameworks/R.framework/Versions/4.5-x86_64/Resources/library/XVector/include' -I/opt/R/x86_64/include    -fPIC  -falign-functions=64 -Wall -g -O2  -c match_pdict_ACtree2.c -o match_pdict_ACtree2.o
match_pdict_ACtree2.c:1031:10: warning: variable 'node0' set but not used [-Wunused-but-set-variable]
        ACnode *node0, *node1, *node2;
                ^
match_pdict_ACtree2.c:1076:10: warning: variable 'node0' set but not used [-Wunused-but-set-variable]
        ACnode *node0, *node1, *node2;
                ^
match_pdict_ACtree2.c:139:13: warning: unused function 'debug_node_counting_functions' [-Wunused-function]
static void debug_node_counting_functions(int maxdepth)
            ^
match_pdict_ACtree2.c:602:21: warning: unused function 'a_nice_max_nodeextbuf_nelt' [-Wunused-function]
static unsigned int a_nice_max_nodeextbuf_nelt(int nnodes)
                    ^
4 warnings generated.
clang -arch x86_64 -I"/Library/Frameworks/R.framework/Resources/include" -DNDEBUG  -I'/Library/Frameworks/R.framework/Versions/4.5-x86_64/Resources/library/S4Vectors/include' -I'/Library/Frameworks/R.framework/Versions/4.5-x86_64/Resources/library/IRanges/include' -I'/Library/Frameworks/R.framework/Versions/4.5-x86_64/Resources/library/XVector/include' -I/opt/R/x86_64/include    -fPIC  -falign-functions=64 -Wall -g -O2  -c match_pdict_Twobit.c -o match_pdict_Twobit.o
clang -arch x86_64 -I"/Library/Frameworks/R.framework/Resources/include" -DNDEBUG  -I'/Library/Frameworks/R.framework/Versions/4.5-x86_64/Resources/library/S4Vectors/include' -I'/Library/Frameworks/R.framework/Versions/4.5-x86_64/Resources/library/IRanges/include' -I'/Library/Frameworks/R.framework/Versions/4.5-x86_64/Resources/library/XVector/include' -I/opt/R/x86_64/include    -fPIC  -falign-functions=64 -Wall -g -O2  -c match_pdict_utils.c -o match_pdict_utils.o
match_pdict_utils.c:653:49: warning: unused variable 'ncol' [-Wunused-variable]
        int nelt, min_safe_tb_end, max_safe_tb_end, j, ncol;
                                                       ^
match_pdict_utils.c:713:6: warning: unused variable 'nelt' [-Wunused-variable]
        int nelt, nkey0, nkey1, nkey2, i, key;
            ^
match_pdict_utils.c:819:20: warning: unused variable 'ndup' [-Wunused-variable]
        unsigned long int ndup, nloci, NFC; // NFC = Number of Flank Comparisons
                          ^
match_pdict_utils.c:819:26: warning: unused variable 'nloci' [-Wunused-variable]
        unsigned long int ndup, nloci, NFC; // NFC = Number of Flank Comparisons
                                ^
match_pdict_utils.c:819:33: warning: unused variable 'NFC' [-Wunused-variable]
        unsigned long int ndup, nloci, NFC; // NFC = Number of Flank Comparisons
                                       ^
match_pdict_utils.c:820:27: warning: unused variable 'total_NFC' [-Wunused-variable]
        static unsigned long int total_NFC = 0UL, subtotal_NFC = 0UL;
                                 ^
match_pdict_utils.c:820:44: warning: unused variable 'subtotal_NFC' [-Wunused-variable]
        static unsigned long int total_NFC = 0UL, subtotal_NFC = 0UL;
                                                  ^
match_pdict_utils.c:261:13: warning: unused function 'match_headtail_by_loc' [-Wunused-function]
static void match_headtail_by_loc(const HeadTail *headtail,
            ^
8 warnings generated.
clang -arch x86_64 -I"/Library/Frameworks/R.framework/Resources/include" -DNDEBUG  -I'/Library/Frameworks/R.framework/Versions/4.5-x86_64/Resources/library/S4Vectors/include' -I'/Library/Frameworks/R.framework/Versions/4.5-x86_64/Resources/library/IRanges/include' -I'/Library/Frameworks/R.framework/Versions/4.5-x86_64/Resources/library/XVector/include' -I/opt/R/x86_64/include    -fPIC  -falign-functions=64 -Wall -g -O2  -c match_reporting.c -o match_reporting.o
clang -arch x86_64 -I"/Library/Frameworks/R.framework/Resources/include" -DNDEBUG  -I'/Library/Frameworks/R.framework/Versions/4.5-x86_64/Resources/library/S4Vectors/include' -I'/Library/Frameworks/R.framework/Versions/4.5-x86_64/Resources/library/IRanges/include' -I'/Library/Frameworks/R.framework/Versions/4.5-x86_64/Resources/library/XVector/include' -I/opt/R/x86_64/include    -fPIC  -falign-functions=64 -Wall -g -O2  -c pmatchPattern.c -o pmatchPattern.o
clang -arch x86_64 -I"/Library/Frameworks/R.framework/Resources/include" -DNDEBUG  -I'/Library/Frameworks/R.framework/Versions/4.5-x86_64/Resources/library/S4Vectors/include' -I'/Library/Frameworks/R.framework/Versions/4.5-x86_64/Resources/library/IRanges/include' -I'/Library/Frameworks/R.framework/Versions/4.5-x86_64/Resources/library/XVector/include' -I/opt/R/x86_64/include    -fPIC  -falign-functions=64 -Wall -g -O2  -c read_fasta_files.c -o read_fasta_files.o
clang -arch x86_64 -I"/Library/Frameworks/R.framework/Resources/include" -DNDEBUG  -I'/Library/Frameworks/R.framework/Versions/4.5-x86_64/Resources/library/S4Vectors/include' -I'/Library/Frameworks/R.framework/Versions/4.5-x86_64/Resources/library/IRanges/include' -I'/Library/Frameworks/R.framework/Versions/4.5-x86_64/Resources/library/XVector/include' -I/opt/R/x86_64/include    -fPIC  -falign-functions=64 -Wall -g -O2  -c read_fastq_files.c -o read_fastq_files.o
clang -arch x86_64 -I"/Library/Frameworks/R.framework/Resources/include" -DNDEBUG  -I'/Library/Frameworks/R.framework/Versions/4.5-x86_64/Resources/library/S4Vectors/include' -I'/Library/Frameworks/R.framework/Versions/4.5-x86_64/Resources/library/IRanges/include' -I'/Library/Frameworks/R.framework/Versions/4.5-x86_64/Resources/library/XVector/include' -I/opt/R/x86_64/include    -fPIC  -falign-functions=64 -Wall -g -O2  -c replaceAt.c -o replaceAt.o
clang -arch x86_64 -I"/Library/Frameworks/R.framework/Resources/include" -DNDEBUG  -I'/Library/Frameworks/R.framework/Versions/4.5-x86_64/Resources/library/S4Vectors/include' -I'/Library/Frameworks/R.framework/Versions/4.5-x86_64/Resources/library/IRanges/include' -I'/Library/Frameworks/R.framework/Versions/4.5-x86_64/Resources/library/XVector/include' -I/opt/R/x86_64/include    -fPIC  -falign-functions=64 -Wall -g -O2  -c replace_letter_at.c -o replace_letter_at.o
clang -arch x86_64 -I"/Library/Frameworks/R.framework/Resources/include" -DNDEBUG  -I'/Library/Frameworks/R.framework/Versions/4.5-x86_64/Resources/library/S4Vectors/include' -I'/Library/Frameworks/R.framework/Versions/4.5-x86_64/Resources/library/IRanges/include' -I'/Library/Frameworks/R.framework/Versions/4.5-x86_64/Resources/library/XVector/include' -I/opt/R/x86_64/include    -fPIC  -falign-functions=64 -Wall -g -O2  -c strutils.c -o strutils.o
clang -arch x86_64 -I"/Library/Frameworks/R.framework/Resources/include" -DNDEBUG  -I'/Library/Frameworks/R.framework/Versions/4.5-x86_64/Resources/library/S4Vectors/include' -I'/Library/Frameworks/R.framework/Versions/4.5-x86_64/Resources/library/IRanges/include' -I'/Library/Frameworks/R.framework/Versions/4.5-x86_64/Resources/library/XVector/include' -I/opt/R/x86_64/include    -fPIC  -falign-functions=64 -Wall -g -O2  -c translate.c -o translate.o
clang -arch x86_64 -I"/Library/Frameworks/R.framework/Resources/include" -DNDEBUG  -I'/Library/Frameworks/R.framework/Versions/4.5-x86_64/Resources/library/S4Vectors/include' -I'/Library/Frameworks/R.framework/Versions/4.5-x86_64/Resources/library/IRanges/include' -I'/Library/Frameworks/R.framework/Versions/4.5-x86_64/Resources/library/XVector/include' -I/opt/R/x86_64/include    -fPIC  -falign-functions=64 -Wall -g -O2  -c unstrsplit_methods.c -o unstrsplit_methods.o
clang -arch x86_64 -I"/Library/Frameworks/R.framework/Resources/include" -DNDEBUG  -I'/Library/Frameworks/R.framework/Versions/4.5-x86_64/Resources/library/S4Vectors/include' -I'/Library/Frameworks/R.framework/Versions/4.5-x86_64/Resources/library/IRanges/include' -I'/Library/Frameworks/R.framework/Versions/4.5-x86_64/Resources/library/XVector/include' -I/opt/R/x86_64/include    -fPIC  -falign-functions=64 -Wall -g -O2  -c utils.c -o utils.o
clang -arch x86_64 -I"/Library/Frameworks/R.framework/Resources/include" -DNDEBUG  -I'/Library/Frameworks/R.framework/Versions/4.5-x86_64/Resources/library/S4Vectors/include' -I'/Library/Frameworks/R.framework/Versions/4.5-x86_64/Resources/library/IRanges/include' -I'/Library/Frameworks/R.framework/Versions/4.5-x86_64/Resources/library/XVector/include' -I/opt/R/x86_64/include    -fPIC  -falign-functions=64 -Wall -g -O2  -c xscat.c -o xscat.o
clang -arch x86_64 -dynamiclib -Wl,-headerpad_max_install_names -undefined dynamic_lookup -L/Library/Frameworks/R.framework/Resources/lib -L/opt/R/x86_64/lib -o Biostrings.so BAB_class.o BitMatrix.o IRanges_stubs.o MIndex_class.o PreprocessedTB_class.o R_init_Biostrings.o RoSeqs_utils.o S4Vectors_stubs.o SparseList_utils.o XStringSetList_class.o XStringSet_class.o XString_class.o XVector_stubs.o find_palindromes.o gtestsim.o inject_code.o letter_frequency.o lowlevel_matching.o match_PWM.o match_pattern.o match_pattern_boyermoore.o match_pattern_indels.o match_pattern_shiftor.o match_pdict.o match_pdict_ACtree2.o match_pdict_Twobit.o match_pdict_utils.o match_reporting.o pmatchPattern.o read_fasta_files.o read_fastq_files.o replaceAt.o replace_letter_at.o strutils.o translate.o unstrsplit_methods.o utils.o xscat.o -F/Library/Frameworks/R.framework/.. -framework R
installing to /Library/Frameworks/R.framework/Versions/4.5-x86_64/Resources/library/00LOCK-Biostrings/00new/Biostrings/libs
** R
** data
** inst
** byte-compile and prepare package for lazy loading
in method for ‘twoWayAlphabetFrequencyByQuality’ with signature ‘"QualityScaledXStringSet"’: no definition for class “QualityScaledXStringSet”
Creating a new generic function for ‘strsplit’ in package ‘Biostrings’
Creating a generic function for ‘ls’ from package ‘base’ in package ‘Biostrings’
Creating a new generic function for ‘offset’ in package ‘Biostrings’
** help
*** installing help indices
** building package indices
** installing vignettes
** testing if installed package can be loaded from temporary location
** checking absolute paths in shared objects and dynamic libraries
** testing if installed package can be loaded from final location
** testing if installed package keeps a record of temporary installation path
* DONE (Biostrings)

Tests output

Biostrings.Rcheck/tests/testthat.Rout


R version 4.5.1 Patched (2025-09-10 r88807) -- "Great Square Root"
Copyright (C) 2025 The R Foundation for Statistical Computing
Platform: x86_64-apple-darwin20

R is free software and comes with ABSOLUTELY NO WARRANTY.
You are welcome to redistribute it under certain conditions.
Type 'license()' or 'licence()' for distribution details.

R is a collaborative project with many contributors.
Type 'contributors()' for more information and
'citation()' on how to cite R or R packages in publications.

Type 'demo()' for some demos, 'help()' for on-line help, or
'help.start()' for an HTML browser interface to help.
Type 'q()' to quit R.

> library(testthat)
> library(Biostrings)
Loading required package: BiocGenerics
Loading required package: generics

Attaching package: 'generics'

The following objects are masked from 'package:base':

    as.difftime, as.factor, as.ordered, intersect, is.element, setdiff,
    setequal, union


Attaching package: 'BiocGenerics'

The following objects are masked from 'package:stats':

    IQR, mad, sd, var, xtabs

The following objects are masked from 'package:base':

    Filter, Find, Map, Position, Reduce, anyDuplicated, aperm, append,
    as.data.frame, basename, cbind, colnames, dirname, do.call,
    duplicated, eval, evalq, get, grep, grepl, is.unsorted, lapply,
    mapply, match, mget, order, paste, pmax, pmax.int, pmin, pmin.int,
    rank, rbind, rownames, sapply, saveRDS, table, tapply, unique,
    unsplit, which.max, which.min

Loading required package: S4Vectors
Loading required package: stats4

Attaching package: 'S4Vectors'

The following object is masked from 'package:utils':

    findMatches

The following objects are masked from 'package:base':

    I, expand.grid, unname

Loading required package: IRanges
Loading required package: XVector
Loading required package: Seqinfo

Attaching package: 'Biostrings'

The following object is masked from 'package:base':

    strsplit

> 
> test_check("Biostrings")
[ FAIL 0 | WARN 0 | SKIP 0 | PASS 1351 ]
> 
> proc.time()
   user  system elapsed 
 18.671   0.872  19.736 

Example timings

Biostrings.Rcheck/Biostrings-Ex.timings

nameusersystemelapsed
AAString-class0.0040.0010.008
AMINO_ACID_CODE0.0020.0000.002
DNAString-class0.0040.0010.004
GENETIC_CODE0.0080.0040.011
HNF4alpha0.0250.0020.028
IUPAC_CODE_MAP0.2760.0030.292
MIndex-class000
MaskedXString-class0.2210.0300.498
MultipleAlignment-class1.3920.0711.586
PDict-class 3.796 0.17810.743
QualityScaledXStringSet-class0.1540.0150.269
RNAString-class0.0110.0000.017
XString-class0.0090.0010.011
XStringQuality-class0.1670.0070.369
XStringSet-class11.980 0.80634.475
XStringSet-comparison2.6550.1692.875
XStringSet-io 7.739 0.75810.037
XStringSetList-class0.2580.0090.268
XStringViews-class0.1290.0100.141
chartr0.5460.0240.576
coloring0.0490.0040.054
detail0.3160.0560.779
dinucleotideFrequencyTest0.0120.0030.017
findPalindromes45.377 0.30846.009
getSeq0.0870.0130.102
gregexpr20.0010.0000.001
injectHardMask0.0410.0050.047
letter0.0240.0030.026
letterFrequency0.9740.1241.130
longestConsecutive0.0010.0010.000
lowlevel-matching0.4110.0560.473
maskMotif0.9810.3101.854
match-utils0.0250.0010.027
matchLRPatterns0.4930.0370.544
matchPDict-exact262.381 4.824271.890
matchPDict-inexact63.359 0.86464.553
matchPWM1.8660.0251.902
matchPattern5.5720.2605.864
matchProbePair1.0900.0371.133
matchprobes0.0000.0010.000
misc0.0150.0010.016
nucleotideFrequency0.6320.0480.683
padAndClip0.4380.0110.451
predefined_scoring_matrices000
replaceAt2.3780.0442.435
replaceLetterAt0.3420.0230.403
reverseComplement1.0590.3671.463
seqinfo-methods0.5560.0130.571
toComplex0.0020.0010.003
translate1.1170.0301.154
trimLRPatterns0.0630.0040.068
xscat1.9670.1552.132
yeastSEQCHR10.0020.0030.005