Back to Multiple platform build/check report for BioC 3.21:   simplified   long
A[B]CDEFGHIJKLMNOPQRSTUVWXYZ

This page was generated on 2025-01-28 11:47 -0500 (Tue, 28 Jan 2025).

HostnameOSArch (*)R versionInstalled pkgs
nebbiolo1Linux (Ubuntu 24.04.1 LTS)x86_64R Under development (unstable) (2025-01-20 r87609) -- "Unsuffered Consequences" 4659
palomino7Windows Server 2022 Datacenterx64R Under development (unstable) (2025-01-21 r87610 ucrt) -- "Unsuffered Consequences" 4454
lconwaymacOS 12.7.1 Montereyx86_64R Under development (unstable) (2025-01-22 r87618) -- "Unsuffered Consequences" 4465
kjohnson3macOS 13.7.1 Venturaarm64R Under development (unstable) (2025-01-20 r87609) -- "Unsuffered Consequences" 4419
kunpeng2Linux (openEuler 22.03 LTS-SP1)aarch64R Under development (unstable) (2024-11-24 r87369) -- "Unsuffered Consequences" 4409
Click on any hostname to see more info about the system (e.g. compilers)      (*) as reported by 'uname -p', except on Windows and Mac OS X

Package 193/2286HostnameOS / ArchINSTALLBUILDCHECKBUILD BIN
BiocSingular 1.23.0  (landing page)
Aaron Lun
Snapshot Date: 2025-01-27 13:40 -0500 (Mon, 27 Jan 2025)
git_url: https://git.bioconductor.org/packages/BiocSingular
git_branch: devel
git_last_commit: bd97d96
git_last_commit_date: 2024-10-29 10:34:47 -0500 (Tue, 29 Oct 2024)
nebbiolo1Linux (Ubuntu 24.04.1 LTS) / x86_64  OK    OK    WARNINGS  UNNEEDED, same version is already published
palomino7Windows Server 2022 Datacenter / x64  OK    OK    WARNINGS    OK  UNNEEDED, same version is already published
lconwaymacOS 12.7.1 Monterey / x86_64  OK    OK    WARNINGS    OK  UNNEEDED, same version is already published
kjohnson3macOS 13.7.1 Ventura / arm64  OK    OK    WARNINGS    OK  UNNEEDED, same version is already published
kunpeng2Linux (openEuler 22.03 LTS-SP1) / aarch64  OK    OK    TIMEOUT  


CHECK results for BiocSingular on kunpeng2

To the developers/maintainers of the BiocSingular package:
- Allow up to 24 hours (and sometimes 48 hours) for your latest push to git@git.bioconductor.org:packages/BiocSingular.git to reflect on this report. See Troubleshooting Build Report for more information.
- Use the following Renviron settings to reproduce errors and warnings.
- If 'R CMD check' started to fail recently on the Linux builder(s) over a missing dependency, add the missing dependency to 'Suggests:' in your DESCRIPTION file. See Renviron.bioc for more information.
- See Martin Grigorov's blog post for how to debug Linux ARM64 related issues on a x86_64 host.

raw results


Summary

Package: BiocSingular
Version: 1.23.0
Command: /home/biocbuild/R/R/bin/R CMD check --install=check:BiocSingular.install-out.txt --library=/home/biocbuild/R/R/site-library --no-vignettes --timings BiocSingular_1.23.0.tar.gz
StartedAt: 2025-01-28 03:54:34 -0000 (Tue, 28 Jan 2025)
EndedAt: 2025-01-28 08:30:01 -0000 (Tue, 28 Jan 2025)
EllapsedTime: 16527.4 seconds
RetCode: None
Status:   TIMEOUT  
CheckDir: BiocSingular.Rcheck
Warnings: NA

Command output

##############################################################################
##############################################################################
###
### Running command:
###
###   /home/biocbuild/R/R/bin/R CMD check --install=check:BiocSingular.install-out.txt --library=/home/biocbuild/R/R/site-library --no-vignettes --timings BiocSingular_1.23.0.tar.gz
###
##############################################################################
##############################################################################


* using log directory ‘/home/biocbuild/bbs-3.21-bioc/meat/BiocSingular.Rcheck’
* using R Under development (unstable) (2024-11-24 r87369)
* using platform: aarch64-unknown-linux-gnu
* R was compiled by
    aarch64-unknown-linux-gnu-gcc (GCC) 14.2.0
    GNU Fortran (GCC) 14.2.0
* running under: openEuler 24.03 (LTS)
* using session charset: UTF-8
* using option ‘--no-vignettes’
* checking for file ‘BiocSingular/DESCRIPTION’ ... OK
* this is package ‘BiocSingular’ version ‘1.23.0’
* checking package namespace information ... OK
* checking package dependencies ... OK
* checking if this is a source package ... OK
* checking if there is a namespace ... OK
* checking for hidden files and directories ... OK
* checking for portable file names ... OK
* checking for sufficient/correct file permissions ... OK
* checking whether package ‘BiocSingular’ can be installed ... OK
* used C++ compiler: ‘aarch64-unknown-linux-gnu-g++ (GCC) 14.2.0’
* checking C++ specification ... OK
* checking installed package size ... OK
* checking package directory ... OK
* checking ‘build’ directory ... OK
* checking DESCRIPTION meta-information ... OK
* checking top-level files ... OK
* checking for left-over files ... OK
* checking index information ... OK
* checking package subdirectories ... OK
* checking code files for non-ASCII characters ... OK
* checking R files for syntax errors ... OK
* checking whether the package can be loaded ... OK
* checking whether the package can be loaded with stated dependencies ... OK
* checking whether the package can be unloaded cleanly ... OK
* checking whether the namespace can be loaded with stated dependencies ... OK
* checking whether the namespace can be unloaded cleanly ... OK
* checking loading without being on the library search path ... OK
* checking dependencies in R code ... OK
* checking S3 generic/method consistency ... OK
* checking replacement functions ... OK
* checking foreign function calls ... OK
* checking R code for possible problems ... OK
* checking Rd files ... OK
* checking Rd metadata ... OK
* checking Rd cross-references ... WARNING
Missing link(s) in Rd file 'options.Rd':
  ‘blockGrid’

See section 'Cross-references' in the 'Writing R Extensions' manual.

Found the following Rd file(s) with Rd \link{} targets missing package
anchors:
  BiocSingularParam.Rd: DelayedMatrix-class, bpparam
  DeferredMatrix.Rd: ScaledMatrix-class
  LowRankMatrix.Rd: DelayedMatrix-class, DelayedArray
  options.Rd: irlba, rsvd, ScaledMatrix-class, blockGrid
  runExactSVD.Rd: BiocParallelParam-class
  runIrlbaSVD.Rd: irlba, BiocParallelParam-class
  runRandomSVD.Rd: rsvd, BiocParallelParam-class
  runSVD.Rd: BiocParallelParam-class
Please provide package anchors for all Rd \link{} targets not in the
package itself and the base packages.
* checking for missing documentation entries ... OK
* checking for code/documentation mismatches ...

Installation output

BiocSingular.Rcheck/00install.out

##############################################################################
##############################################################################
###
### Running command:
###
###   /home/biocbuild/R/R/bin/R CMD INSTALL BiocSingular
###
##############################################################################
##############################################################################


* installing to library ‘/home/biocbuild/R/R-4.5.0-devel_2024-11-24/site-library’
* installing *source* package ‘BiocSingular’ ...
** using staged installation
** libs
using C++ compiler: ‘aarch64-unknown-linux-gnu-g++ (GCC) 14.2.0’
using C++17
/opt/ohpc/pub/compiler/gcc/14.2.0/bin/aarch64-unknown-linux-gnu-g++ -std=gnu++17 -I"/home/biocbuild/R/R/include" -DNDEBUG  -I'/home/biocbuild/R/R-4.5.0-devel_2024-11-24/site-library/Rcpp/include' -I'/home/biocbuild/R/R-4.5.0-devel_2024-11-24/site-library/beachmat/include' -I'/home/biocbuild/R/R-4.5.0-devel_2024-11-24/site-library/assorthead/include' -I/usr/local/include    -fPIC  -g -O2  -Wall -Werror=format-security -DR_NO_REMAP -c RcppExports.cpp -o RcppExports.o
/opt/ohpc/pub/compiler/gcc/14.2.0/bin/aarch64-unknown-linux-gnu-g++ -std=gnu++17 -I"/home/biocbuild/R/R/include" -DNDEBUG  -I'/home/biocbuild/R/R-4.5.0-devel_2024-11-24/site-library/Rcpp/include' -I'/home/biocbuild/R/R-4.5.0-devel_2024-11-24/site-library/beachmat/include' -I'/home/biocbuild/R/R-4.5.0-devel_2024-11-24/site-library/assorthead/include' -I/usr/local/include    -fPIC  -g -O2  -Wall -Werror=format-security -DR_NO_REMAP -c compute_scale.cpp -o compute_scale.o
In file included from /home/biocbuild/R/R-4.5.0-devel_2024-11-24/site-library/assorthead/include/tatami_stats/grouped_variances.hpp:6,
                 from /home/biocbuild/R/R-4.5.0-devel_2024-11-24/site-library/assorthead/include/tatami_stats/tatami_stats.hpp:7,
                 from compute_scale.cpp:2:
/home/biocbuild/R/R-4.5.0-devel_2024-11-24/site-library/assorthead/include/tatami_stats/variances.hpp: In instantiation of ‘std::pair<_FIter, _FIter> tatami_stats::variances::direct(const Value_*, Index_, Index_, bool) [with Output_ = double; Value_ = double; Index_ = int]’:
compute_scale.cpp:112:66:   required from here
  112 |                     auto paired = tatami_stats::variances::direct(range.value, range.number, NR, false);
      |                                   ~~~~~~~~~~~~~~~~~~~~~~~~~~~~~~~^~~~~~~~~~~~~~~~~~~~~~~~~~~~~~~~~~~~~~
/home/biocbuild/R/R-4.5.0-devel_2024-11-24/site-library/assorthead/include/tatami_stats/variances.hpp:95:29: note: parameter passing for argument of type ‘std::pair<double, double>’ when C++17 is enabled changed to match C++14 in GCC 10.1
   95 | std::pair<Output_, Output_> direct(const Value_* value, Index_ num_nonzero, Index_ num_all, bool skip_nan) {
      |                             ^~~~~~
/opt/ohpc/pub/compiler/gcc/14.2.0/bin/aarch64-unknown-linux-gnu-g++ -std=gnu++17 -shared -L/home/biocbuild/R/R/lib -L/usr/local/lib -o BiocSingular.so RcppExports.o compute_scale.o -L/home/biocbuild/R/R/lib -lR
installing to /home/biocbuild/R/R-4.5.0-devel_2024-11-24/site-library/00LOCK-BiocSingular/00new/BiocSingular/libs
** R
** inst
** byte-compile and prepare package for lazy loading
** help
*** installing help indices
** building package indices
** installing vignettes
** testing if installed package can be loaded from temporary location
** checking absolute paths in shared objects and dynamic libraries
** testing if installed package can be loaded from final location
** testing if installed package keeps a record of temporary installation path
* DONE (BiocSingular)

Tests output


Example timings