Back to Multiple platform build/check report for BioC 3.22:   simplified   long
A[B]CDEFGHIJKLMNOPQRSTUVWXYZ

This page was generated on 2025-10-10 12:04 -0400 (Fri, 10 Oct 2025).

HostnameOSArch (*)R versionInstalled pkgs
nebbiolo2Linux (Ubuntu 24.04.3 LTS)x86_644.5.1 Patched (2025-08-23 r88802) -- "Great Square Root" 4854
lconwaymacOS 12.7.1 Montereyx86_644.5.1 Patched (2025-09-10 r88807) -- "Great Square Root" 4642
kjohnson3macOS 13.7.7 Venturaarm644.5.1 Patched (2025-09-10 r88807) -- "Great Square Root" 4587
taishanLinux (openEuler 24.03 LTS)aarch644.5.0 (2025-04-11) -- "How About a Twenty-Six" 4586
Click on any hostname to see more info about the system (e.g. compilers)      (*) as reported by 'uname -p', except on Windows and Mac OS X

Package 188/2341HostnameOS / ArchINSTALLBUILDCHECKBUILD BIN
BiocGenerics 0.55.3  (landing page)
Hervé Pagès
Snapshot Date: 2025-10-09 13:45 -0400 (Thu, 09 Oct 2025)
git_url: https://git.bioconductor.org/packages/BiocGenerics
git_branch: devel
git_last_commit: 9b179a4
git_last_commit_date: 2025-10-08 20:56:44 -0400 (Wed, 08 Oct 2025)
nebbiolo2Linux (Ubuntu 24.04.3 LTS) / x86_64  OK    OK    WARNINGS  YES
lconwaymacOS 12.7.1 Monterey / x86_64  OK    OK    WARNINGS    OK  YES
kjohnson3macOS 13.7.7 Ventura / arm64  OK    OK    WARNINGS    OK  YES
taishanLinux (openEuler 24.03 LTS) / aarch64  OK    OK    WARNINGS  


CHECK results for BiocGenerics on lconway

To the developers/maintainers of the BiocGenerics package:
- Allow up to 24 hours (and sometimes 48 hours) for your latest push to git@git.bioconductor.org:packages/BiocGenerics.git to reflect on this report. See Troubleshooting Build Report for more information.
- Use the following Renviron settings to reproduce errors and warnings.
- If 'R CMD check' started to fail recently on the Linux builder(s) over a missing dependency, add the missing dependency to 'Suggests:' in your DESCRIPTION file. See Renviron.bioc for more information.

raw results


Summary

Package: BiocGenerics
Version: 0.55.3
Command: /Library/Frameworks/R.framework/Resources/bin/R CMD check --install=check:BiocGenerics.install-out.txt --library=/Library/Frameworks/R.framework/Resources/library --no-vignettes --timings BiocGenerics_0.55.3.tar.gz
StartedAt: 2025-10-09 20:09:40 -0400 (Thu, 09 Oct 2025)
EndedAt: 2025-10-09 20:10:58 -0400 (Thu, 09 Oct 2025)
EllapsedTime: 78.4 seconds
RetCode: 0
Status:   WARNINGS  
CheckDir: BiocGenerics.Rcheck
Warnings: 1

Command output

##############################################################################
##############################################################################
###
### Running command:
###
###   /Library/Frameworks/R.framework/Resources/bin/R CMD check --install=check:BiocGenerics.install-out.txt --library=/Library/Frameworks/R.framework/Resources/library --no-vignettes --timings BiocGenerics_0.55.3.tar.gz
###
##############################################################################
##############################################################################


* using log directory ‘/Users/biocbuild/bbs-3.22-bioc/meat/BiocGenerics.Rcheck’
* using R version 4.5.1 Patched (2025-09-10 r88807)
* using platform: x86_64-apple-darwin20
* R was compiled by
    Apple clang version 14.0.0 (clang-1400.0.29.202)
    GNU Fortran (GCC) 14.2.0
* running under: macOS Monterey 12.7.6
* using session charset: UTF-8
* using option ‘--no-vignettes’
* checking for file ‘BiocGenerics/DESCRIPTION’ ... OK
* this is package ‘BiocGenerics’ version ‘0.55.3’
* package encoding: UTF-8
* checking package namespace information ... OK
* checking package dependencies ... OK
* checking if this is a source package ... OK
* checking if there is a namespace ... OK
* checking for hidden files and directories ... OK
* checking for portable file names ... OK
* checking for sufficient/correct file permissions ... OK
* checking whether package ‘BiocGenerics’ can be installed ... OK
* checking installed package size ... OK
* checking package directory ... OK
* checking DESCRIPTION meta-information ... NOTE
Packages listed in more than one of Depends, Imports, Suggests, Enhances:
  ‘methods’ ‘utils’ ‘graphics’ ‘stats’
A package should be listed in only one of these fields.
* checking top-level files ... OK
* checking for left-over files ... OK
* checking index information ... OK
* checking package subdirectories ... OK
* checking code files for non-ASCII characters ... OK
* checking R files for syntax errors ... OK
* checking whether the package can be loaded ... OK
* checking whether the package can be loaded with stated dependencies ... OK
* checking whether the package can be unloaded cleanly ... OK
* checking whether the namespace can be loaded with stated dependencies ... OK
* checking whether the namespace can be unloaded cleanly ... OK
* checking dependencies in R code ... NOTE
'library' or 'require' call to ‘RUnit’ in package code.
  Please use :: or requireNamespace() instead.
  See section 'Suggested packages' in the 'Writing R Extensions' manual.
* checking S3 generic/method consistency ... OK
* checking replacement functions ... OK
* checking foreign function calls ... OK
* checking R code for possible problems ... OK
* checking Rd files ... OK
* checking Rd metadata ... OK
* checking Rd cross-references ... WARNING
Missing link(s) in Rd file 'as.data.frame.Rd':
  ‘[IRanges]{as.data.frame,IntegerRanges-method}’

Missing link(s) in Rd file 'order.Rd':
  ‘[IRanges]{order,IntegerRanges-method}’

See section 'Cross-references' in the 'Writing R Extensions' manual.
* checking for missing documentation entries ... OK
* checking for code/documentation mismatches ... OK
* checking Rd \usage sections ... OK
* checking Rd contents ... OK
* checking for unstated dependencies in examples ... OK
* checking examples ... OK
Examples with CPU (user + system) or elapsed time > 5s
                         user system elapsed
fileName                7.705  0.385   8.230
containsOutOfMemoryData 5.084  0.253   5.426
* checking for unstated dependencies in ‘tests’ ... OK
* checking tests ...
  Running ‘run_unitTests.R’
 OK
* checking PDF version of manual ... OK
* DONE

Status: 1 WARNING, 2 NOTEs
See
  ‘/Users/biocbuild/bbs-3.22-bioc/meat/BiocGenerics.Rcheck/00check.log’
for details.


Installation output

BiocGenerics.Rcheck/00install.out

##############################################################################
##############################################################################
###
### Running command:
###
###   /Library/Frameworks/R.framework/Resources/bin/R CMD INSTALL BiocGenerics
###
##############################################################################
##############################################################################


* installing to library ‘/Library/Frameworks/R.framework/Versions/4.5-x86_64/Resources/library’
* installing *source* package ‘BiocGenerics’ ...
** this is package ‘BiocGenerics’ version ‘0.55.3’
** using staged installation
** R
** inst
** byte-compile and prepare package for lazy loading
Creating a new generic function for ‘aperm’ in package ‘BiocGenerics’
Creating a new generic function for ‘append’ in package ‘BiocGenerics’
Creating a new generic function for ‘as.data.frame’ in package ‘BiocGenerics’
Creating a new generic function for ‘cbind’ in package ‘BiocGenerics’
Creating a new generic function for ‘rbind’ in package ‘BiocGenerics’
Creating a new generic function for ‘do.call’ in package ‘BiocGenerics’
Creating a new generic function for ‘duplicated’ in package ‘BiocGenerics’
Creating a new generic function for ‘anyDuplicated’ in package ‘BiocGenerics’
Creating a new generic function for ‘eval’ in package ‘BiocGenerics’
Creating a new generic function for ‘pmax’ in package ‘BiocGenerics’
Creating a new generic function for ‘pmin’ in package ‘BiocGenerics’
Creating a new generic function for ‘pmax.int’ in package ‘BiocGenerics’
Creating a new generic function for ‘pmin.int’ in package ‘BiocGenerics’
Creating a new generic function for ‘Reduce’ in package ‘BiocGenerics’
Creating a new generic function for ‘Filter’ in package ‘BiocGenerics’
Creating a new generic function for ‘Find’ in package ‘BiocGenerics’
Creating a new generic function for ‘Map’ in package ‘BiocGenerics’
Creating a new generic function for ‘Position’ in package ‘BiocGenerics’
Creating a new generic function for ‘get’ in package ‘BiocGenerics’
Creating a new generic function for ‘mget’ in package ‘BiocGenerics’
Creating a new generic function for ‘grep’ in package ‘BiocGenerics’
Creating a new generic function for ‘grepl’ in package ‘BiocGenerics’
Creating a new generic function for ‘is.unsorted’ in package ‘BiocGenerics’
Creating a new generic function for ‘lapply’ in package ‘BiocGenerics’
Creating a new generic function for ‘sapply’ in package ‘BiocGenerics’
Creating a new generic function for ‘mapply’ in package ‘BiocGenerics’
Creating a new generic function for ‘match’ in package ‘BiocGenerics’
Creating a new generic function for ‘order’ in package ‘BiocGenerics’
Creating a new generic function for ‘paste’ in package ‘BiocGenerics’
Creating a new generic function for ‘rank’ in package ‘BiocGenerics’
Creating a new generic function for ‘rownames’ in package ‘BiocGenerics’
Creating a new generic function for ‘colnames’ in package ‘BiocGenerics’
Creating a new generic function for ‘saveRDS’ in package ‘BiocGenerics’
Creating a new generic function for ‘table’ in package ‘BiocGenerics’
Creating a new generic function for ‘tapply’ in package ‘BiocGenerics’
Creating a new generic function for ‘unique’ in package ‘BiocGenerics’
Creating a new generic function for ‘unsplit’ in package ‘BiocGenerics’
Creating a new generic function for ‘which.min’ in package ‘BiocGenerics’
Creating a new generic function for ‘which.max’ in package ‘BiocGenerics’
Creating a new generic function for ‘IQR’ in package ‘BiocGenerics’
Creating a new generic function for ‘mad’ in package ‘BiocGenerics’
Creating a new generic function for ‘var’ in package ‘BiocGenerics’
Creating a new generic function for ‘sd’ in package ‘BiocGenerics’
Creating a new generic function for ‘xtabs’ in package ‘BiocGenerics’
Creating a new generic function for ‘basename’ in package ‘BiocGenerics’
Creating a new generic function for ‘dirname’ in package ‘BiocGenerics’
** help
*** installing help indices
** building package indices
** testing if installed package can be loaded from temporary location
** testing if installed package can be loaded from final location
** testing if installed package keeps a record of temporary installation path
* DONE (BiocGenerics)

Tests output

BiocGenerics.Rcheck/tests/run_unitTests.Rout


R version 4.5.1 Patched (2025-09-10 r88807) -- "Great Square Root"
Copyright (C) 2025 The R Foundation for Statistical Computing
Platform: x86_64-apple-darwin20

R is free software and comes with ABSOLUTELY NO WARRANTY.
You are welcome to redistribute it under certain conditions.
Type 'license()' or 'licence()' for distribution details.

R is a collaborative project with many contributors.
Type 'contributors()' for more information and
'citation()' on how to cite R or R packages in publications.

Type 'demo()' for some demos, 'help()' for on-line help, or
'help.start()' for an HTML browser interface to help.
Type 'q()' to quit R.

> require("BiocGenerics") || stop("unable to load BiocGenerics package")
Loading required package: BiocGenerics
Loading required package: generics

Attaching package: 'generics'

The following objects are masked from 'package:base':

    as.difftime, as.factor, as.ordered, intersect, is.element, setdiff,
    setequal, union


Attaching package: 'BiocGenerics'

The following objects are masked from 'package:stats':

    IQR, mad, sd, var, xtabs

The following objects are masked from 'package:base':

    Filter, Find, Map, Position, Reduce, anyDuplicated, aperm, append,
    as.data.frame, basename, cbind, colnames, dirname, do.call,
    duplicated, eval, evalq, get, grep, grepl, is.unsorted, lapply,
    mapply, match, mget, order, paste, pmax, pmax.int, pmin, pmin.int,
    rank, rbind, rownames, sapply, saveRDS, table, tapply, unique,
    unsplit, which.max, which.min

[1] TRUE
> BiocGenerics:::.test()
Loading required package: S4Vectors
Loading required package: stats4

Attaching package: 'S4Vectors'

The following object is masked from 'package:utils':

    findMatches

The following objects are masked from 'package:base':

    I, expand.grid, unname



RUNIT TEST PROTOCOL -- Thu Oct  9 20:10:44 2025 
*********************************************** 
Number of test functions: 25 
Number of errors: 0 
Number of failures: 0 

 
1 Test Suite : 
BiocGenerics RUnit Tests - 25 test functions, 0 errors, 0 failures
Number of test functions: 25 
Number of errors: 0 
Number of failures: 0 
> 
> proc.time()
   user  system elapsed 
  2.545   0.202   2.763 

Example timings

BiocGenerics.Rcheck/BiocGenerics-Ex.timings

nameusersystemelapsed
BiocGenerics-package0.0010.0030.003
Extremes0.0100.0030.013
IQR0.0020.0010.003
Ontology3.9430.2064.186
annotation0.0180.0030.022
aperm0.0020.0000.003
append0.0030.0010.003
as.data.frame0.0030.0000.004
as.list0.0400.0050.046
as.vector0.0030.0010.003
boxplot0.1750.0230.208
cbind0.0400.0060.053
combine0.0550.0040.059
containsOutOfMemoryData5.0840.2535.426
dbconn0.1010.0120.123
density0.0100.0010.011
dims0.0530.0060.060
do.call0.0030.0010.004
duplicated0.0060.0020.014
eval0.0040.0020.007
evalq0.0000.0000.001
fileName7.7050.3858.230
format0.0150.0010.016
funprog0.0090.0020.012
get0.0050.0010.006
grep0.0020.0000.002
image0.0600.0040.065
is.unsorted0.0030.0010.004
lapply0.0040.0010.005
longForm0.3850.0240.415
mad0.0030.0010.003
mapply0.0020.0000.003
match0.0180.0020.020
mean0.0160.0010.017
normalize0.0450.0050.050
nrow0.0560.0040.060
order0.0030.0010.004
organism_species0.2400.0170.258
paste0.0030.0010.004
paste20.0060.0020.008
path0.0350.0070.045
plotMA4.4730.2544.779
plotPCA2.9290.0493.012
rank0.0060.0010.006
relist0.0150.0010.017
rep0.0170.0010.018
residuals0.0140.0000.015
row_colnames0.0440.0040.049
saveRDS0.0030.0010.004
score0.1280.0120.141
setops0.0640.0040.070
sort0.0160.0010.017
start0.1170.0100.129
strand0.1270.0120.142
subset0.0540.0040.059
t0.0130.0010.015
table0.0030.0010.004
tapply0.0030.0000.003
testPackage0.4110.0150.431
toTable0.1190.0120.133
type0.5040.0580.576
unique0.0050.0000.006
unlist0.0030.0000.004
unsplit0.0020.0000.002
updateObject0.1940.0060.203
var0.0030.0010.003
weights0.0120.0000.013
which0.2460.0210.268
which.min0.0760.0080.085
xtabs0.0460.0040.050