Back to Multiple platform build/check report for BioC 3.22:   simplified   long
A[B]CDEFGHIJKLMNOPQRSTUVWXYZ

This page was generated on 2025-10-17 12:04 -0400 (Fri, 17 Oct 2025).

HostnameOSArch (*)R versionInstalled pkgs
nebbiolo2Linux (Ubuntu 24.04.3 LTS)x86_644.5.1 Patched (2025-08-23 r88802) -- "Great Square Root" 4887
lconwaymacOS 12.7.6 Montereyx86_644.5.1 Patched (2025-09-10 r88807) -- "Great Square Root" 4677
kjohnson3macOS 13.7.7 Venturaarm644.5.1 Patched (2025-09-10 r88807) -- "Great Square Root" 4622
taishanLinux (openEuler 24.03 LTS)aarch644.5.0 (2025-04-11) -- "How About a Twenty-Six" 4632
Click on any hostname to see more info about the system (e.g. compilers)      (*) as reported by 'uname -p', except on Windows and Mac OS X

Package 196/2353HostnameOS / ArchINSTALLBUILDCHECKBUILD BIN
BioCor 1.33.1  (landing page)
Lluís Revilla Sancho
Snapshot Date: 2025-10-16 13:45 -0400 (Thu, 16 Oct 2025)
git_url: https://git.bioconductor.org/packages/BioCor
git_branch: devel
git_last_commit: c0aeed7
git_last_commit_date: 2025-06-22 16:36:24 -0400 (Sun, 22 Jun 2025)
nebbiolo2Linux (Ubuntu 24.04.3 LTS) / x86_64  OK    OK    ERROR  
lconwaymacOS 12.7.6 Monterey / x86_64  OK    OK    ERROR    OK  
kjohnson3macOS 13.7.7 Ventura / arm64  OK    OK    ERROR    OK  
taishanLinux (openEuler 24.03 LTS) / aarch64  OK    OK    ERROR  


CHECK results for BioCor on lconway

To the developers/maintainers of the BioCor package:
- Allow up to 24 hours (and sometimes 48 hours) for your latest push to git@git.bioconductor.org:packages/BioCor.git to reflect on this report. See Troubleshooting Build Report for more information.
- Use the following Renviron settings to reproduce errors and warnings.
- If 'R CMD check' started to fail recently on the Linux builder(s) over a missing dependency, add the missing dependency to 'Suggests:' in your DESCRIPTION file. See Renviron.bioc for more information.

raw results


Summary

Package: BioCor
Version: 1.33.1
Command: /Library/Frameworks/R.framework/Resources/bin/R CMD check --install=check:BioCor.install-out.txt --library=/Library/Frameworks/R.framework/Resources/library --no-vignettes --timings BioCor_1.33.1.tar.gz
StartedAt: 2025-10-16 21:25:57 -0400 (Thu, 16 Oct 2025)
EndedAt: 2025-10-16 21:29:27 -0400 (Thu, 16 Oct 2025)
EllapsedTime: 210.0 seconds
RetCode: 1
Status:   ERROR  
CheckDir: BioCor.Rcheck
Warnings: NA

Command output

##############################################################################
##############################################################################
###
### Running command:
###
###   /Library/Frameworks/R.framework/Resources/bin/R CMD check --install=check:BioCor.install-out.txt --library=/Library/Frameworks/R.framework/Resources/library --no-vignettes --timings BioCor_1.33.1.tar.gz
###
##############################################################################
##############################################################################


* using log directory ‘/Users/biocbuild/bbs-3.22-bioc/meat/BioCor.Rcheck’
* using R version 4.5.1 Patched (2025-09-10 r88807)
* using platform: x86_64-apple-darwin20
* R was compiled by
    Apple clang version 14.0.0 (clang-1400.0.29.202)
    GNU Fortran (GCC) 14.2.0
* running under: macOS Monterey 12.7.6
* using session charset: UTF-8
* using option ‘--no-vignettes’
* checking for file ‘BioCor/DESCRIPTION’ ... OK
* this is package ‘BioCor’ version ‘1.33.1’
* package encoding: UTF-8
* checking package namespace information ... OK
* checking package dependencies ... OK
* checking if this is a source package ... OK
* checking if there is a namespace ... OK
* checking for hidden files and directories ... OK
* checking for portable file names ... OK
* checking for sufficient/correct file permissions ... OK
* checking whether package ‘BioCor’ can be installed ... OK
* checking installed package size ... OK
* checking package directory ... OK
* checking ‘build’ directory ... OK
* checking DESCRIPTION meta-information ... OK
* checking top-level files ... OK
* checking for left-over files ... OK
* checking index information ... OK
* checking package subdirectories ... OK
* checking code files for non-ASCII characters ... OK
* checking R files for syntax errors ... OK
* checking whether the package can be loaded ... OK
* checking whether the package can be loaded with stated dependencies ... OK
* checking whether the package can be unloaded cleanly ... OK
* checking whether the namespace can be loaded with stated dependencies ... OK
* checking whether the namespace can be unloaded cleanly ... OK
* checking dependencies in R code ... OK
* checking S3 generic/method consistency ... OK
* checking replacement functions ... OK
* checking foreign function calls ... OK
* checking R code for possible problems ... OK
* checking Rd files ... OK
* checking Rd metadata ... OK
* checking Rd cross-references ... OK
* checking for missing documentation entries ... OK
* checking for code/documentation mismatches ... OK
* checking Rd \usage sections ... OK
* checking Rd contents ... OK
* checking for unstated dependencies in examples ... OK
* checking files in ‘vignettes’ ... OK
* checking examples ... ERROR
Running examples in ‘BioCor-Ex.R’ failed
The error most likely occurred in:

> base::assign(".ptime", proc.time(), pos = "CheckExEnv")
> ### Name: plot_data
> ### Title: The position of the nodes is based on the similarity between
> ###   them.
> ### Aliases: plot_data plot_similarity
> 
> ### ** Examples
> 
> if (require("org.Hs.eg.db") & require("reactome.db")) {
+   # Extract the paths of all genes of org.Hs.eg.db from KEGG
+   # (last update in data of June 31st 2011)
+   genes.kegg <- as.list(org.Hs.egPATH)
+   # Extracts the paths of all genes of org.Hs.eg.db from reactome
+   genes.react <- as.list(reactomeEXTID2PATHID)
+ 
+   sim <- mgeneSim(c("81", "18", "10"), genes.react)
+   pd <- plot_data(sim, top = 0.25)
+   if (requireNamespace("ggplot2", quietly = TRUE)){
+     plot_similarity(pd)
+   }
+ }
Loading required package: org.Hs.eg.db
Loading required package: AnnotationDbi
Loading required package: stats4
Loading required package: BiocGenerics
Loading required package: generics

Attaching package: ‘generics’

The following objects are masked from ‘package:base’:

    as.difftime, as.factor, as.ordered, intersect, is.element, setdiff,
    setequal, union


Attaching package: ‘BiocGenerics’

The following objects are masked from ‘package:stats’:

    IQR, mad, sd, var, xtabs

The following objects are masked from ‘package:base’:

    Filter, Find, Map, Position, Reduce, anyDuplicated, aperm, append,
    as.data.frame, basename, cbind, colnames, dirname, do.call,
    duplicated, eval, evalq, get, grep, grepl, is.unsorted, lapply,
    mapply, match, mget, order, paste, pmax, pmax.int, pmin, pmin.int,
    rank, rbind, rownames, sapply, saveRDS, table, tapply, unique,
    unsplit, which.max, which.min

Loading required package: Biobase
Welcome to Bioconductor

    Vignettes contain introductory material; view with
    'browseVignettes()'. To cite Bioconductor, see
    'citation("Biobase")', and for packages 'citation("pkgname")'.

Loading required package: IRanges
Loading required package: S4Vectors

Attaching package: ‘S4Vectors’

The following object is masked from ‘package:utils’:

    findMatches

The following objects are masked from ‘package:base’:

    I, expand.grid, unname

Loading required package: reactome.db
Warning in mgeneSim(c("81", "18", "10"), genes.react) :
  Some genes are not in the list provided.
Error in quantile.default(x[upper.tri(x)], probs = 1 - top) : 
  missing values and NaN's not allowed if 'na.rm' is FALSE
Calls: plot_data -> quantile -> quantile.default
Execution halted
Examples with CPU (user + system) or elapsed time > 5s
          user system elapsed
mgeneSim 5.271  0.143   5.457
* checking for unstated dependencies in ‘tests’ ... OK
* checking tests ...
  Running ‘spelling.R’
  Running ‘testthat.R’
 OK
* checking for unstated dependencies in vignettes ... OK
* checking package vignettes ... OK
* checking running R code from vignettes ... SKIPPED
* checking re-building of vignette outputs ... SKIPPED
* checking PDF version of manual ... OK
* DONE

Status: 1 ERROR
See
  ‘/Users/biocbuild/bbs-3.22-bioc/meat/BioCor.Rcheck/00check.log’
for details.


Installation output

BioCor.Rcheck/00install.out

##############################################################################
##############################################################################
###
### Running command:
###
###   /Library/Frameworks/R.framework/Resources/bin/R CMD INSTALL BioCor
###
##############################################################################
##############################################################################


* installing to library ‘/Library/Frameworks/R.framework/Versions/4.5-x86_64/Resources/library’
* installing *source* package ‘BioCor’ ...
** this is package ‘BioCor’ version ‘1.33.1’
** using staged installation
** R
** inst
** byte-compile and prepare package for lazy loading
Creating a generic function from function ‘clusterGeneSim’ in package ‘BioCor’
Creating a generic function from function ‘clusterSim’ in package ‘BioCor’
Creating a generic function from function ‘geneSim’ in package ‘BioCor’
Creating a generic function from function ‘mclusterGeneSim’ in package ‘BioCor’
Creating a generic function from function ‘mclusterSim’ in package ‘BioCor’
Creating a generic function from function ‘mgeneSim’ in package ‘BioCor’
Creating a generic function from function ‘mpathSim’ in package ‘BioCor’
Creating a generic function from function ‘pathSim’ in package ‘BioCor’
** help
*** installing help indices
*** copying figures
** building package indices
** installing vignettes
** testing if installed package can be loaded from temporary location
** testing if installed package can be loaded from final location
** testing if installed package keeps a record of temporary installation path
* DONE (BioCor)

Tests output

BioCor.Rcheck/tests/spelling.Rout


R version 4.5.1 Patched (2025-09-10 r88807) -- "Great Square Root"
Copyright (C) 2025 The R Foundation for Statistical Computing
Platform: x86_64-apple-darwin20

R is free software and comes with ABSOLUTELY NO WARRANTY.
You are welcome to redistribute it under certain conditions.
Type 'license()' or 'licence()' for distribution details.

R is a collaborative project with many contributors.
Type 'contributors()' for more information and
'citation()' on how to cite R or R packages in publications.

Type 'demo()' for some demos, 'help()' for on-line help, or
'help.start()' for an HTML browser interface to help.
Type 'q()' to quit R.

> if(requireNamespace('spelling', quietly = TRUE))
+   spelling::spell_check_test(vignettes = TRUE, error = FALSE,
+                              skip_on_cran = TRUE)
All Done!
> 
> proc.time()
   user  system elapsed 
  0.216   0.088   0.289 

BioCor.Rcheck/tests/testthat.Rout


R version 4.5.1 Patched (2025-09-10 r88807) -- "Great Square Root"
Copyright (C) 2025 The R Foundation for Statistical Computing
Platform: x86_64-apple-darwin20

R is free software and comes with ABSOLUTELY NO WARRANTY.
You are welcome to redistribute it under certain conditions.
Type 'license()' or 'licence()' for distribution details.

R is a collaborative project with many contributors.
Type 'contributors()' for more information and
'citation()' on how to cite R or R packages in publications.

Type 'demo()' for some demos, 'help()' for on-line help, or
'help.start()' for an HTML browser interface to help.
Type 'q()' to quit R.

> library("BioCor")
> 
> if (requireNamespace("testthat", quietly = TRUE)) {
+   library("testthat")
+   test_check("BioCor")
+ }
Loading required package: AnnotationDbi
Loading required package: stats4
Loading required package: BiocGenerics
Loading required package: generics

Attaching package: 'generics'

The following objects are masked from 'package:base':

    as.difftime, as.factor, as.ordered, intersect, is.element, setdiff,
    setequal, union


Attaching package: 'BiocGenerics'

The following objects are masked from 'package:stats':

    IQR, mad, sd, var, xtabs

The following objects are masked from 'package:base':

    Filter, Find, Map, Position, Reduce, anyDuplicated, aperm, append,
    as.data.frame, basename, cbind, colnames, dirname, do.call,
    duplicated, eval, evalq, get, grep, grepl, is.unsorted, lapply,
    mapply, match, mget, order, paste, pmax, pmax.int, pmin, pmin.int,
    rank, rbind, rownames, sapply, saveRDS, table, tapply, unique,
    unsplit, which.max, which.min

Loading required package: Biobase
Welcome to Bioconductor

    Vignettes contain introductory material; view with
    'browseVignettes()'. To cite Bioconductor, see
    'citation("Biobase")', and for packages 'citation("pkgname")'.

Loading required package: IRanges
Loading required package: S4Vectors

Attaching package: 'S4Vectors'

The following object is masked from 'package:utils':

    findMatches

The following objects are masked from 'package:base':

    I, expand.grid, unname

[ FAIL 0 | WARN 14 | SKIP 0 | PASS 314 ]

[ FAIL 0 | WARN 14 | SKIP 0 | PASS 314 ]
> 
> proc.time()
   user  system elapsed 
 15.155   1.077  16.535 

Example timings

BioCor.Rcheck/BioCor-Ex.timings

nameusersystemelapsed
AintoB0.0010.0060.008
addSimilarities0.0060.0020.009
clusterGeneSim3.4200.1933.678
clusterSim2.2700.0782.386
combinadic0.0000.0010.001
combineScores0.0070.0030.009
combineSources0.0030.0020.005
conversions0.0000.0010.001
diceSim0.0000.0010.002
duplicateIndices0.0010.0010.002
geneSim4.1080.1764.374
mclusterGeneSim2.7900.0682.883
mclusterSim2.1570.0452.222
mgeneSim5.2710.1435.457
mpathSim4.7550.1454.945
pathSim2.9500.0763.052