| Back to Multiple platform build/check report for BioC 3.22: simplified long |
|
This page was generated on 2025-08-15 12:06 -0400 (Fri, 15 Aug 2025).
| Hostname | OS | Arch (*) | R version | Installed pkgs |
|---|---|---|---|---|
| nebbiolo2 | Linux (Ubuntu 24.04.3 LTS) | x86_64 | 4.5.1 (2025-06-13) -- "Great Square Root" | 4818 |
| palomino8 | Windows Server 2022 Datacenter | x64 | 4.5.1 (2025-06-13 ucrt) -- "Great Square Root" | 4554 |
| lconway | macOS 12.7.1 Monterey | x86_64 | 4.5.1 (2025-06-13) -- "Great Square Root" | 4595 |
| kjohnson3 | macOS 13.7.7 Ventura | arm64 | 4.5.1 Patched (2025-06-14 r88325) -- "Great Square Root" | 4537 |
| taishan | Linux (openEuler 24.03 LTS) | aarch64 | 4.5.0 (2025-04-11) -- "How About a Twenty-Six" | 4535 |
| Click on any hostname to see more info about the system (e.g. compilers) (*) as reported by 'uname -p', except on Windows and Mac OS X | ||||
| Package 87/2317 | Hostname | OS / Arch | INSTALL | BUILD | CHECK | BUILD BIN | ||||||||
| AnVILWorkflow 1.9.0 (landing page) Sehyun Oh
| nebbiolo2 | Linux (Ubuntu 24.04.3 LTS) / x86_64 | OK | OK | WARNINGS | |||||||||
| palomino8 | Windows Server 2022 Datacenter / x64 | OK | OK | WARNINGS | OK | |||||||||
| lconway | macOS 12.7.1 Monterey / x86_64 | OK | OK | WARNINGS | OK | |||||||||
| kjohnson3 | macOS 13.7.7 Ventura / arm64 | OK | OK | WARNINGS | OK | |||||||||
| taishan | Linux (openEuler 24.03 LTS) / aarch64 | OK | OK | WARNINGS | ||||||||||
|
To the developers/maintainers of the AnVILWorkflow package: - Allow up to 24 hours (and sometimes 48 hours) for your latest push to git@git.bioconductor.org:packages/AnVILWorkflow.git to reflect on this report. See Troubleshooting Build Report for more information. - Use the following Renviron settings to reproduce errors and warnings. - If 'R CMD check' started to fail recently on the Linux builder(s) over a missing dependency, add the missing dependency to 'Suggests:' in your DESCRIPTION file. See Renviron.bioc for more information. |
| Package: AnVILWorkflow |
| Version: 1.9.0 |
| Command: F:\biocbuild\bbs-3.22-bioc\R\bin\R.exe CMD check --no-multiarch --install=check:AnVILWorkflow.install-out.txt --library=F:\biocbuild\bbs-3.22-bioc\R\library --no-vignettes --timings AnVILWorkflow_1.9.0.tar.gz |
| StartedAt: 2025-08-15 00:31:46 -0400 (Fri, 15 Aug 2025) |
| EndedAt: 2025-08-15 00:32:39 -0400 (Fri, 15 Aug 2025) |
| EllapsedTime: 52.9 seconds |
| RetCode: 0 |
| Status: WARNINGS |
| CheckDir: AnVILWorkflow.Rcheck |
| Warnings: 2 |
##############################################################################
##############################################################################
###
### Running command:
###
### F:\biocbuild\bbs-3.22-bioc\R\bin\R.exe CMD check --no-multiarch --install=check:AnVILWorkflow.install-out.txt --library=F:\biocbuild\bbs-3.22-bioc\R\library --no-vignettes --timings AnVILWorkflow_1.9.0.tar.gz
###
##############################################################################
##############################################################################
* using log directory 'F:/biocbuild/bbs-3.22-bioc/meat/AnVILWorkflow.Rcheck'
* using R version 4.5.1 (2025-06-13 ucrt)
* using platform: x86_64-w64-mingw32
* R was compiled by
gcc.exe (GCC) 14.2.0
GNU Fortran (GCC) 14.2.0
* running under: Windows Server 2022 x64 (build 20348)
* using session charset: UTF-8
* using option '--no-vignettes'
* checking for file 'AnVILWorkflow/DESCRIPTION' ... OK
* this is package 'AnVILWorkflow' version '1.9.0'
* package encoding: UTF-8
* checking package namespace information ... OK
* checking package dependencies ... OK
* checking if this is a source package ... OK
* checking if there is a namespace ... OK
* checking for hidden files and directories ... OK
* checking for portable file names ... OK
* checking whether package 'AnVILWorkflow' can be installed ... OK
* checking installed package size ... OK
* checking package directory ... OK
* checking 'build' directory ... OK
* checking DESCRIPTION meta-information ... OK
* checking top-level files ... OK
* checking for left-over files ... OK
* checking index information ... OK
* checking package subdirectories ... OK
* checking code files for non-ASCII characters ... OK
* checking R files for syntax errors ... OK
* checking whether the package can be loaded ... OK
* checking whether the package can be loaded with stated dependencies ... OK
* checking whether the package can be unloaded cleanly ... OK
* checking whether the namespace can be loaded with stated dependencies ... OK
* checking whether the namespace can be unloaded cleanly ... OK
* checking dependencies in R code ... WARNING
Package in Depends field not imported from: 'AnVILBase'
These packages need to be imported from (in the NAMESPACE file)
for when this namespace is loaded but not attached.
Missing or unexported object: 'AnVIL::gsutil_cat'
* checking S3 generic/method consistency ... OK
* checking replacement functions ... OK
* checking foreign function calls ... OK
* checking R code for possible problems ... NOTE
.avSampleData: no visible binding for global variable '.'
.tableToString: no visible binding for global variable '.'
AnVILBrowse: no visible binding for global variable 'workspace_key'
getAllWorkflows: no visible global function definition for 'flatten'
getAllWorkspaces: no visible global function definition for 'flatten'
getAllWorkspaces: no visible binding for global variable
'workspace.workspaceId'
getAllWorkspaces: no visible binding for global variable 'public'
getAllWorkspaces: no visible binding for global variable
'workspace.attributes.library:indication'
getAllWorkspaces: no visible binding for global variable
'workspace.attributes.library:studyDesign'
getAllWorkspaces: no visible binding for global variable
'workspace.attributes.library:numSubjects'
getAllWorkspaces: no visible binding for global variable
'workspace.attributes.library:primaryDiseaseSite'
getAllWorkspaces: no visible binding for global variable
'workspace.attributes.library:cohortCountry'
getAllWorkspaces: no visible binding for global variable
'workspace.attributes.library:projectName'
getAllWorkspaces: no visible binding for global variable
'workspace.attributes.library:reference'
getData: no visible binding for global variable '.'
getOutput: no visible binding for global variable 'gsutil_cp'
getWorkspaces: no visible binding for global variable 'cloudPlatform'
getWorkspaces: no visible binding for global variable 'namespace'
getWorkspaces: no visible binding for global variable 'name'
getWorkspaces: no visible binding for global variable 'accessLevel'
getWorkspaces: no visible binding for global variable 'public'
getWorkspaces: no visible binding for global variable 'isLocked'
getWorkspaces: no visible binding for global variable
'workspace_namespace'
getWorkspaces: no visible binding for global variable 'workspace_name'
getWorkspaces: no visible binding for global variable 'datatype'
getWorkspaces: no visible binding for global variable 'itemsType'
getWorkspaces: no visible binding for global variable 'items'
updateInput: no visible binding for global variable 'ws_namespace'
updateInput: no visible binding for global variable 'ws_name'
updateInput: no visible binding for global variable 'ws_fullname'
updateInput: no visible binding for global variable 'wf_fullname'
Undefined global functions or variables:
. accessLevel cloudPlatform datatype flatten gsutil_cp isLocked items
itemsType name namespace public wf_fullname
workspace.attributes.library:cohortCountry
workspace.attributes.library:indication
workspace.attributes.library:numSubjects
workspace.attributes.library:primaryDiseaseSite
workspace.attributes.library:projectName
workspace.attributes.library:reference
workspace.attributes.library:studyDesign workspace.workspaceId
workspace_key workspace_name workspace_namespace ws_fullname ws_name
ws_namespace
* checking Rd files ... OK
* checking Rd metadata ... OK
* checking Rd cross-references ... WARNING
Missing link(s) in Rd file 'dot-nonMetadataOutputs.Rd':
'[AnVIL]{avworkflow_files}'
See section 'Cross-references' in the 'Writing R Extensions' manual.
* checking for missing documentation entries ... OK
* checking for code/documentation mismatches ... OK
* checking Rd \usage sections ... OK
* checking Rd contents ... OK
* checking for unstated dependencies in examples ... OK
* checking files in 'vignettes' ... OK
* checking examples ... OK
* checking for unstated dependencies in vignettes ... OK
* checking package vignettes ... OK
* checking running R code from vignettes ... SKIPPED
* checking re-building of vignette outputs ... SKIPPED
* checking PDF version of manual ... OK
* DONE
Status: 2 WARNINGs, 1 NOTE
See
'F:/biocbuild/bbs-3.22-bioc/meat/AnVILWorkflow.Rcheck/00check.log'
for details.
AnVILWorkflow.Rcheck/00install.out
############################################################################## ############################################################################## ### ### Running command: ### ### F:\biocbuild\bbs-3.22-bioc\R\bin\R.exe CMD INSTALL AnVILWorkflow ### ############################################################################## ############################################################################## * installing to library 'F:/biocbuild/bbs-3.22-bioc/R/library' * installing *source* package 'AnVILWorkflow' ... ** this is package 'AnVILWorkflow' version '1.9.0' ** using staged installation ** R ** inst ** byte-compile and prepare package for lazy loading ** help *** installing help indices ** building package indices ** installing vignettes ** testing if installed package can be loaded from temporary location ** testing if installed package can be loaded from final location ** testing if installed package keeps a record of temporary installation path * DONE (AnVILWorkflow)
AnVILWorkflow.Rcheck/AnVILWorkflow-Ex.timings
| name | user | system | elapsed | |
| AnVILBrowse | 4.53 | 0.05 | 4.69 | |
| availableAnalysis | 0.00 | 0.02 | 0.02 | |
| cloneWorkspace | 0 | 0 | 0 | |
| currentInput | 0 | 0 | 0 | |
| dot-biobakery_currentInput | 0.00 | 0.01 | 0.02 | |
| dot-get_workspace_fullname | 0 | 0 | 0 | |
| findInputName | 0.00 | 0.02 | 0.02 | |
| getAllDataTables | 0.00 | 0.01 | 0.01 | |
| getAllWorkflows | 0 | 0 | 0 | |
| getAllWorkspaces | 0 | 0 | 0 | |
| getDashboard | 0.00 | 0.02 | 0.02 | |
| getOutput | 0 | 0 | 0 | |
| getWorkflowConfig | 0 | 0 | 0 | |
| monitorWorkflow | 0.00 | 0.01 | 0.01 | |
| runWorkflow | 0 | 0 | 0 | |
| setCloudEnv | 0.00 | 0.02 | 0.02 | |
| stopWorkflow | 0 | 0 | 0 | |
| updateInput | 0 | 0 | 0 | |