| Back to Multiple platform build/check report for BioC 3.22: simplified long |
|
This page was generated on 2025-10-23 12:07 -0400 (Thu, 23 Oct 2025).
| Hostname | OS | Arch (*) | R version | Installed pkgs |
|---|---|---|---|---|
| nebbiolo2 | Linux (Ubuntu 24.04.3 LTS) | x86_64 | 4.5.1 Patched (2025-08-23 r88802) -- "Great Square Root" | 4894 |
| lconway | macOS 12.7.6 Monterey | x86_64 | 4.5.1 Patched (2025-09-10 r88807) -- "Great Square Root" | 4684 |
| kjohnson3 | macOS 13.7.7 Ventura | arm64 | 4.5.1 Patched (2025-09-10 r88807) -- "Great Square Root" | 4629 |
| taishan | Linux (openEuler 24.03 LTS) | aarch64 | 4.5.0 (2025-04-11) -- "How About a Twenty-Six" | 4642 |
| Click on any hostname to see more info about the system (e.g. compilers) (*) as reported by 'uname -p', except on Windows and Mac OS X | ||||
| Package 106/2355 | Hostname | OS / Arch | INSTALL | BUILD | CHECK | BUILD BIN | ||||||||
| ASpli 2.19.0 (landing page) Ariel Chernomoretz
| nebbiolo2 | Linux (Ubuntu 24.04.3 LTS) / x86_64 | OK | OK | WARNINGS | |||||||||
| lconway | macOS 12.7.6 Monterey / x86_64 | OK | OK | WARNINGS | OK | |||||||||
| kjohnson3 | macOS 13.7.7 Ventura / arm64 | OK | OK | WARNINGS | OK | |||||||||
| taishan | Linux (openEuler 24.03 LTS) / aarch64 | OK | OK | WARNINGS | ||||||||||
|
To the developers/maintainers of the ASpli package: - Allow up to 24 hours (and sometimes 48 hours) for your latest push to git@git.bioconductor.org:packages/ASpli.git to reflect on this report. See Troubleshooting Build Report for more information. - Use the following Renviron settings to reproduce errors and warnings. - If 'R CMD check' started to fail recently on the Linux builder(s) over a missing dependency, add the missing dependency to 'Suggests:' in your DESCRIPTION file. See Renviron.bioc for more information. - See Martin Grigorov's blog post for how to debug Linux ARM64 related issues on a x86_64 host. |
| Package: ASpli |
| Version: 2.19.0 |
| Command: /home/biocbuild/R/R/bin/R CMD check --install=check:ASpli.install-out.txt --library=/home/biocbuild/R/R/site-library --no-vignettes --timings ASpli_2.19.0.tar.gz |
| StartedAt: 2025-10-21 04:32:46 -0000 (Tue, 21 Oct 2025) |
| EndedAt: 2025-10-21 04:51:28 -0000 (Tue, 21 Oct 2025) |
| EllapsedTime: 1121.7 seconds |
| RetCode: 0 |
| Status: WARNINGS |
| CheckDir: ASpli.Rcheck |
| Warnings: 1 |
##############################################################################
##############################################################################
###
### Running command:
###
### /home/biocbuild/R/R/bin/R CMD check --install=check:ASpli.install-out.txt --library=/home/biocbuild/R/R/site-library --no-vignettes --timings ASpli_2.19.0.tar.gz
###
##############################################################################
##############################################################################
* using log directory ‘/home/biocbuild/bbs-3.22-bioc/meat/ASpli.Rcheck’
* using R version 4.5.0 (2025-04-11)
* using platform: aarch64-unknown-linux-gnu
* R was compiled by
aarch64-unknown-linux-gnu-gcc (GCC) 14.2.0
GNU Fortran (GCC) 14.2.0
* running under: openEuler 24.03 (LTS)
* using session charset: UTF-8
* using option ‘--no-vignettes’
* checking for file ‘ASpli/DESCRIPTION’ ... OK
* checking extension type ... Package
* this is package ‘ASpli’ version ‘2.19.0’
* checking package namespace information ... OK
* checking package dependencies ... OK
* checking if this is a source package ... OK
* checking if there is a namespace ... OK
* checking for hidden files and directories ... OK
* checking for portable file names ... OK
* checking for sufficient/correct file permissions ... OK
* checking whether package ‘ASpli’ can be installed ... WARNING
Found the following significant warnings:
Warning: replacing previous import ‘utils::findMatches’ by ‘S4Vectors::findMatches’ when loading ‘ASpli’
See ‘/home/biocbuild/bbs-3.22-bioc/meat/ASpli.Rcheck/00install.out’ for details.
* checking installed package size ... OK
* checking package directory ... OK
* checking ‘build’ directory ... OK
* checking DESCRIPTION meta-information ... OK
* checking top-level files ... OK
* checking for left-over files ... OK
* checking index information ... OK
* checking package subdirectories ... OK
* checking code files for non-ASCII characters ... OK
* checking R files for syntax errors ... OK
* checking whether the package can be loaded ... OK
* checking whether the package can be loaded with stated dependencies ... OK
* checking whether the package can be unloaded cleanly ... OK
* checking whether the namespace can be loaded with stated dependencies ... OK
* checking whether the namespace can be unloaded cleanly ... OK
* checking loading without being on the library search path ... OK
* checking dependencies in R code ... NOTE
Namespace in Imports field not imported from: 'txdbmaker'
All declared Imports should be used.
* checking S3 generic/method consistency ... OK
* checking replacement functions ... OK
* checking foreign function calls ... OK
* checking R code for possible problems ... OK
* checking Rd files ... OK
* checking Rd metadata ... OK
* checking Rd cross-references ... NOTE
Found the following Rd file(s) with Rd \link{} targets missing package
anchors:
DUreport.Rd: edgeR
DUreport.norm.Rd: edgeR
DUreport.offset.Rd: edgeR
DUreportBinSplice-method.Rd: edgeR
gbDUreport-method.Rd: edgeR
jDUreport.Rd: edgeR
junctionDUreport.Rd: edgeR
Please provide package anchors for all Rd \link{} targets not in the
package itself and the base packages.
* checking for missing documentation entries ... OK
* checking for code/documentation mismatches ... OK
* checking Rd \usage sections ... OK
* checking Rd contents ... OK
* checking for unstated dependencies in examples ... OK
* checking installed files from ‘inst/doc’ ... OK
* checking files in ‘vignettes’ ... OK
* checking examples ... OK
Examples with CPU (user + system) or elapsed time > 5s
user system elapsed
ASpli-package 132.104 0.718 133.204
exportIntegratedSignals 69.925 0.840 70.989
integrateSignals 70.148 0.016 70.347
jCounts-methods 67.969 0.004 68.142
exportSplicingReports 67.577 0.032 67.786
jDUreport 67.578 0.012 67.754
splicingReport 66.968 0.004 67.141
gbCounts 59.570 0.004 59.739
gbDUreport-method 59.418 0.008 59.595
binGenome 4.838 0.191 5.042
* checking for unstated dependencies in vignettes ... OK
* checking package vignettes ... OK
* checking running R code from vignettes ... SKIPPED
* checking re-building of vignette outputs ... SKIPPED
* checking PDF version of manual ... OK
* DONE
Status: 1 WARNING, 2 NOTEs
See
‘/home/biocbuild/bbs-3.22-bioc/meat/ASpli.Rcheck/00check.log’
for details.
ASpli.Rcheck/00install.out
############################################################################## ############################################################################## ### ### Running command: ### ### /home/biocbuild/R/R/bin/R CMD INSTALL ASpli ### ############################################################################## ############################################################################## * installing to library ‘/home/biocbuild/R/R-4.5.0/site-library’ * installing *source* package ‘ASpli’ ... ** this is package ‘ASpli’ version ‘2.19.0’ ** using staged installation ** R ** inst ** byte-compile and prepare package for lazy loading Warning: replacing previous import ‘utils::findMatches’ by ‘S4Vectors::findMatches’ when loading ‘ASpli’ ** help *** installing help indices ** building package indices ** installing vignettes ** testing if installed package can be loaded from temporary location Warning: replacing previous import ‘utils::findMatches’ by ‘S4Vectors::findMatches’ when loading ‘ASpli’ ** testing if installed package can be loaded from final location Warning: replacing previous import ‘utils::findMatches’ by ‘S4Vectors::findMatches’ when loading ‘ASpli’ ** testing if installed package keeps a record of temporary installation path * DONE (ASpli)
ASpli.Rcheck/ASpli-Ex.timings
| name | user | system | elapsed | |
| ASpli-package | 132.104 | 0.718 | 133.204 | |
| DUreport | 0 | 0 | 0 | |
| DUreport.norm | 0 | 0 | 0 | |
| DUreport.offset | 0 | 0 | 0 | |
| DUreportBinSplice-method | 0.000 | 0.000 | 0.001 | |
| acc_AS | 0 | 0 | 0 | |
| acc_DU | 0 | 0 | 0 | |
| acc_counts | 0 | 0 | 0 | |
| acc_features | 0.237 | 0.000 | 0.238 | |
| binGenome | 4.838 | 0.191 | 5.042 | |
| containsJunctions-function | 0 | 0 | 0 | |
| example_data | 0 | 0 | 0 | |
| exportIntegratedSignals | 69.925 | 0.840 | 70.989 | |
| exportSplicingReports | 67.577 | 0.032 | 67.786 | |
| filterDU-method | 0 | 0 | 0 | |
| filterSignals | 0.001 | 0.000 | 0.000 | |
| gbCounts | 59.570 | 0.004 | 59.739 | |
| gbDUreport-method | 59.418 | 0.008 | 59.595 | |
| getConditions-function | 0 | 0 | 0 | |
| integrateSignals | 70.148 | 0.016 | 70.347 | |
| jCounts-methods | 67.969 | 0.004 | 68.142 | |
| jDUreport | 67.578 | 0.012 | 67.754 | |
| junctionDUreport | 0.000 | 0.000 | 0.001 | |
| loadBAM | 0 | 0 | 0 | |
| mergeBinDUAS-method | 0 | 0 | 0 | |
| plotBins | 0.000 | 0.000 | 0.001 | |
| plotGenomicRegions | 0 | 0 | 0 | |
| rds | 0.001 | 0.000 | 0.000 | |
| splicingReport | 66.968 | 0.004 | 67.141 | |
| subset-methods | 0 | 0 | 0 | |