| Back to Multiple platform build/check report for BioC 3.9 |
|
This page was generated on 2019-10-16 12:04:40 -0400 (Wed, 16 Oct 2019).
| Package 1269/1741 | Hostname | OS / Arch | INSTALL | BUILD | CHECK | BUILD BIN | ||||||
| proteoQC 1.20.0 Bo Wen
| malbec2 | Linux (Ubuntu 18.04.2 LTS) / x86_64 | OK | [ ERROR ] | skipped | |||||||
| tokay2 | Windows Server 2012 R2 Standard / x64 | OK | ERROR | skipped | skipped | |||||||
| celaya2 | OS X 10.11.6 El Capitan / x86_64 | OK | ERROR | skipped | skipped |
| Package: proteoQC |
| Version: 1.20.0 |
| Command: /home/biocbuild/bbs-3.9-bioc/R/bin/R CMD build --keep-empty-dirs --no-resave-data proteoQC |
| StartedAt: 2019-10-15 20:56:40 -0400 (Tue, 15 Oct 2019) |
| EndedAt: 2019-10-15 20:57:11 -0400 (Tue, 15 Oct 2019) |
| EllapsedTime: 31.3 seconds |
| RetCode: 1 |
| Status: ERROR |
| PackageFile: None |
| PackageFileSize: NA |
############################################################################## ############################################################################## ### ### Running command: ### ### /home/biocbuild/bbs-3.9-bioc/R/bin/R CMD build --keep-empty-dirs --no-resave-data proteoQC ### ############################################################################## ############################################################################## * checking for file ‘proteoQC/DESCRIPTION’ ... OK * preparing ‘proteoQC’: * checking DESCRIPTION meta-information ... OK * installing the package to build vignettes * creating vignettes ... ERROR --- re-building ‘proteoQC.Rmd’ using rmarkdown Quitting from lines 57-60 (proteoQC.Rmd) Error: processing vignette 'proteoQC.Rmd' failed with diagnostics: Server denied you to change to the given directory --- failed re-building ‘proteoQC.Rmd’ SUMMARY: processing the following file failed: ‘proteoQC.Rmd’ Error: Vignette re-building failed. Execution halted