| Back to Multiple platform build/check report for BioC 3.9 | 
 | 
This page was generated on 2019-10-16 12:18:57 -0400 (Wed, 16 Oct 2019).
| Package 706/1741 | Hostname | OS / Arch | INSTALL | BUILD | CHECK | BUILD BIN | ||||||
| gpls 1.56.0 Bioconductor Package Maintainer 
 | malbec2 | Linux (Ubuntu 18.04.2 LTS) / x86_64 | OK | OK | WARNINGS |  | ||||||
| tokay2 | Windows Server 2012 R2 Standard / x64 | OK | OK | [ WARNINGS ] | OK |  | ||||||
| celaya2 | OS X 10.11.6 El Capitan / x86_64 | OK | OK | WARNINGS | OK |  | 
| Package: gpls | 
| Version: 1.56.0 | 
| Command: C:\Users\biocbuild\bbs-3.9-bioc\R\bin\R.exe CMD check --force-multiarch --install=check:gpls.install-out.txt --library=C:\Users\biocbuild\bbs-3.9-bioc\R\library --no-vignettes --timings gpls_1.56.0.tar.gz | 
| StartedAt: 2019-10-16 04:11:19 -0400 (Wed, 16 Oct 2019) | 
| EndedAt: 2019-10-16 04:11:51 -0400 (Wed, 16 Oct 2019) | 
| EllapsedTime: 31.8 seconds | 
| RetCode: 0 | 
| Status: WARNINGS | 
| CheckDir: gpls.Rcheck | 
| Warnings: 1 | 
############################################################################## ############################################################################## ### ### Running command: ### ### C:\Users\biocbuild\bbs-3.9-bioc\R\bin\R.exe CMD check --force-multiarch --install=check:gpls.install-out.txt --library=C:\Users\biocbuild\bbs-3.9-bioc\R\library --no-vignettes --timings gpls_1.56.0.tar.gz ### ############################################################################## ############################################################################## * using log directory 'C:/Users/biocbuild/bbs-3.9-bioc/meat/gpls.Rcheck' * using R version 3.6.1 (2019-07-05) * using platform: x86_64-w64-mingw32 (64-bit) * using session charset: ISO8859-1 * using option '--no-vignettes' * checking for file 'gpls/DESCRIPTION' ... OK * this is package 'gpls' version '1.56.0' * checking package namespace information ... OK * checking package dependencies ... OK * checking if this is a source package ... OK * checking if there is a namespace ... OK * checking for hidden files and directories ... OK * checking for portable file names ... OK * checking whether package 'gpls' can be installed ... WARNING Found the following significant warnings: Note: break used in wrong context: no loop is visible See 'C:/Users/biocbuild/bbs-3.9-bioc/meat/gpls.Rcheck/00install.out' for details. Information on the location(s) of code generating the 'Note's can be obtained by re-running with environment variable R_KEEP_PKG_SOURCE set to 'yes'. * checking installed package size ... OK * checking package directory ... OK * checking 'build' directory ... OK * checking DESCRIPTION meta-information ... OK * checking top-level files ... OK * checking for left-over files ... OK * checking index information ... OK * checking package subdirectories ... OK * checking R files for non-ASCII characters ... OK * checking R files for syntax errors ... OK * loading checks for arch 'i386' ** checking whether the package can be loaded ... OK ** checking whether the package can be loaded with stated dependencies ... OK ** checking whether the package can be unloaded cleanly ... OK ** checking whether the namespace can be loaded with stated dependencies ... OK ** checking whether the namespace can be unloaded cleanly ... OK * loading checks for arch 'x64' ** checking whether the package can be loaded ... OK ** checking whether the package can be loaded with stated dependencies ... OK ** checking whether the package can be unloaded cleanly ... OK ** checking whether the namespace can be loaded with stated dependencies ... OK ** checking whether the namespace can be unloaded cleanly ... OK * checking dependencies in R code ... OK * checking S3 generic/method consistency ... OK * checking replacement functions ... OK * checking foreign function calls ... OK * checking R code for possible problems ... OK * checking Rd files ... NOTE prepare_Rd: glpls1a.Rd:26-28: Dropping empty section \details prepare_Rd: glpls1a.Rd:47: Dropping empty section \note prepare_Rd: glpls1a.cv.error.Rd:24-26: Dropping empty section \details prepare_Rd: glpls1a.cv.error.Rd:42: Dropping empty section \note prepare_Rd: glpls1a.logit.all.Rd:28-30: Dropping empty section \details prepare_Rd: glpls1a.logit.all.Rd:45: Dropping empty section \note prepare_Rd: glpls1a.mlogit.Rd:27-29: Dropping empty section \details prepare_Rd: glpls1a.mlogit.Rd:47: Dropping empty section \note prepare_Rd: glpls1a.mlogit.cv.error.Rd:24: Dropping empty section \details prepare_Rd: glpls1a.mlogit.cv.error.Rd:40: Dropping empty section \note prepare_Rd: glpls1a.train.test.error.Rd:27-29: Dropping empty section \details prepare_Rd: glpls1a.train.test.error.Rd:46: Dropping empty section \note * checking Rd metadata ... OK * checking Rd cross-references ... OK * checking for missing documentation entries ... OK * checking for code/documentation mismatches ... OK * checking Rd \usage sections ... OK * checking Rd contents ... OK * checking for unstated dependencies in examples ... OK * checking files in 'vignettes' ... OK * checking examples ... ** running examples for arch 'i386' ... OK ** running examples for arch 'x64' ... OK * checking for unstated dependencies in vignettes ... OK * checking package vignettes in 'inst/doc' ... OK * checking running R code from vignettes ... SKIPPED * checking re-building of vignette outputs ... SKIPPED * checking PDF version of manual ... OK * DONE Status: 1 WARNING, 1 NOTE See 'C:/Users/biocbuild/bbs-3.9-bioc/meat/gpls.Rcheck/00check.log' for details.
gpls.Rcheck/00install.out
##############################################################################
##############################################################################
###
### Running command:
###
###   C:\cygwin\bin\curl.exe -O https://malbec2.bioconductor.org/BBS/3.9/bioc/src/contrib/gpls_1.56.0.tar.gz && rm -rf gpls.buildbin-libdir && mkdir gpls.buildbin-libdir && C:\Users\biocbuild\bbs-3.9-bioc\R\bin\R.exe CMD INSTALL --merge-multiarch --build --library=gpls.buildbin-libdir gpls_1.56.0.tar.gz && C:\Users\biocbuild\bbs-3.9-bioc\R\bin\R.exe CMD INSTALL gpls_1.56.0.zip && rm gpls_1.56.0.tar.gz gpls_1.56.0.zip
###
##############################################################################
##############################################################################
  % Total    % Received % Xferd  Average Speed   Time    Time     Time  Current
                                 Dload  Upload   Total   Spent    Left  Speed
  0     0    0     0    0     0      0      0 --:--:-- --:--:-- --:--:--     0
100 12559  100 12559    0     0   146k      0 --:--:-- --:--:-- --:--:--  159k
install for i386
* installing *source* package 'gpls' ...
** using staged installation
** R
** byte-compile and prepare package for lazy loading
Note: break used in wrong context: no loop is visible 
Note: break used in wrong context: no loop is visible 
** help
*** installing help indices
  converting help for package 'gpls'
    finding HTML links ... done
    glpls1a                                 html  
    glpls1a.cv.error                        html  
    glpls1a.logit.all                       html  
    glpls1a.mlogit                          html  
    glpls1a.mlogit.cv.error                 html  
    glpls1a.train.test.error                html  
    gpls                                    html  
    predict.gpls                            html  
** building package indices
** installing vignettes
** testing if installed package can be loaded from temporary location
** testing if installed package can be loaded from final location
** testing if installed package keeps a record of temporary installation path
install for x64
* installing *source* package 'gpls' ...
** testing if installed package can be loaded
* MD5 sums
packaged installation of 'gpls' as gpls_1.56.0.zip
* DONE (gpls)
* installing to library 'C:/Users/biocbuild/bbs-3.9-bioc/R/library'
package 'gpls' successfully unpacked and MD5 sums checked
| gpls.Rcheck/examples_i386/gpls-Ex.timings 
 | gpls.Rcheck/examples_x64/gpls-Ex.timings 
 |