| Back to Multiple platform build/check report for BioC 3.9 |
|
This page was generated on 2019-10-16 12:35:51 -0400 (Wed, 16 Oct 2019).
| Package 1028/1741 | Hostname | OS / Arch | INSTALL | BUILD | CHECK | BUILD BIN | ||||||
| MMDiff2 1.12.0 Gabriele Schweikert
| malbec2 | Linux (Ubuntu 18.04.2 LTS) / x86_64 | OK | OK | OK | |||||||
| tokay2 | Windows Server 2012 R2 Standard / x64 | OK | OK | [ WARNINGS ] | OK | |||||||
| celaya2 | OS X 10.11.6 El Capitan / x86_64 | OK | OK | OK | OK |
| Package: MMDiff2 |
| Version: 1.12.0 |
| Command: C:\Users\biocbuild\bbs-3.9-bioc\R\bin\R.exe --arch i386 CMD check --no-multiarch --install=check:MMDiff2.install-out.txt --library=C:\Users\biocbuild\bbs-3.9-bioc\R\library --no-vignettes --timings MMDiff2_1.12.0.tar.gz |
| StartedAt: 2019-10-16 05:19:11 -0400 (Wed, 16 Oct 2019) |
| EndedAt: 2019-10-16 05:24:11 -0400 (Wed, 16 Oct 2019) |
| EllapsedTime: 299.3 seconds |
| RetCode: 0 |
| Status: WARNINGS |
| CheckDir: MMDiff2.Rcheck |
| Warnings: 1 |
##############################################################################
##############################################################################
###
### Running command:
###
### C:\Users\biocbuild\bbs-3.9-bioc\R\bin\R.exe --arch i386 CMD check --no-multiarch --install=check:MMDiff2.install-out.txt --library=C:\Users\biocbuild\bbs-3.9-bioc\R\library --no-vignettes --timings MMDiff2_1.12.0.tar.gz
###
##############################################################################
##############################################################################
* using log directory 'C:/Users/biocbuild/bbs-3.9-bioc/meat/MMDiff2.Rcheck'
* using R version 3.6.1 (2019-07-05)
* using platform: i386-w64-mingw32 (32-bit)
* using session charset: ISO8859-1
* using option '--no-vignettes'
* checking for file 'MMDiff2/DESCRIPTION' ... OK
* checking extension type ... Package
* this is package 'MMDiff2' version '1.12.0'
* checking package namespace information ... OK
* checking package dependencies ... OK
* checking if this is a source package ... OK
* checking if there is a namespace ... OK
* checking for hidden files and directories ... NOTE
Found the following hidden files and directories:
.BBSoptions
These were most likely included in error. See section 'Package
structure' in the 'Writing R Extensions' manual.
* checking for portable file names ... OK
* checking whether package 'MMDiff2' can be installed ... WARNING
Found the following significant warnings:
Warning: replacing previous import 'GenomicRanges::windows' by 'grDevices::windows' when loading 'MMDiff2'
See 'C:/Users/biocbuild/bbs-3.9-bioc/meat/MMDiff2.Rcheck/00install.out' for details.
* checking installed package size ... OK
* checking package directory ... OK
* checking 'build' directory ... OK
* checking DESCRIPTION meta-information ... OK
* checking top-level files ... OK
* checking for left-over files ... OK
* checking index information ... OK
* checking package subdirectories ... OK
* checking R files for non-ASCII characters ... OK
* checking R files for syntax errors ... OK
* checking whether the package can be loaded ... OK
* checking whether the package can be loaded with stated dependencies ... OK
* checking whether the package can be unloaded cleanly ... OK
* checking whether the namespace can be loaded with stated dependencies ... OK
* checking whether the namespace can be unloaded cleanly ... OK
* checking dependencies in R code ... NOTE
Namespace in Imports field not imported from: 'methods'
All declared Imports should be used.
* checking S3 generic/method consistency ... OK
* checking replacement functions ... OK
* checking foreign function calls ... OK
* checking R code for possible problems ... NOTE
DBAmmd: no visible global function definition for 'new'
getReads: no visible global function definition for 'IRangesList'
Undefined global functions or variables:
IRangesList new
Consider adding
importFrom("methods", "new")
to your NAMESPACE file (and ensure that your DESCRIPTION Imports field
contains 'methods').
* checking Rd files ... OK
* checking Rd metadata ... OK
* checking Rd cross-references ... OK
* checking for missing documentation entries ... OK
* checking for code/documentation mismatches ... OK
* checking Rd \usage sections ... OK
* checking Rd contents ... OK
* checking for unstated dependencies in examples ... OK
* checking contents of 'data' directory ... OK
* checking data for non-ASCII characters ... OK
* checking data for ASCII and uncompressed saves ... OK
* checking files in 'vignettes' ... OK
* checking examples ... OK
Examples with CPU or elapsed time > 5s
user system elapsed
compDists 23.20 6.84 30.05
plotPeak 10.55 0.35 10.89
DBAmmd-Accessors 8.69 0.50 9.19
getPeakReads 0.36 0.02 9.04
* checking for unstated dependencies in vignettes ... OK
* checking package vignettes in 'inst/doc' ... OK
* checking running R code from vignettes ... SKIPPED
* checking re-building of vignette outputs ... SKIPPED
* checking PDF version of manual ... OK
* DONE
Status: 1 WARNING, 3 NOTEs
See
'C:/Users/biocbuild/bbs-3.9-bioc/meat/MMDiff2.Rcheck/00check.log'
for details.
MMDiff2.Rcheck/00install.out
##############################################################################
##############################################################################
###
### Running command:
###
### C:\Users\biocbuild\bbs-3.9-bioc\R\bin\R.exe --arch i386 CMD INSTALL --no-multiarch MMDiff2
###
##############################################################################
##############################################################################
* installing to library 'C:/Users/biocbuild/bbs-3.9-bioc/R/library'
* installing *source* package 'MMDiff2' ...
** using staged installation
** R
** data
** byte-compile and prepare package for lazy loading
Warning: replacing previous import 'GenomicRanges::windows' by 'grDevices::windows' when loading 'MMDiff2'
** help
*** installing help indices
converting help for package 'MMDiff2'
finding HTML links ... done
Cfp1-Peaks html
DBAmmd-Accessors html
DBAmmd-class html
MMD html
compDists html
compHists html
compPvals html
estimateFragmentCenters html
getPeakReads html
mm9-Genes html
myGeneric html
plotDISTS4Peak html
plotDists html
plotPeak html
reportResults html
runShinyMMDiff2 html
server.MMDiff2 html
ui.MMDiff2 html
** building package indices
** installing vignettes
** testing if installed package can be loaded from temporary location
Warning: replacing previous import 'GenomicRanges::windows' by 'grDevices::windows' when loading 'MMDiff2'
** testing if installed package can be loaded from final location
Warning: replacing previous import 'GenomicRanges::windows' by 'grDevices::windows' when loading 'MMDiff2'
** testing if installed package keeps a record of temporary installation path
* DONE (MMDiff2)
Making 'packages.html' ... done
MMDiff2.Rcheck/MMDiff2-Ex.timings
| name | user | system | elapsed | |
| Cfp1-Peaks | 0 | 0 | 0 | |
| DBAmmd-Accessors | 8.69 | 0.50 | 9.19 | |
| DBAmmd-class | 0.03 | 0.00 | 0.06 | |
| MMD | 0 | 0 | 0 | |
| compDists | 23.20 | 6.84 | 30.05 | |
| compHists | 3.11 | 0.61 | 3.72 | |
| compPvals | 1.80 | 0.31 | 2.11 | |
| estimateFragmentCenters | 2.61 | 0.22 | 2.83 | |
| getPeakReads | 0.36 | 0.02 | 9.04 | |
| mm9-Genes | 0 | 0 | 0 | |
| plotDISTS4Peak | 1.92 | 0.15 | 2.08 | |
| plotDists | 1.56 | 0.11 | 1.68 | |
| plotPeak | 10.55 | 0.35 | 10.89 | |
| reportResults | 1.46 | 0.12 | 1.58 | |
| runShinyMMDiff2 | 0 | 0 | 0 | |
| server.MMDiff2 | 0 | 0 | 0 | |
| ui.MMDiff2 | 0 | 0 | 0 | |