| Back to Multiple platform build/check report for BioC 3.9 |
|
This page was generated on 2019-10-16 12:35:43 -0400 (Wed, 16 Oct 2019).
| Package 819/1741 | Hostname | OS / Arch | INSTALL | BUILD | CHECK | BUILD BIN | ||||||
| InteractionSet 1.12.0 Aaron Lun
| malbec2 | Linux (Ubuntu 18.04.2 LTS) / x86_64 | OK | OK | OK | |||||||
| tokay2 | Windows Server 2012 R2 Standard / x64 | OK | OK | [ WARNINGS ] | OK | |||||||
| celaya2 | OS X 10.11.6 El Capitan / x86_64 | OK | OK | OK | OK |
| Package: InteractionSet |
| Version: 1.12.0 |
| Command: C:\Users\biocbuild\bbs-3.9-bioc\R\bin\R.exe CMD check --force-multiarch --install=check:InteractionSet.install-out.txt --library=C:\Users\biocbuild\bbs-3.9-bioc\R\library --no-vignettes --timings InteractionSet_1.12.0.tar.gz |
| StartedAt: 2019-10-16 04:35:42 -0400 (Wed, 16 Oct 2019) |
| EndedAt: 2019-10-16 04:42:12 -0400 (Wed, 16 Oct 2019) |
| EllapsedTime: 390.4 seconds |
| RetCode: 0 |
| Status: WARNINGS |
| CheckDir: InteractionSet.Rcheck |
| Warnings: 1 |
############################################################################## ############################################################################## ### ### Running command: ### ### C:\Users\biocbuild\bbs-3.9-bioc\R\bin\R.exe CMD check --force-multiarch --install=check:InteractionSet.install-out.txt --library=C:\Users\biocbuild\bbs-3.9-bioc\R\library --no-vignettes --timings InteractionSet_1.12.0.tar.gz ### ############################################################################## ############################################################################## * using log directory 'C:/Users/biocbuild/bbs-3.9-bioc/meat/InteractionSet.Rcheck' * using R version 3.6.1 (2019-07-05) * using platform: x86_64-w64-mingw32 (64-bit) * using session charset: ISO8859-1 * using option '--no-vignettes' * checking for file 'InteractionSet/DESCRIPTION' ... OK * this is package 'InteractionSet' version '1.12.0' * checking package namespace information ... OK * checking package dependencies ... OK * checking if this is a source package ... OK * checking if there is a namespace ... OK * checking for hidden files and directories ... OK * checking for portable file names ... OK * checking whether package 'InteractionSet' can be installed ... WARNING Found the following significant warnings: Rd warning: C:/Users/biocbuild/bbs-3.9-bioc/tmpdir/RtmpKSCzQc/R.INSTALL11543f031daa/InteractionSet/man/ContactMatrix-class.Rd:42: file link 'Annotated' in package 'S4Vectors' does not exist and so has been treated as a topic Rd warning: C:/Users/biocbuild/bbs-3.9-bioc/tmpdir/RtmpKSCzQc/R.INSTALL11543f031daa/InteractionSet/man/ContactMatrix-class.Rd:51: file link 'Annotated' in package 'S4Vectors' does not exist and so has been treated as a topic Rd warning: C:/Users/biocbuild/bbs-3.9-bioc/tmpdir/RtmpKSCzQc/R.INSTALL11543f031daa/InteractionSet/man/ContactMatrix-overlaps.Rd:33: file link 'findOverlaps' in package 'GenomicRanges' does not exist and so has been treated as a topic Rd warning: C:/Users/biocbuild/bbs-3.9-bioc/tmpdir/RtmpKSCzQc/R.INSTALL11543f031daa/InteractionSet/man/ContactMatrix-overlaps.Rd:37: file link 'findOverlaps' in package 'GenomicRanges' does not exist and so has been treated as a topic Rd warning: C:/Users/biocbuild/bbs-3.9-bioc/tmpdir/RtmpKSCzQc/R.INSTALL11543f031daa/InteractionSet/man/ContactMatrix-overlaps.Rd:100: file link 'findOverlaps' in package 'GenomicRanges' does not exist and so has been treated as a topic Rd warning: C:/Users/biocbuild/bbs-3.9-bioc/tmpdir/RtmpKSCzQc/R.INSTALL11543f031daa/InteractionSet/man/interaction-accessors.Rd:174: file link 'mcols' in package 'S4Vectors' does not exist and so has been treated as a topic Rd warning: C:/Users/biocbuild/bbs-3.9-bioc/tmpdir/RtmpKSCzQc/R.INSTALL11543f031daa/InteractionSet/man/interaction-compare.Rd:216: file link 'pcompare' in package 'S4Vectors' does not exist and so has been treated as a topic Rd warning: C:/Users/biocbuild/bbs-3.9-bioc/tmpdir/RtmpKSCzQc/R.INSTALL11543f031daa/InteractionSet/man/linkOverlaps.Rd:32: file link 'findOverlaps' in package 'GenomicRanges' does not exist and so has been treated as a topic Rd warning: C:/Users/biocbuild/bbs-3.9-bioc/tmpdir/RtmpKSCzQc/R.INSTALL11543f031daa/InteractionSet/man/linkOverlaps.Rd:63: file link 'findOverlaps' in package 'GenomicRanges' does not exist and so has been treated as a topic Rd warning: C:/Users/biocbuild/bbs-3.9-bioc/tmpdir/RtmpKSCzQc/R.INSTALL11543f031daa/InteractionSet/man/overlaps.Rd:92: file link 'findOverlaps' in package 'GenomicRanges' does not exist and so has been treated as a topic Rd warning: C:/Users/biocbuild/bbs-3.9-bioc/tmpdir/RtmpKSCzQc/R.INSTALL11543f031daa/InteractionSet/man/overlaps.Rd:97: file link 'findOverlaps' in package 'GenomicRanges' does not exist and so has been treated as a topic Rd warning: C:/Users/biocbuild/bbs-3.9-bioc/tmpdir/RtmpKSCzQc/R.INSTALL11543f031daa/InteractionSet/man/overlaps.Rd:100: file link 'findOverlaps' in package 'GenomicRanges' does not exist and so has been treated as a topic Rd warning: C:/Users/biocbuild/bbs-3.9-bioc/tmpdir/RtmpKSCzQc/R.INSTALL11543f031daa/InteractionSet/man/overlaps.Rd:131: file link 'findOverlaps' in package 'GenomicRanges' does not exist and so has been treated as a topic Rd warning: C:/Users/biocbuild/bbs-3.9-bioc/tmpdir/RtmpKSCzQc/R.INSTALL11543f031daa/InteractionSet/man/overlaps.Rd:244: file link 'findOverlaps' in package 'GenomicRanges' does not exist and so has been treated as a topic See 'C:/Users/biocbuild/bbs-3.9-bioc/meat/InteractionSet.Rcheck/00install.out' for details. * checking installed package size ... OK * checking package directory ... OK * checking 'build' directory ... OK * checking DESCRIPTION meta-information ... OK * checking top-level files ... OK * checking for left-over files ... OK * checking index information ... OK * checking package subdirectories ... OK * checking R files for non-ASCII characters ... OK * checking R files for syntax errors ... OK * loading checks for arch 'i386' ** checking whether the package can be loaded ... OK ** checking whether the package can be loaded with stated dependencies ... OK ** checking whether the package can be unloaded cleanly ... OK ** checking whether the namespace can be loaded with stated dependencies ... OK ** checking whether the namespace can be unloaded cleanly ... OK * loading checks for arch 'x64' ** checking whether the package can be loaded ... OK ** checking whether the package can be loaded with stated dependencies ... OK ** checking whether the package can be unloaded cleanly ... OK ** checking whether the namespace can be loaded with stated dependencies ... OK ** checking whether the namespace can be unloaded cleanly ... OK * checking dependencies in R code ... NOTE Unexported objects imported by ':::' calls: 'GenomicRanges:::extraColumnSlotNames' 'S4Vectors:::disableValidity' 'S4Vectors:::makeClassinfoRowForCompactPrinting' 'S4Vectors:::makePrettyMatrixForCompactPrinting' 'S4Vectors:::prepare_objects_to_bind' 'S4Vectors:::selectSome' See the note in ?`:::` about the use of this operator. * checking S3 generic/method consistency ... OK * checking replacement functions ... OK * checking foreign function calls ... OK * checking R code for possible problems ... OK * checking Rd files ... OK * checking Rd metadata ... OK * checking Rd cross-references ... OK * checking for missing documentation entries ... OK * checking for code/documentation mismatches ... OK * checking Rd \usage sections ... OK * checking Rd contents ... OK * checking for unstated dependencies in examples ... OK * checking line endings in C/C++/Fortran sources/headers ... OK * checking compiled code ... NOTE Note: information on .o files for i386 is not available Note: information on .o files for x64 is not available File 'C:/Users/biocbuild/bbs-3.9-bioc/R/library/InteractionSet/libs/i386/InteractionSet.dll': Found 'abort', possibly from 'abort' (C), 'runtime' (Fortran) Found 'exit', possibly from 'exit' (C), 'stop' (Fortran) Found 'printf', possibly from 'printf' (C) File 'C:/Users/biocbuild/bbs-3.9-bioc/R/library/InteractionSet/libs/x64/InteractionSet.dll': Found 'abort', possibly from 'abort' (C), 'runtime' (Fortran) Found 'exit', possibly from 'exit' (C), 'stop' (Fortran) Found 'printf', possibly from 'printf' (C) Compiled code should not call entry points which might terminate R nor write to stdout/stderr instead of to the console, nor use Fortran I/O nor system RNGs. The detected symbols are linked into the code but might come from libraries and not actually be called. See 'Writing portable packages' in the 'Writing R Extensions' manual. * checking files in 'vignettes' ... OK * checking examples ... ** running examples for arch 'i386' ... OK ** running examples for arch 'x64' ... OK * checking for unstated dependencies in 'tests' ... OK * checking tests ... ** running tests for arch 'i386' ... Running 'testthat.R' OK ** running tests for arch 'x64' ... Running 'testthat.R' OK * checking for unstated dependencies in vignettes ... OK * checking package vignettes in 'inst/doc' ... OK * checking running R code from vignettes ... SKIPPED * checking re-building of vignette outputs ... SKIPPED * checking PDF version of manual ... OK * DONE Status: 1 WARNING, 2 NOTEs See 'C:/Users/biocbuild/bbs-3.9-bioc/meat/InteractionSet.Rcheck/00check.log' for details.
InteractionSet.Rcheck/00install.out
##############################################################################
##############################################################################
###
### Running command:
###
### C:\cygwin\bin\curl.exe -O https://malbec2.bioconductor.org/BBS/3.9/bioc/src/contrib/InteractionSet_1.12.0.tar.gz && rm -rf InteractionSet.buildbin-libdir && mkdir InteractionSet.buildbin-libdir && C:\Users\biocbuild\bbs-3.9-bioc\R\bin\R.exe CMD INSTALL --merge-multiarch --build --library=InteractionSet.buildbin-libdir InteractionSet_1.12.0.tar.gz && C:\Users\biocbuild\bbs-3.9-bioc\R\bin\R.exe CMD INSTALL InteractionSet_1.12.0.zip && rm InteractionSet_1.12.0.tar.gz InteractionSet_1.12.0.zip
###
##############################################################################
##############################################################################
% Total % Received % Xferd Average Speed Time Time Time Current
Dload Upload Total Spent Left Speed
0 0 0 0 0 0 0 0 --:--:-- --:--:-- --:--:-- 0
100 84704 100 84704 0 0 1299k 0 --:--:-- --:--:-- --:--:-- 1477k
install for i386
* installing *source* package 'InteractionSet' ...
** using staged installation
** libs
C:/Rtools/mingw_32/bin/g++ -std=gnu++11 -I"C:/Users/BIOCBU~1/BBS-3~1.9-B/R/include" -DNDEBUG -I"C:/Users/biocbuild/bbs-3.9-bioc/R/library/Rcpp/include" -I"C:/extsoft/include" -O2 -Wall -mtune=generic -c box_bounds.cpp -o box_bounds.o
box_bounds.cpp: In function 'SEXPREC* get_box_bounds(SEXP, SEXP, SEXP, SEXP, SEXP, SEXP)':
box_bounds.cpp:10:13: warning: comparison between signed and unsigned integer expressions [-Wsign-compare]
if (npts!=Adex.size()) {
^
C:/Rtools/mingw_32/bin/g++ -std=gnu++11 -I"C:/Users/BIOCBU~1/BBS-3~1.9-B/R/include" -DNDEBUG -I"C:/Users/biocbuild/bbs-3.9-bioc/R/library/Rcpp/include" -I"C:/extsoft/include" -O2 -Wall -mtune=generic -c detect_overlaps.cpp -o detect_overlaps.o
C:/Rtools/mingw_32/bin/g++ -std=gnu++11 -I"C:/Users/BIOCBU~1/BBS-3~1.9-B/R/include" -DNDEBUG -I"C:/Users/biocbuild/bbs-3.9-bioc/R/library/Rcpp/include" -I"C:/extsoft/include" -O2 -Wall -mtune=generic -c init.cpp -o init.o
C:/Rtools/mingw_32/bin/g++ -std=gnu++11 -I"C:/Users/BIOCBU~1/BBS-3~1.9-B/R/include" -DNDEBUG -I"C:/Users/biocbuild/bbs-3.9-bioc/R/library/Rcpp/include" -I"C:/extsoft/include" -O2 -Wall -mtune=generic -c link_overlaps.cpp -o link_overlaps.o
C:/Rtools/mingw_32/bin/g++ -std=gnu++11 -I"C:/Users/BIOCBU~1/BBS-3~1.9-B/R/include" -DNDEBUG -I"C:/Users/biocbuild/bbs-3.9-bioc/R/library/Rcpp/include" -I"C:/extsoft/include" -O2 -Wall -mtune=generic -c overlap_utils.cpp -o overlap_utils.o
C:/Rtools/mingw_32/bin/g++ -shared -s -static-libgcc -o InteractionSet.dll tmp.def box_bounds.o detect_overlaps.o init.o link_overlaps.o overlap_utils.o -LC:/extsoft/lib/i386 -LC:/extsoft/lib -LC:/Users/BIOCBU~1/BBS-3~1.9-B/R/bin/i386 -lR
installing to C:/Users/biocbuild/bbs-3.9-bioc/meat/InteractionSet.buildbin-libdir/00LOCK-InteractionSet/00new/InteractionSet/libs/i386
** R
** inst
** byte-compile and prepare package for lazy loading
** help
*** installing help indices
converting help for package 'InteractionSet'
finding HTML links ... done
ContactMatrix-accessors html
finding level-2 HTML links ... done
ContactMatrix-class html
Rd warning: C:/Users/biocbuild/bbs-3.9-bioc/tmpdir/RtmpKSCzQc/R.INSTALL11543f031daa/InteractionSet/man/ContactMatrix-class.Rd:42: file link 'Annotated' in package 'S4Vectors' does not exist and so has been treated as a topic
Rd warning: C:/Users/biocbuild/bbs-3.9-bioc/tmpdir/RtmpKSCzQc/R.INSTALL11543f031daa/InteractionSet/man/ContactMatrix-class.Rd:51: file link 'Annotated' in package 'S4Vectors' does not exist and so has been treated as a topic
ContactMatrix-distances html
ContactMatrix-overlaps html
Rd warning: C:/Users/biocbuild/bbs-3.9-bioc/tmpdir/RtmpKSCzQc/R.INSTALL11543f031daa/InteractionSet/man/ContactMatrix-overlaps.Rd:33: file link 'findOverlaps' in package 'GenomicRanges' does not exist and so has been treated as a topic
Rd warning: C:/Users/biocbuild/bbs-3.9-bioc/tmpdir/RtmpKSCzQc/R.INSTALL11543f031daa/InteractionSet/man/ContactMatrix-overlaps.Rd:37: file link 'findOverlaps' in package 'GenomicRanges' does not exist and so has been treated as a topic
Rd warning: C:/Users/biocbuild/bbs-3.9-bioc/tmpdir/RtmpKSCzQc/R.INSTALL11543f031daa/InteractionSet/man/ContactMatrix-overlaps.Rd:100: file link 'findOverlaps' in package 'GenomicRanges' does not exist and so has been treated as a topic
ContactMatrix-sorting html
ContactMatrix-subset html
GInteractions-class html
InteractionSet-class html
boundingBox html
conversion html
distances html
granges-methods html
interaction-accessors html
Rd warning: C:/Users/biocbuild/bbs-3.9-bioc/tmpdir/RtmpKSCzQc/R.INSTALL11543f031daa/InteractionSet/man/interaction-accessors.Rd:174: file link 'mcols' in package 'S4Vectors' does not exist and so has been treated as a topic
interaction-bind html
interaction-compare html
Rd warning: C:/Users/biocbuild/bbs-3.9-bioc/tmpdir/RtmpKSCzQc/R.INSTALL11543f031daa/InteractionSet/man/interaction-compare.Rd:216: file link 'pcompare' in package 'S4Vectors' does not exist and so has been treated as a topic
interaction-subset html
linearize html
linkOverlaps html
Rd warning: C:/Users/biocbuild/bbs-3.9-bioc/tmpdir/RtmpKSCzQc/R.INSTALL11543f031daa/InteractionSet/man/linkOverlaps.Rd:32: file link 'findOverlaps' in package 'GenomicRanges' does not exist and so has been treated as a topic
Rd warning: C:/Users/biocbuild/bbs-3.9-bioc/tmpdir/RtmpKSCzQc/R.INSTALL11543f031daa/InteractionSet/man/linkOverlaps.Rd:63: file link 'findOverlaps' in package 'GenomicRanges' does not exist and so has been treated as a topic
overlaps html
Rd warning: C:/Users/biocbuild/bbs-3.9-bioc/tmpdir/RtmpKSCzQc/R.INSTALL11543f031daa/InteractionSet/man/overlaps.Rd:92: file link 'findOverlaps' in package 'GenomicRanges' does not exist and so has been treated as a topic
Rd warning: C:/Users/biocbuild/bbs-3.9-bioc/tmpdir/RtmpKSCzQc/R.INSTALL11543f031daa/InteractionSet/man/overlaps.Rd:97: file link 'findOverlaps' in package 'GenomicRanges' does not exist and so has been treated as a topic
Rd warning: C:/Users/biocbuild/bbs-3.9-bioc/tmpdir/RtmpKSCzQc/R.INSTALL11543f031daa/InteractionSet/man/overlaps.Rd:100: file link 'findOverlaps' in package 'GenomicRanges' does not exist and so has been treated as a topic
Rd warning: C:/Users/biocbuild/bbs-3.9-bioc/tmpdir/RtmpKSCzQc/R.INSTALL11543f031daa/InteractionSet/man/overlaps.Rd:131: file link 'findOverlaps' in package 'GenomicRanges' does not exist and so has been treated as a topic
Rd warning: C:/Users/biocbuild/bbs-3.9-bioc/tmpdir/RtmpKSCzQc/R.INSTALL11543f031daa/InteractionSet/man/overlaps.Rd:244: file link 'findOverlaps' in package 'GenomicRanges' does not exist and so has been treated as a topic
pairs html
** building package indices
** installing vignettes
** testing if installed package can be loaded from temporary location
** testing if installed package can be loaded from final location
** testing if installed package keeps a record of temporary installation path
install for x64
* installing *source* package 'InteractionSet' ...
** libs
C:/Rtools/mingw_64/bin/g++ -std=gnu++11 -I"C:/Users/BIOCBU~1/BBS-3~1.9-B/R/include" -DNDEBUG -I"C:/Users/biocbuild/bbs-3.9-bioc/R/library/Rcpp/include" -I"C:/extsoft/include" -O2 -Wall -mtune=generic -c box_bounds.cpp -o box_bounds.o
box_bounds.cpp: In function 'SEXPREC* get_box_bounds(SEXP, SEXP, SEXP, SEXP, SEXP, SEXP)':
box_bounds.cpp:10:13: warning: comparison between signed and unsigned integer expressions [-Wsign-compare]
if (npts!=Adex.size()) {
^
C:/Rtools/mingw_64/bin/g++ -std=gnu++11 -I"C:/Users/BIOCBU~1/BBS-3~1.9-B/R/include" -DNDEBUG -I"C:/Users/biocbuild/bbs-3.9-bioc/R/library/Rcpp/include" -I"C:/extsoft/include" -O2 -Wall -mtune=generic -c detect_overlaps.cpp -o detect_overlaps.o
C:/Rtools/mingw_64/bin/g++ -std=gnu++11 -I"C:/Users/BIOCBU~1/BBS-3~1.9-B/R/include" -DNDEBUG -I"C:/Users/biocbuild/bbs-3.9-bioc/R/library/Rcpp/include" -I"C:/extsoft/include" -O2 -Wall -mtune=generic -c init.cpp -o init.o
C:/Rtools/mingw_64/bin/g++ -std=gnu++11 -I"C:/Users/BIOCBU~1/BBS-3~1.9-B/R/include" -DNDEBUG -I"C:/Users/biocbuild/bbs-3.9-bioc/R/library/Rcpp/include" -I"C:/extsoft/include" -O2 -Wall -mtune=generic -c link_overlaps.cpp -o link_overlaps.o
C:/Rtools/mingw_64/bin/g++ -std=gnu++11 -I"C:/Users/BIOCBU~1/BBS-3~1.9-B/R/include" -DNDEBUG -I"C:/Users/biocbuild/bbs-3.9-bioc/R/library/Rcpp/include" -I"C:/extsoft/include" -O2 -Wall -mtune=generic -c overlap_utils.cpp -o overlap_utils.o
C:/Rtools/mingw_64/bin/g++ -shared -s -static-libgcc -o InteractionSet.dll tmp.def box_bounds.o detect_overlaps.o init.o link_overlaps.o overlap_utils.o -LC:/extsoft/lib/x64 -LC:/extsoft/lib -LC:/Users/BIOCBU~1/BBS-3~1.9-B/R/bin/x64 -lR
installing to C:/Users/biocbuild/bbs-3.9-bioc/meat/InteractionSet.buildbin-libdir/InteractionSet/libs/x64
** testing if installed package can be loaded
* MD5 sums
packaged installation of 'InteractionSet' as InteractionSet_1.12.0.zip
* DONE (InteractionSet)
* installing to library 'C:/Users/biocbuild/bbs-3.9-bioc/R/library'
package 'InteractionSet' successfully unpacked and MD5 sums checked
|
InteractionSet.Rcheck/tests_i386/testthat.Rout
R version 3.6.1 (2019-07-05) -- "Action of the Toes"
Copyright (C) 2019 The R Foundation for Statistical Computing
Platform: i386-w64-mingw32/i386 (32-bit)
R is free software and comes with ABSOLUTELY NO WARRANTY.
You are welcome to redistribute it under certain conditions.
Type 'license()' or 'licence()' for distribution details.
R is a collaborative project with many contributors.
Type 'contributors()' for more information and
'citation()' on how to cite R or R packages in publications.
Type 'demo()' for some demos, 'help()' for on-line help, or
'help.start()' for an HTML browser interface to help.
Type 'q()' to quit R.
> library(testthat)
> library(InteractionSet)
Loading required package: GenomicRanges
Loading required package: stats4
Loading required package: BiocGenerics
Loading required package: parallel
Attaching package: 'BiocGenerics'
The following objects are masked from 'package:parallel':
clusterApply, clusterApplyLB, clusterCall, clusterEvalQ,
clusterExport, clusterMap, parApply, parCapply, parLapply,
parLapplyLB, parRapply, parSapply, parSapplyLB
The following objects are masked from 'package:stats':
IQR, mad, sd, var, xtabs
The following objects are masked from 'package:base':
Filter, Find, Map, Position, Reduce, anyDuplicated, append,
as.data.frame, basename, cbind, colnames, dirname, do.call,
duplicated, eval, evalq, get, grep, grepl, intersect, is.unsorted,
lapply, mapply, match, mget, order, paste, pmax, pmax.int, pmin,
pmin.int, rank, rbind, rownames, sapply, setdiff, sort, table,
tapply, union, unique, unsplit, which, which.max, which.min
Loading required package: S4Vectors
Attaching package: 'S4Vectors'
The following object is masked from 'package:base':
expand.grid
Loading required package: IRanges
Attaching package: 'IRanges'
The following object is masked from 'package:grDevices':
windows
Loading required package: GenomeInfoDb
Loading required package: SummarizedExperiment
Loading required package: Biobase
Welcome to Bioconductor
Vignettes contain introductory material; view with
'browseVignettes()'. To cite Bioconductor, see
'citation("Biobase")', and for packages 'citation("pkgname")'.
Loading required package: DelayedArray
Loading required package: matrixStats
Attaching package: 'matrixStats'
The following objects are masked from 'package:Biobase':
anyMissing, rowMedians
Loading required package: BiocParallel
Attaching package: 'DelayedArray'
The following objects are masked from 'package:matrixStats':
colMaxs, colMins, colRanges, rowMaxs, rowMins, rowRanges
The following objects are masked from 'package:base':
aperm, apply, rowsum
>
> test_check("InteractionSet")
== testthat results ===========================================================
[ OK: 1979 | SKIPPED: 0 | WARNINGS: 2 | FAILED: 0 ]
>
>
> proc.time()
user system elapsed
59.37 0.93 60.57
|
InteractionSet.Rcheck/tests_x64/testthat.Rout
R version 3.6.1 (2019-07-05) -- "Action of the Toes"
Copyright (C) 2019 The R Foundation for Statistical Computing
Platform: x86_64-w64-mingw32/x64 (64-bit)
R is free software and comes with ABSOLUTELY NO WARRANTY.
You are welcome to redistribute it under certain conditions.
Type 'license()' or 'licence()' for distribution details.
R is a collaborative project with many contributors.
Type 'contributors()' for more information and
'citation()' on how to cite R or R packages in publications.
Type 'demo()' for some demos, 'help()' for on-line help, or
'help.start()' for an HTML browser interface to help.
Type 'q()' to quit R.
> library(testthat)
> library(InteractionSet)
Loading required package: GenomicRanges
Loading required package: stats4
Loading required package: BiocGenerics
Loading required package: parallel
Attaching package: 'BiocGenerics'
The following objects are masked from 'package:parallel':
clusterApply, clusterApplyLB, clusterCall, clusterEvalQ,
clusterExport, clusterMap, parApply, parCapply, parLapply,
parLapplyLB, parRapply, parSapply, parSapplyLB
The following objects are masked from 'package:stats':
IQR, mad, sd, var, xtabs
The following objects are masked from 'package:base':
Filter, Find, Map, Position, Reduce, anyDuplicated, append,
as.data.frame, basename, cbind, colnames, dirname, do.call,
duplicated, eval, evalq, get, grep, grepl, intersect, is.unsorted,
lapply, mapply, match, mget, order, paste, pmax, pmax.int, pmin,
pmin.int, rank, rbind, rownames, sapply, setdiff, sort, table,
tapply, union, unique, unsplit, which, which.max, which.min
Loading required package: S4Vectors
Attaching package: 'S4Vectors'
The following object is masked from 'package:base':
expand.grid
Loading required package: IRanges
Attaching package: 'IRanges'
The following object is masked from 'package:grDevices':
windows
Loading required package: GenomeInfoDb
Loading required package: SummarizedExperiment
Loading required package: Biobase
Welcome to Bioconductor
Vignettes contain introductory material; view with
'browseVignettes()'. To cite Bioconductor, see
'citation("Biobase")', and for packages 'citation("pkgname")'.
Loading required package: DelayedArray
Loading required package: matrixStats
Attaching package: 'matrixStats'
The following objects are masked from 'package:Biobase':
anyMissing, rowMedians
Loading required package: BiocParallel
Attaching package: 'DelayedArray'
The following objects are masked from 'package:matrixStats':
colMaxs, colMins, colRanges, rowMaxs, rowMins, rowRanges
The following objects are masked from 'package:base':
aperm, apply, rowsum
>
> test_check("InteractionSet")
== testthat results ===========================================================
[ OK: 1979 | SKIPPED: 0 | WARNINGS: 2 | FAILED: 0 ]
>
>
> proc.time()
user system elapsed
76.65 0.46 77.50
|
|
InteractionSet.Rcheck/examples_i386/InteractionSet-Ex.timings
|
InteractionSet.Rcheck/examples_x64/InteractionSet-Ex.timings
|