| Back to Multiple platform build/check report for BioC 3.9 |
|
This page was generated on 2019-10-16 13:01:39 -0400 (Wed, 16 Oct 2019).
| Package 372/1741 | Hostname | OS / Arch | INSTALL | BUILD | CHECK | BUILD BIN | ||||||
| CTDquerier 1.4.3 Carles Hernandez-Ferrer
| malbec2 | Linux (Ubuntu 18.04.2 LTS) / x86_64 | OK | ERROR | skipped | |||||||
| tokay2 | Windows Server 2012 R2 Standard / x64 | OK | ERROR | skipped | skipped | |||||||
| celaya2 | OS X 10.11.6 El Capitan / x86_64 | OK | [ ERROR ] | skipped | skipped |
| Package: CTDquerier |
| Version: 1.4.3 |
| Command: /Library/Frameworks/R.framework/Versions/Current/Resources/bin/R CMD build --keep-empty-dirs --no-resave-data CTDquerier |
| StartedAt: 2019-10-15 23:19:45 -0400 (Tue, 15 Oct 2019) |
| EndedAt: 2019-10-15 23:20:50 -0400 (Tue, 15 Oct 2019) |
| EllapsedTime: 64.8 seconds |
| RetCode: 1 |
| Status: ERROR |
| PackageFile: None |
| PackageFileSize: NA |
##############################################################################
##############################################################################
###
### Running command:
###
### /Library/Frameworks/R.framework/Versions/Current/Resources/bin/R CMD build --keep-empty-dirs --no-resave-data CTDquerier
###
##############################################################################
##############################################################################
* checking for file ‘CTDquerier/DESCRIPTION’ ... OK
* preparing ‘CTDquerier’:
* checking DESCRIPTION meta-information ... OK
* installing the package to build vignettes
* creating vignettes ... ERROR
--- re-building ‘batch_query.Rmd’ using rmarkdown
Quitting from lines 110-113 (batch_query.Rmd)
Error: processing vignette 'batch_query.Rmd' failed with diagnostics:
bfcadd() failed; see warnings()
--- failed re-building ‘batch_query.Rmd’
--- re-building ‘case_study.Rmd’ using rmarkdown
Warning in has_utility("convert", "ImageMagick") :
ImageMagick not installed or not in PATH
Quitting from lines 250-251 (case_study.Rmd)
Error: processing vignette 'case_study.Rmd' failed with diagnostics:
bfcadd() failed; see warnings()
--- failed re-building ‘case_study.Rmd’
--- re-building ‘vignette.Rmd’ using rmarkdown
Quitting from lines 96-102 (vignette.Rmd)
Error: processing vignette 'vignette.Rmd' failed with diagnostics:
bfcadd() failed; see warnings()
--- failed re-building ‘vignette.Rmd’
SUMMARY: processing the following files failed:
‘batch_query.Rmd’ ‘case_study.Rmd’ ‘vignette.Rmd’
Error: Vignette re-building failed.
Execution halted