| Back to Multiple platform build/check report for BioC 3.9 | 
 | 
This page was generated on 2019-04-09 13:36:00 -0400 (Tue, 09 Apr 2019).
| Package 1345/1703 | Hostname | OS / Arch | INSTALL | BUILD | CHECK | BUILD BIN | ||||||
| rhdf5client 1.5.1 Samuela Pollack 
 | malbec2 | Linux (Ubuntu 18.04.2 LTS) / x86_64 | OK | OK | WARNINGS |  | ||||||
| tokay2 | Windows Server 2012 R2 Standard / x64 | OK | OK | WARNINGS | OK |  | ||||||
| celaya2 | OS X 10.11.6 El Capitan / x86_64 | OK | OK | WARNINGS | OK |  | ||||||
| merida2 | OS X 10.11.6 El Capitan / x86_64 | OK | OK | [ WARNINGS ] | OK | 
| Package: rhdf5client | 
| Version: 1.5.1 | 
| Command: /Library/Frameworks/R.framework/Versions/Current/Resources/bin/R CMD check --install=check:rhdf5client.install-out.txt --library=/Library/Frameworks/R.framework/Versions/Current/Resources/library --no-vignettes --timings rhdf5client_1.5.1.tar.gz | 
| StartedAt: 2019-04-09 03:19:54 -0400 (Tue, 09 Apr 2019) | 
| EndedAt: 2019-04-09 03:23:02 -0400 (Tue, 09 Apr 2019) | 
| EllapsedTime: 188.6 seconds | 
| RetCode: 0 | 
| Status: WARNINGS | 
| CheckDir: rhdf5client.Rcheck | 
| Warnings: 2 | 
##############################################################################
##############################################################################
###
### Running command:
###
###   /Library/Frameworks/R.framework/Versions/Current/Resources/bin/R CMD check --install=check:rhdf5client.install-out.txt --library=/Library/Frameworks/R.framework/Versions/Current/Resources/library --no-vignettes --timings rhdf5client_1.5.1.tar.gz
###
##############################################################################
##############################################################################
* using log directory ‘/Users/biocbuild/bbs-3.9-bioc/meat/rhdf5client.Rcheck’
* using R Under development (unstable) (2018-11-27 r75683)
* using platform: x86_64-apple-darwin15.6.0 (64-bit)
* using session charset: UTF-8
* using option ‘--no-vignettes’
* checking for file ‘rhdf5client/DESCRIPTION’ ... OK
* this is package ‘rhdf5client’ version ‘1.5.1’
* package encoding: UTF-8
* checking package namespace information ... OK
* checking package dependencies ... OK
* checking if this is a source package ... OK
* checking if there is a namespace ... OK
* checking for hidden files and directories ... OK
* checking for portable file names ... OK
* checking for sufficient/correct file permissions ... OK
* checking whether package ‘rhdf5client’ can be installed ... OK
* checking installed package size ... OK
* checking package directory ... OK
* checking ‘build’ directory ... OK
* checking DESCRIPTION meta-information ... OK
* checking top-level files ... OK
* checking for left-over files ... OK
* checking index information ... OK
* checking package subdirectories ... OK
* checking R files for non-ASCII characters ... OK
* checking R files for syntax errors ... OK
* checking whether the package can be loaded ... OK
* checking whether the package can be loaded with stated dependencies ... OK
* checking whether the package can be unloaded cleanly ... OK
* checking whether the namespace can be loaded with stated dependencies ... OK
* checking whether the namespace can be unloaded cleanly ... OK
* checking dependencies in R code ... NOTE
There are ::: calls to the package's namespace in its code. A package
  almost never needs to use ::: for its own objects:
  ‘getDataList’
* checking S3 generic/method consistency ... OK
* checking replacement functions ... OK
* checking foreign function calls ... OK
* checking R code for possible problems ... NOTE
HSDS_Matrix: warning in readBin(GET(targ)$content, w = "character"):
  partial argument match of 'w' to 'what'
* checking Rd files ... OK
* checking Rd metadata ... OK
* checking Rd cross-references ... OK
* checking for missing documentation entries ... WARNING
Undocumented S4 methods:
  generic '[' and siglist 'H5S_dataset,character,character,ANY'
  generic '[' and siglist 'H5S_dataset,numeric,numeric,ANY'
  generic '[' and siglist 'HSDSDataset,numeric,numeric,ANY'
All user-level objects in a package (including S4 classes and methods)
should have documentation entries.
See chapter ‘Writing R documentation files’ in the ‘Writing R
Extensions’ manual.
* checking for code/documentation mismatches ... OK
* checking Rd \usage sections ... WARNING
Duplicated \argument entries in documentation object 'dim':
  ‘x’
Duplicated \argument entries in documentation object 'dimnames,H5S_ArraySeed-method':
  ‘x’
Duplicated \argument entries in documentation object '[,H5S_dataset,numeric,numeric-method':
  ‘x’ ‘i’
Functions with \usage entries need to have the appropriate \alias
entries, and all their arguments documented.
The \usage entries must correspond to syntactically valid R code.
See chapter ‘Writing R documentation files’ in the ‘Writing R
Extensions’ manual.
* checking Rd contents ... OK
* checking for unstated dependencies in examples ... OK
* checking line endings in C/C++/Fortran sources/headers ... OK
* checking compiled code ... NOTE
Note: information on .o files is not available
* checking files in ‘vignettes’ ... OK
* checking examples ... OK
Examples with CPU or elapsed time > 5s
                     user system elapsed
listDomains-methods 0.027  0.002  10.415
* checking for unstated dependencies in ‘tests’ ... OK
* checking tests ...
  Running ‘testthat.R’
 OK
* checking for unstated dependencies in vignettes ... OK
* checking package vignettes in ‘inst/doc’ ... OK
* checking running R code from vignettes ... SKIPPED
* checking re-building of vignette outputs ... SKIPPED
* checking PDF version of manual ... OK
* DONE
Status: 2 WARNINGs, 3 NOTEs
See
  ‘/Users/biocbuild/bbs-3.9-bioc/meat/rhdf5client.Rcheck/00check.log’
for details.
rhdf5client.Rcheck/00install.out
############################################################################## ############################################################################## ### ### Running command: ### ### /Library/Frameworks/R.framework/Versions/Current/Resources/bin/R CMD INSTALL rhdf5client ### ############################################################################## ############################################################################## * installing to library ‘/Library/Frameworks/R.framework/Versions/3.6/Resources/library’ * installing *source* package ‘rhdf5client’ ... ** libs clang -I"/Library/Frameworks/R.framework/Resources/include" -DNDEBUG -I/usr/local/include -fPIC -Wall -g -O2 -c extract.c -o extract.o clang -dynamiclib -Wl,-headerpad_max_install_names -undefined dynamic_lookup -single_module -multiply_defined suppress -L/Library/Frameworks/R.framework/Resources/lib -L/usr/local/lib -o rhdf5client.so extract.o -F/Library/Frameworks/R.framework/.. -framework R -Wl,-framework -Wl,CoreFoundation installing to /Library/Frameworks/R.framework/Versions/3.6/Resources/library/rhdf5client/libs ** R ** inst ** byte-compile and prepare package for lazy loading ** help *** installing help indices ** building package indices ** installing vignettes ** testing if installed package can be loaded * DONE (rhdf5client)
rhdf5client.Rcheck/tests/testthat.Rout
R Under development (unstable) (2018-11-27 r75683) -- "Unsuffered Consequences"
Copyright (C) 2018 The R Foundation for Statistical Computing
Platform: x86_64-apple-darwin15.6.0 (64-bit)
R is free software and comes with ABSOLUTELY NO WARRANTY.
You are welcome to redistribute it under certain conditions.
Type 'license()' or 'licence()' for distribution details.
R is a collaborative project with many contributors.
Type 'contributors()' for more information and
'citation()' on how to cite R or R packages in publications.
Type 'demo()' for some demos, 'help()' for on-line help, or
'help.start()' for an HTML browser interface to help.
Type 'q()' to quit R.
> library(testthat)
> library(rhdf5client)
Loading required package: DelayedArray
Loading required package: stats4
Loading required package: matrixStats
Loading required package: BiocGenerics
Loading required package: parallel
Attaching package: 'BiocGenerics'
The following objects are masked from 'package:parallel':
    clusterApply, clusterApplyLB, clusterCall, clusterEvalQ,
    clusterExport, clusterMap, parApply, parCapply, parLapply,
    parLapplyLB, parRapply, parSapply, parSapplyLB
The following objects are masked from 'package:stats':
    IQR, mad, sd, var, xtabs
The following objects are masked from 'package:base':
    Filter, Find, Map, Position, Reduce, anyDuplicated, append,
    as.data.frame, basename, cbind, colMeans, colSums, colnames,
    dirname, do.call, duplicated, eval, evalq, get, grep, grepl,
    intersect, is.unsorted, lapply, mapply, match, mget, order, paste,
    pmax, pmax.int, pmin, pmin.int, rank, rbind, rowMeans, rowSums,
    rownames, sapply, setdiff, sort, table, tapply, union, unique,
    unsplit, which, which.max, which.min
Loading required package: S4Vectors
Attaching package: 'S4Vectors'
The following object is masked from 'package:base':
    expand.grid
Loading required package: IRanges
Loading required package: BiocParallel
Attaching package: 'DelayedArray'
The following objects are masked from 'package:matrixStats':
    colMaxs, colMins, colRanges, rowMaxs, rowMins, rowRanges
The following objects are masked from 'package:base':
    aperm, apply, rowsum
> 
> test_check("rhdf5client")
══ testthat results  ═══════════════════════════════════════════════════════════
OK: 19 SKIPPED: 0 FAILED: 0
> 
> proc.time()
   user  system elapsed 
 21.114  15.578  43.629 
rhdf5client.Rcheck/rhdf5client-Ex.timings
| name | user | system | elapsed | |
| H5S_Array | 0.001 | 0.000 | 0.028 | |
| H5S_dataset2 | 0.144 | 0.009 | 0.900 | |
| H5S_source-class | 0.081 | 0.003 | 0.693 | |
| HSDSDataset | 0.069 | 0.006 | 0.966 | |
| HSDSFile | 0.022 | 0.002 | 0.267 | |
| HSDSSource | 0.001 | 0.000 | 0.000 | |
| HSDS_Matrix | 0.208 | 0.006 | 1.061 | |
| HSDS_Matrix_OLD | 0.001 | 0.000 | 0.001 | |
| URL_h5serv | 0.001 | 0.000 | 0.000 | |
| URL_hsds | 0 | 0 | 0 | |
| domains | 0.041 | 0.002 | 0.481 | |
| dsmeta | 0 | 0 | 0 | |
| fetchDatasets | 0.039 | 0.001 | 0.465 | |
| getData-methods | 0.131 | 0.016 | 1.449 | |
| getDatasetAttrs | 0.044 | 0.002 | 0.524 | |
| getDatasetSlice | 0.031 | 0.002 | 0.369 | |
| getDatasetUUIDs | 0.030 | 0.001 | 0.283 | |
| getDims | 0.024 | 0.001 | 0.277 | |
| getHRDF | 0.057 | 0.003 | 0.529 | |
| groups-methods | 0 | 0 | 0 | |
| hsdsInfo | 0.030 | 0.001 | 0.283 | |
| internalDim | 0 | 0 | 0 | |
| links | 0.000 | 0.001 | 0.000 | |
| listDatasets | 0.069 | 0.002 | 0.879 | |
| listDomains-methods | 0.027 | 0.002 | 10.415 | |
| setPath | 0.021 | 0.000 | 0.190 | |
| sproc | 0.003 | 0.000 | 0.003 | |
| targets | 0.000 | 0.000 | 0.001 | |