| Back to Multiple platform build/check report for BioC 3.9 |
|
This page was generated on 2019-04-09 13:27:38 -0400 (Tue, 09 Apr 2019).
| Package 1397/1703 | Hostname | OS / Arch | INSTALL | BUILD | CHECK | BUILD BIN | ||||||
| rSFFreader 0.31.0 Matt Settles
| malbec2 | Linux (Ubuntu 18.04.2 LTS) / x86_64 | OK | OK | WARNINGS | |||||||
| tokay2 | Windows Server 2012 R2 Standard / x64 | ...NOT SUPPORTED... | ||||||||||
| celaya2 | OS X 10.11.6 El Capitan / x86_64 | OK | OK | WARNINGS | OK | |||||||
| merida2 | OS X 10.11.6 El Capitan / x86_64 | OK | OK | [ WARNINGS ] | OK | |||||||
| Package: rSFFreader |
| Version: 0.31.0 |
| Command: /Library/Frameworks/R.framework/Versions/Current/Resources/bin/R CMD check --install=check:rSFFreader.install-out.txt --library=/Library/Frameworks/R.framework/Versions/Current/Resources/library --no-vignettes --timings rSFFreader_0.31.0.tar.gz |
| StartedAt: 2019-04-09 03:29:05 -0400 (Tue, 09 Apr 2019) |
| EndedAt: 2019-04-09 03:32:17 -0400 (Tue, 09 Apr 2019) |
| EllapsedTime: 192.2 seconds |
| RetCode: 0 |
| Status: WARNINGS |
| CheckDir: rSFFreader.Rcheck |
| Warnings: 1 |
##############################################################################
##############################################################################
###
### Running command:
###
### /Library/Frameworks/R.framework/Versions/Current/Resources/bin/R CMD check --install=check:rSFFreader.install-out.txt --library=/Library/Frameworks/R.framework/Versions/Current/Resources/library --no-vignettes --timings rSFFreader_0.31.0.tar.gz
###
##############################################################################
##############################################################################
* using log directory ‘/Users/biocbuild/bbs-3.9-bioc/meat/rSFFreader.Rcheck’
* using R Under development (unstable) (2018-11-27 r75683)
* using platform: x86_64-apple-darwin15.6.0 (64-bit)
* using session charset: UTF-8
* using option ‘--no-vignettes’
* checking for file ‘rSFFreader/DESCRIPTION’ ... OK
* checking extension type ... Package
* this is package ‘rSFFreader’ version ‘0.31.0’
* checking package namespace information ... OK
* checking package dependencies ... OK
* checking if this is a source package ... OK
* checking if there is a namespace ... OK
* checking for hidden files and directories ... NOTE
Found the following hidden files and directories:
.BBSoptions
These were most likely included in error. See section ‘Package
structure’ in the ‘Writing R Extensions’ manual.
* checking for portable file names ... OK
* checking for sufficient/correct file permissions ... OK
* checking whether package ‘rSFFreader’ can be installed ... OK
* checking installed package size ... NOTE
installed size is 8.8Mb
sub-directories of 1Mb or more:
extdata 8.2Mb
* checking package directory ... OK
* checking ‘build’ directory ... OK
* checking DESCRIPTION meta-information ... NOTE
Versioned 'LinkingTo' value for ‘S4Vectors’ is only usable in R >= 3.0.2
* checking top-level files ... OK
* checking for left-over files ... OK
* checking index information ... OK
* checking package subdirectories ... OK
* checking R files for non-ASCII characters ... OK
* checking R files for syntax errors ... OK
* checking whether the package can be loaded ... OK
* checking whether the package can be loaded with stated dependencies ... OK
* checking whether the package can be unloaded cleanly ... OK
* checking whether the namespace can be loaded with stated dependencies ... OK
* checking whether the namespace can be unloaded cleanly ... OK
* checking dependencies in R code ... OK
* checking S3 generic/method consistency ... OK
* checking replacement functions ... OK
* checking foreign function calls ... OK
* checking R code for possible problems ... NOTE
readSff: no visible global function definition for ‘isTRUEorFALSE’
readSffHeader: no visible global function definition for
‘isTRUEorFALSE’
Undefined global functions or variables:
isTRUEorFALSE
* checking Rd files ... OK
* checking Rd metadata ... OK
* checking Rd cross-references ... OK
* checking for missing documentation entries ... WARNING
Undocumented S4 methods:
generic '[' and siglist 'SffReads,ANY,ANY,ANY'
generic '[' and siglist 'SffReads,ANY,missing,ANY'
generic '[' and siglist 'SffReads,missing,ANY,ANY'
generic '[' and siglist 'SffReads,missing,missing,ANY'
generic '[' and siglist 'SffReadsQ,ANY,ANY,ANY'
generic '[' and siglist 'SffReadsQ,ANY,missing,ANY'
generic '[' and siglist 'SffReadsQ,missing,ANY,ANY'
generic '[' and siglist 'SffReadsQ,missing,missing,ANY'
All user-level objects in a package (including S4 classes and methods)
should have documentation entries.
See chapter ‘Writing R documentation files’ in the ‘Writing R
Extensions’ manual.
* checking for code/documentation mismatches ... OK
* checking Rd \usage sections ... OK
* checking Rd contents ... OK
* checking for unstated dependencies in examples ... OK
* checking line endings in C/C++/Fortran sources/headers ... OK
* checking compiled code ... NOTE
Note: information on .o files is not available
* checking sizes of PDF files under ‘inst/doc’ ... OK
* checking files in ‘vignettes’ ... OK
* checking examples ... OK
* checking for unstated dependencies in vignettes ... OK
* checking package vignettes in ‘inst/doc’ ... OK
* checking running R code from vignettes ... SKIPPED
* checking re-building of vignette outputs ... SKIPPED
* checking PDF version of manual ... OK
* DONE
Status: 1 WARNING, 5 NOTEs
See
‘/Users/biocbuild/bbs-3.9-bioc/meat/rSFFreader.Rcheck/00check.log’
for details.
rSFFreader.Rcheck/00install.out
############################################################################## ############################################################################## ### ### Running command: ### ### /Library/Frameworks/R.framework/Versions/Current/Resources/bin/R CMD INSTALL rSFFreader ### ############################################################################## ############################################################################## * installing to library ‘/Library/Frameworks/R.framework/Versions/3.6/Resources/library’ * installing *source* package ‘rSFFreader’ ... ** libs clang -I"/Library/Frameworks/R.framework/Resources/include" -DNDEBUG -I"/Library/Frameworks/R.framework/Versions/3.6/Resources/library/S4Vectors/include" -I"/Library/Frameworks/R.framework/Versions/3.6/Resources/library/IRanges/include" -I"/Library/Frameworks/R.framework/Versions/3.6/Resources/library/XVector/include" -I"/Library/Frameworks/R.framework/Versions/3.6/Resources/library/Biostrings/include" -I/usr/local/include -fPIC -Wall -g -O2 -c Biostrings_stubs.c -o Biostrings_stubs.o clang -I"/Library/Frameworks/R.framework/Resources/include" -DNDEBUG -I"/Library/Frameworks/R.framework/Versions/3.6/Resources/library/S4Vectors/include" -I"/Library/Frameworks/R.framework/Versions/3.6/Resources/library/IRanges/include" -I"/Library/Frameworks/R.framework/Versions/3.6/Resources/library/XVector/include" -I"/Library/Frameworks/R.framework/Versions/3.6/Resources/library/Biostrings/include" -I/usr/local/include -fPIC -Wall -g -O2 -c IRanges_stubs.c -o IRanges_stubs.o clang -I"/Library/Frameworks/R.framework/Resources/include" -DNDEBUG -I"/Library/Frameworks/R.framework/Versions/3.6/Resources/library/S4Vectors/include" -I"/Library/Frameworks/R.framework/Versions/3.6/Resources/library/IRanges/include" -I"/Library/Frameworks/R.framework/Versions/3.6/Resources/library/XVector/include" -I"/Library/Frameworks/R.framework/Versions/3.6/Resources/library/Biostrings/include" -I/usr/local/include -fPIC -Wall -g -O2 -c R_init_rSFFreader.c -o R_init_rSFFreader.o clang -I"/Library/Frameworks/R.framework/Resources/include" -DNDEBUG -I"/Library/Frameworks/R.framework/Versions/3.6/Resources/library/S4Vectors/include" -I"/Library/Frameworks/R.framework/Versions/3.6/Resources/library/IRanges/include" -I"/Library/Frameworks/R.framework/Versions/3.6/Resources/library/XVector/include" -I"/Library/Frameworks/R.framework/Versions/3.6/Resources/library/Biostrings/include" -I/usr/local/include -fPIC -Wall -g -O2 -c S4Vectors_stubs.c -o S4Vectors_stubs.o clang -I"/Library/Frameworks/R.framework/Resources/include" -DNDEBUG -I"/Library/Frameworks/R.framework/Versions/3.6/Resources/library/S4Vectors/include" -I"/Library/Frameworks/R.framework/Versions/3.6/Resources/library/IRanges/include" -I"/Library/Frameworks/R.framework/Versions/3.6/Resources/library/XVector/include" -I"/Library/Frameworks/R.framework/Versions/3.6/Resources/library/Biostrings/include" -I/usr/local/include -fPIC -Wall -g -O2 -c SFF-io.c -o SFF-io.o clang -I"/Library/Frameworks/R.framework/Resources/include" -DNDEBUG -I"/Library/Frameworks/R.framework/Versions/3.6/Resources/library/S4Vectors/include" -I"/Library/Frameworks/R.framework/Versions/3.6/Resources/library/IRanges/include" -I"/Library/Frameworks/R.framework/Versions/3.6/Resources/library/XVector/include" -I"/Library/Frameworks/R.framework/Versions/3.6/Resources/library/Biostrings/include" -I/usr/local/include -fPIC -Wall -g -O2 -c XVector_stubs.c -o XVector_stubs.o clang -dynamiclib -Wl,-headerpad_max_install_names -undefined dynamic_lookup -single_module -multiply_defined suppress -L/Library/Frameworks/R.framework/Resources/lib -L/usr/local/lib -o rSFFreader.so Biostrings_stubs.o IRanges_stubs.o R_init_rSFFreader.o S4Vectors_stubs.o SFF-io.o XVector_stubs.o -F/Library/Frameworks/R.framework/.. -framework R -Wl,-framework -Wl,CoreFoundation installing to /Library/Frameworks/R.framework/Versions/3.6/Resources/library/rSFFreader/libs ** R ** inst ** byte-compile and prepare package for lazy loading ** help *** installing help indices ** building package indices ** installing vignettes ** testing if installed package can be loaded * DONE (rSFFreader)
rSFFreader.Rcheck/rSFFreader-Ex.timings
| name | user | system | elapsed | |
| SffHeader-class | 0.514 | 0.044 | 0.606 | |
| SffReads-class | 0.484 | 0.014 | 0.508 | |
| SffReadsQ-class | 0.433 | 0.015 | 0.452 | |
| availableClipModes | 0.232 | 0.010 | 0.244 | |
| load454SampleData | 0.368 | 0.016 | 0.397 | |
| loadIonSampleData | 0.250 | 0.006 | 0.265 | |
| readsff | 0.326 | 0.009 | 0.339 | |
| readsffgeometry | 0.006 | 0.007 | 0.013 | |
| readsffheader | 0.002 | 0.001 | 0.003 | |