| Back to Multiple platform build/check report for BioC 3.9 | 
 | 
This page was generated on 2019-04-09 13:39:38 -0400 (Tue, 09 Apr 2019).
| Package 1264/1703 | Hostname | OS / Arch | INSTALL | BUILD | CHECK | BUILD BIN | ||||||
| qsmooth 0.99.10 Stephanie C. Hicks 
 | malbec2 | Linux (Ubuntu 18.04.2 LTS) / x86_64 | OK | ERROR | skipped | |||||||
| tokay2 | Windows Server 2012 R2 Standard / x64 | OK | ERROR | skipped | skipped | |||||||
| celaya2 | OS X 10.11.6 El Capitan / x86_64 | OK | ERROR | skipped | skipped | |||||||
| merida2 | OS X 10.11.6 El Capitan / x86_64 | OK | [ ERROR ] | skipped | skipped | 
| Package: qsmooth | 
| Version: 0.99.10 | 
| Command: /Library/Frameworks/R.framework/Versions/Current/Resources/bin/R CMD build --keep-empty-dirs --no-resave-data qsmooth | 
| StartedAt: 2019-04-08 22:53:48 -0400 (Mon, 08 Apr 2019) | 
| EndedAt: 2019-04-08 22:54:12 -0400 (Mon, 08 Apr 2019) | 
| EllapsedTime: 23.9 seconds | 
| RetCode: 1 | 
| Status: ERROR | 
| PackageFile: None | 
| PackageFileSize: NA | 
############################################################################## ############################################################################## ### ### Running command: ### ### /Library/Frameworks/R.framework/Versions/Current/Resources/bin/R CMD build --keep-empty-dirs --no-resave-data qsmooth ### ############################################################################## ############################################################################## * checking for file ‘qsmooth/DESCRIPTION’ ... OK * preparing ‘qsmooth’: * checking DESCRIPTION meta-information ... OK * installing the package to build vignettes * creating vignettes ... ERROR Error: processing vignette 'qsmooth.Rmd' failed with diagnostics: Scanner error: mapping values are not allowed in this context at line 4, column 16 Execution halted