| Back to Multiple platform build/check report for BioC 3.9 |
|
This page was generated on 2019-04-09 11:40:38 -0400 (Tue, 09 Apr 2019).
| Package 1075/1703 | Hostname | OS / Arch | INSTALL | BUILD | CHECK | BUILD BIN | ||||||
| nethet 1.15.0 Nicolas Staedler
| malbec2 | Linux (Ubuntu 18.04.2 LTS) / x86_64 | OK | [ ERROR ] | skipped | |||||||
| tokay2 | Windows Server 2012 R2 Standard / x64 | OK | OK | OK | OK | |||||||
| celaya2 | OS X 10.11.6 El Capitan / x86_64 | OK | OK | OK | OK | |||||||
| merida2 | OS X 10.11.6 El Capitan / x86_64 | OK | OK | OK | OK |
| Package: nethet |
| Version: 1.15.0 |
| Command: /home/biocbuild/bbs-3.9-bioc/R/bin/R CMD build --keep-empty-dirs --no-resave-data nethet |
| StartedAt: 2019-04-08 20:30:34 -0400 (Mon, 08 Apr 2019) |
| EndedAt: 2019-04-08 20:31:09 -0400 (Mon, 08 Apr 2019) |
| EllapsedTime: 34.5 seconds |
| RetCode: 1 |
| Status: ERROR |
| PackageFile: None |
| PackageFileSize: NA |
############################################################################## ############################################################################## ### ### Running command: ### ### /home/biocbuild/bbs-3.9-bioc/R/bin/R CMD build --keep-empty-dirs --no-resave-data nethet ### ############################################################################## ############################################################################## * checking for file ‘nethet/DESCRIPTION’ ... OK * preparing ‘nethet’: * checking DESCRIPTION meta-information ... OK * cleaning src * installing the package to build vignettes * creating vignettes ... ERROR --- re-building ‘nethet.Rnw’ using knitr Quitting from lines 267-278 (nethet.Rnw) Error: processing vignette 'nethet.Rnw' failed with diagnostics: subscript out of bounds --- failed re-building ‘nethet.Rnw’ SUMMARY: processing the following file failed: ‘nethet.Rnw’ Error: Vignette re-building failed. Execution halted