| Back to Multiple platform build/check report for BioC 3.9 |
|
This page was generated on 2019-04-09 12:31:11 -0400 (Tue, 09 Apr 2019).
| Package 1070/1703 | Hostname | OS / Arch | INSTALL | BUILD | CHECK | BUILD BIN | ||||||
| ndexr 1.5.1 Florian Auer
| malbec2 | Linux (Ubuntu 18.04.2 LTS) / x86_64 | OK | OK | OK | |||||||
| tokay2 | Windows Server 2012 R2 Standard / x64 | OK | OK | [ WARNINGS ] | OK | |||||||
| celaya2 | OS X 10.11.6 El Capitan / x86_64 | OK | OK | OK | OK | |||||||
| merida2 | OS X 10.11.6 El Capitan / x86_64 | OK | OK | OK | OK |
| Package: ndexr |
| Version: 1.5.1 |
| Command: C:\Users\biocbuild\bbs-3.9-bioc\R\bin\R.exe CMD check --force-multiarch --install=check:ndexr.install-out.txt --library=C:\Users\biocbuild\bbs-3.9-bioc\R\library --no-vignettes --timings ndexr_1.5.1.tar.gz |
| StartedAt: 2019-04-09 04:31:54 -0400 (Tue, 09 Apr 2019) |
| EndedAt: 2019-04-09 04:34:18 -0400 (Tue, 09 Apr 2019) |
| EllapsedTime: 144.6 seconds |
| RetCode: 0 |
| Status: WARNINGS |
| CheckDir: ndexr.Rcheck |
| Warnings: 1 |
##############################################################################
##############################################################################
###
### Running command:
###
### C:\Users\biocbuild\bbs-3.9-bioc\R\bin\R.exe CMD check --force-multiarch --install=check:ndexr.install-out.txt --library=C:\Users\biocbuild\bbs-3.9-bioc\R\library --no-vignettes --timings ndexr_1.5.1.tar.gz
###
##############################################################################
##############################################################################
* using log directory 'C:/Users/biocbuild/bbs-3.9-bioc/meat/ndexr.Rcheck'
* using R Under development (unstable) (2019-03-09 r76216)
* using platform: x86_64-w64-mingw32 (64-bit)
* using session charset: ISO8859-1
* using option '--no-vignettes'
* checking for file 'ndexr/DESCRIPTION' ... OK
* checking extension type ... Package
* this is package 'ndexr' version '1.5.1'
* package encoding: UTF-8
* checking package namespace information ... OK
* checking package dependencies ... OK
* checking if this is a source package ... OK
* checking if there is a namespace ... OK
* checking for hidden files and directories ... OK
* checking for portable file names ... OK
* checking whether package 'ndexr' can be installed ... WARNING
Found the following significant warnings:
Rd warning: C:/Users/biocbuild/bbs-3.9-bioc/tmpdir/RtmpecrAJ5/R.INSTALL10842e15e05/ndexr/man/ngraph_toRCX.Rd:153: file link 'igraph' in package 'igraph' does not exist and so has been treated as a topic
Rd warning: C:/Users/biocbuild/bbs-3.9-bioc/tmpdir/RtmpecrAJ5/R.INSTALL10842e15e05/ndexr/man/rcx_toNGraph.Rd:27: file link 'igraph' in package 'igraph' does not exist and so has been treated as a topic
Rd warning: C:/Users/biocbuild/bbs-3.9-bioc/tmpdir/RtmpecrAJ5/R.INSTALL10842e15e05/ndexr/man/rcx_toNGraph.Rd:163: file link 'igraph' in package 'igraph' does not exist and so has been treated as a topic
Rd warning: C:/Users/biocbuild/bbs-3.9-bioc/tmpdir/RtmpecrAJ5/R.INSTALL10842e15e05/ndexr/man/rcx_toRCXgraph.Rd:31: file link 'igraph' in package 'igraph' does not exist and so has been treated as a topic
Rd warning: C:/Users/biocbuild/bbs-3.9-bioc/tmpdir/RtmpecrAJ5/R.INSTALL10842e15e05/ndexr/man/rcx_toRCXgraph.Rd:148: file link 'igraph' in package 'igraph' does not exist and so has been treated as a topic
Rd warning: C:/Users/biocbuild/bbs-3.9-bioc/tmpdir/RtmpecrAJ5/R.INSTALL10842e15e05/ndexr/man/rcxgraph_toRCX.Rd:132: file link 'igraph' in package 'igraph' does not exist and so has been treated as a topic
See 'C:/Users/biocbuild/bbs-3.9-bioc/meat/ndexr.Rcheck/00install.out' for details.
* checking installed package size ... OK
* checking package directory ... OK
* checking 'build' directory ... OK
* checking DESCRIPTION meta-information ... NOTE
Deprecated license: BSD
* checking top-level files ... OK
* checking for left-over files ... OK
* checking index information ... OK
* checking package subdirectories ... OK
* checking R files for non-ASCII characters ... OK
* checking R files for syntax errors ... OK
* loading checks for arch 'i386'
** checking whether the package can be loaded ... OK
** checking whether the package can be loaded with stated dependencies ... OK
** checking whether the package can be unloaded cleanly ... OK
** checking whether the namespace can be loaded with stated dependencies ... OK
** checking whether the namespace can be unloaded cleanly ... OK
* loading checks for arch 'x64'
** checking whether the package can be loaded ... OK
** checking whether the package can be loaded with stated dependencies ... OK
** checking whether the package can be unloaded cleanly ... OK
** checking whether the namespace can be loaded with stated dependencies ... OK
** checking whether the namespace can be unloaded cleanly ... OK
* checking dependencies in R code ... NOTE
Package in Depends field not imported from: 'igraph'
These packages need to be imported from (in the NAMESPACE file)
for when this namespace is loaded but not attached.
Unexported object imported by a ':::' call: 'httr:::default_ua'
See the note in ?`:::` about the use of this operator.
* checking S3 generic/method consistency ... OK
* checking replacement functions ... OK
* checking foreign function calls ... OK
* checking R code for possible problems ... NOTE
ndex_create_network: no visible global function definition for 'tail'
ndex_rest_DELETE: no visible global function definition for
'packageVersion'
ndex_rest_GET: no visible global function definition for
'packageVersion'
ndex_rest_POST: no visible global function definition for
'packageVersion'
ndex_rest_PUT: no visible global function definition for
'packageVersion'
rcx_fromRCXgraph: no visible binding for global variable 'po'
rcx_toRCXgraph: no visible global function definition for 'V'
rcx_toRCXgraph: no visible global function definition for 'V<-'
rcx_toRCXgraph: no visible global function definition for 'E'
rcx_toRCXgraph: no visible global function definition for 'E<-'
rcxgraph_fromRCX: no visible global function definition for 'V'
rcxgraph_fromRCX: no visible global function definition for 'V<-'
rcxgraph_fromRCX: no visible global function definition for 'E'
rcxgraph_fromRCX: no visible global function definition for 'E<-'
rcxgraph_toRCX: no visible binding for global variable 'po'
Undefined global functions or variables:
E E<- V V<- packageVersion po tail
Consider adding
importFrom("utils", "packageVersion", "tail")
to your NAMESPACE file.
* checking Rd files ... OK
* checking Rd metadata ... OK
* checking Rd cross-references ... OK
* checking for missing documentation entries ... OK
* checking for code/documentation mismatches ... OK
* checking Rd \usage sections ... OK
* checking Rd contents ... OK
* checking for unstated dependencies in examples ... OK
* checking installed files from 'inst/doc' ... OK
* checking files in 'vignettes' ... OK
* checking examples ...
** running examples for arch 'i386' ... OK
** running examples for arch 'x64' ... OK
* checking for unstated dependencies in 'tests' ... OK
* checking tests ...
** running tests for arch 'i386' ...
Running 'testthat.R'
OK
** running tests for arch 'x64' ...
Running 'testthat.R'
OK
* checking for unstated dependencies in vignettes ... OK
* checking package vignettes in 'inst/doc' ... OK
* checking running R code from vignettes ... SKIPPED
* checking re-building of vignette outputs ... SKIPPED
* checking PDF version of manual ... OK
* DONE
Status: 1 WARNING, 3 NOTEs
See
'C:/Users/biocbuild/bbs-3.9-bioc/meat/ndexr.Rcheck/00check.log'
for details.
ndexr.Rcheck/00install.out
##############################################################################
##############################################################################
###
### Running command:
###
### C:\cygwin\bin\curl.exe -O https://malbec2.bioconductor.org/BBS/3.9/bioc/src/contrib/ndexr_1.5.1.tar.gz && rm -rf ndexr.buildbin-libdir && mkdir ndexr.buildbin-libdir && C:\Users\biocbuild\bbs-3.9-bioc\R\bin\R.exe CMD INSTALL --merge-multiarch --build --library=ndexr.buildbin-libdir ndexr_1.5.1.tar.gz && C:\Users\biocbuild\bbs-3.9-bioc\R\bin\R.exe CMD INSTALL ndexr_1.5.1.zip && rm ndexr_1.5.1.tar.gz ndexr_1.5.1.zip
###
##############################################################################
##############################################################################
% Total % Received % Xferd Average Speed Time Time Time Current
Dload Upload Total Spent Left Speed
0 0 0 0 0 0 0 0 --:--:-- --:--:-- --:--:-- 0
100 374k 100 374k 0 0 3906k 0 --:--:-- --:--:-- --:--:-- 4207k
install for i386
* installing *source* package 'ndexr' ...
** R
** inst
** byte-compile and prepare package for lazy loading
** help
*** installing help indices
converting help for package 'ndexr'
finding HTML links ... done
listToRCode html
ndex_conf_header html
ndex_config html
ndex_connect html
ndex_create_group html
ndex_create_network html
ndex_create_user html
ndex_delete_group html
ndex_delete_network html
ndex_delete_user html
ndex_find_groups html
ndex_find_networks html
ndex_find_user_byId html
ndex_find_user_byName html
ndex_find_users html
ndex_get_group html
ndex_get_network html
ndex_group_delete_membership html
ndex_group_list_networks html
ndex_group_list_users html
ndex_group_network_get_permission html
ndex_group_set_membership html
ndex_helper_encodeParams html
ndex_helper_getApi html
ndex_helper_httpResponseHandler html
ndex_internal_addAspects html
ndex_network_aspect_get_metadata html
ndex_network_delete_permission html
ndex_network_get_aspect html
ndex_network_get_metadata html
ndex_network_get_permission html
ndex_network_get_provenance html
ndex_network_get_summary html
ndex_network_set_systemProperties html
ndex_network_update_aspect html
ndex_network_update_permission html
ndex_network_update_profile html
ndex_rest_DELETE html
ndex_rest_GET html
ndex_rest_POST html
ndex_rest_PUT html
ndex_update_group html
ndex_update_network html
ndex_update_user html
ndex_user_change_password html
ndex_user_forgot_password html
ndex_user_get_networksummary html
ndex_user_get_showcase html
ndex_user_list_groups html
ndex_user_list_permissions html
ndex_user_mail_password html
ndex_user_show_group html
ndex_user_show_permission html
ndex_verify_user html
ndexr-package html
ngraph_toRCX html
Rd warning: C:/Users/biocbuild/bbs-3.9-bioc/tmpdir/RtmpecrAJ5/R.INSTALL10842e15e05/ndexr/man/ngraph_toRCX.Rd:153: file link 'igraph' in package 'igraph' does not exist and so has been treated as a topic
print.NDExConnection html
print.RCX html
rcx_asNewNetwork html
rcx_aspect_toJSON html
rcx_fromJSON html
rcx_new html
rcx_toJSON html
rcx_toNGraph html
Rd warning: C:/Users/biocbuild/bbs-3.9-bioc/tmpdir/RtmpecrAJ5/R.INSTALL10842e15e05/ndexr/man/rcx_toNGraph.Rd:27: file link 'igraph' in package 'igraph' does not exist and so has been treated as a topic
Rd warning: C:/Users/biocbuild/bbs-3.9-bioc/tmpdir/RtmpecrAJ5/R.INSTALL10842e15e05/ndexr/man/rcx_toNGraph.Rd:163: file link 'igraph' in package 'igraph' does not exist and so has been treated as a topic
rcx_toRCXgraph html
Rd warning: C:/Users/biocbuild/bbs-3.9-bioc/tmpdir/RtmpecrAJ5/R.INSTALL10842e15e05/ndexr/man/rcx_toRCXgraph.Rd:31: file link 'igraph' in package 'igraph' does not exist and so has been treated as a topic
Rd warning: C:/Users/biocbuild/bbs-3.9-bioc/tmpdir/RtmpecrAJ5/R.INSTALL10842e15e05/ndexr/man/rcx_toRCXgraph.Rd:148: file link 'igraph' in package 'igraph' does not exist and so has been treated as a topic
rcx_updateMetaData html
rcxgraph_toRCX html
Rd warning: C:/Users/biocbuild/bbs-3.9-bioc/tmpdir/RtmpecrAJ5/R.INSTALL10842e15e05/ndexr/man/rcxgraph_toRCX.Rd:132: file link 'igraph' in package 'igraph' does not exist and so has been treated as a topic
** building package indices
** installing vignettes
** testing if installed package can be loaded from temporary location
** testing if installed package can be loaded from final location
** testing if installed package keeps a record of temporary installation path
install for x64
* installing *source* package 'ndexr' ...
** testing if installed package can be loaded
* MD5 sums
packaged installation of 'ndexr' as ndexr_1.5.1.zip
* DONE (ndexr)
* installing to library 'C:/Users/biocbuild/bbs-3.9-bioc/R/library'
package 'ndexr' successfully unpacked and MD5 sums checked
|
ndexr.Rcheck/tests_i386/testthat.Rout
R Under development (unstable) (2019-03-09 r76216) -- "Unsuffered Consequences"
Copyright (C) 2019 The R Foundation for Statistical Computing
Platform: i386-w64-mingw32/i386 (32-bit)
R is free software and comes with ABSOLUTELY NO WARRANTY.
You are welcome to redistribute it under certain conditions.
Type 'license()' or 'licence()' for distribution details.
R is a collaborative project with many contributors.
Type 'contributors()' for more information and
'citation()' on how to cite R or R packages in publications.
Type 'demo()' for some demos, 'help()' for on-line help, or
'help.start()' for an HTML browser interface to help.
Type 'q()' to quit R.
> library(testthat)
> library(ndexr)
Loading required package: igraph
Attaching package: 'igraph'
The following object is masked from 'package:testthat':
compare
The following objects are masked from 'package:stats':
decompose, spectrum
The following object is masked from 'package:base':
union
>
> test_check("ndexr")
== testthat results ===========================================================
OK: 140 SKIPPED: 0 FAILED: 0
>
> proc.time()
user system elapsed
21.59 0.57 31.00
|
ndexr.Rcheck/tests_x64/testthat.Rout
R Under development (unstable) (2019-03-09 r76216) -- "Unsuffered Consequences"
Copyright (C) 2019 The R Foundation for Statistical Computing
Platform: x86_64-w64-mingw32/x64 (64-bit)
R is free software and comes with ABSOLUTELY NO WARRANTY.
You are welcome to redistribute it under certain conditions.
Type 'license()' or 'licence()' for distribution details.
R is a collaborative project with many contributors.
Type 'contributors()' for more information and
'citation()' on how to cite R or R packages in publications.
Type 'demo()' for some demos, 'help()' for on-line help, or
'help.start()' for an HTML browser interface to help.
Type 'q()' to quit R.
> library(testthat)
> library(ndexr)
Loading required package: igraph
Attaching package: 'igraph'
The following object is masked from 'package:testthat':
compare
The following objects are masked from 'package:stats':
decompose, spectrum
The following object is masked from 'package:base':
union
>
> test_check("ndexr")
== testthat results ===========================================================
OK: 140 SKIPPED: 0 FAILED: 0
>
> proc.time()
user system elapsed
19.89 0.51 29.45
|
|
ndexr.Rcheck/examples_i386/ndexr-Ex.timings
|
ndexr.Rcheck/examples_x64/ndexr-Ex.timings
|