Back to Multiple platform build/check report for BioC 3.9 |
|
This page was generated on 2019-04-03 11:29:19 -0400 (Wed, 03 Apr 2019).
Package 1017/1696 | Hostname | OS / Arch | INSTALL | BUILD | CHECK | BUILD BIN | ||||||
motifbreakR 1.13.0 Simon Gert Coetzee
| malbec2 | Linux (Ubuntu 18.04.2 LTS) / x86_64 | OK | OK | [ ERROR ] | |||||||
tokay2 | Windows Server 2012 R2 Standard / x64 | OK | OK | ERROR | OK | |||||||
celaya2 | OS X 10.11.6 El Capitan / x86_64 | OK | OK | ERROR | OK | |||||||
merida2 | OS X 10.11.6 El Capitan / x86_64 | OK | OK | ERROR | OK |
Package: motifbreakR |
Version: 1.13.0 |
Command: /home/biocbuild/bbs-3.9-bioc/R/bin/R CMD check --install=check:motifbreakR.install-out.txt --library=/home/biocbuild/bbs-3.9-bioc/R/library --no-vignettes --timings motifbreakR_1.13.0.tar.gz |
StartedAt: 2019-04-03 02:53:47 -0400 (Wed, 03 Apr 2019) |
EndedAt: 2019-04-03 03:01:29 -0400 (Wed, 03 Apr 2019) |
EllapsedTime: 461.4 seconds |
RetCode: 1 |
Status: ERROR |
CheckDir: motifbreakR.Rcheck |
Warnings: NA |
############################################################################## ############################################################################## ### ### Running command: ### ### /home/biocbuild/bbs-3.9-bioc/R/bin/R CMD check --install=check:motifbreakR.install-out.txt --library=/home/biocbuild/bbs-3.9-bioc/R/library --no-vignettes --timings motifbreakR_1.13.0.tar.gz ### ############################################################################## ############################################################################## * using log directory ‘/home/biocbuild/bbs-3.9-bioc/meat/motifbreakR.Rcheck’ * using R Under development (unstable) (2019-03-18 r76245) * using platform: x86_64-pc-linux-gnu (64-bit) * using session charset: UTF-8 * using option ‘--no-vignettes’ * checking for file ‘motifbreakR/DESCRIPTION’ ... OK * this is package ‘motifbreakR’ version ‘1.13.0’ * checking package namespace information ... OK * checking package dependencies ... OK * checking if this is a source package ... OK * checking if there is a namespace ... OK * checking for hidden files and directories ... OK * checking for portable file names ... OK * checking for sufficient/correct file permissions ... OK * checking whether package ‘motifbreakR’ can be installed ... OK * checking installed package size ... OK * checking package directory ... OK * checking ‘build’ directory ... OK * checking DESCRIPTION meta-information ... OK * checking top-level files ... OK * checking for left-over files ... OK * checking index information ... OK * checking package subdirectories ... OK * checking R files for non-ASCII characters ... OK * checking R files for syntax errors ... OK * checking whether the package can be loaded ... OK * checking whether the package can be loaded with stated dependencies ... OK * checking whether the package can be unloaded cleanly ... OK * checking whether the namespace can be loaded with stated dependencies ... OK * checking whether the namespace can be unloaded cleanly ... OK * checking dependencies in R code ... NOTE Packages in Depends field not imported from: 'MotifDb' 'grid' These packages need to be imported from (in the NAMESPACE file) for when this namespace is loaded but not attached. * checking S3 generic/method consistency ... OK * checking replacement functions ... OK * checking foreign function calls ... OK * checking R code for possible problems ... NOTE plotMotifLogoStack.2: no visible global function definition for 'par' snps.from.file: no visible global function definition for 'info' snps.from.file: no visible global function definition for 'rowRanges' snps.from.rsid: no visible global function definition for 'snpsById' Undefined global functions or variables: info par rowRanges snpsById Consider adding importFrom("graphics", "par") to your NAMESPACE file. * checking Rd files ... OK * checking Rd metadata ... OK * checking Rd cross-references ... OK * checking for missing documentation entries ... OK * checking for code/documentation mismatches ... OK * checking Rd \usage sections ... OK * checking Rd contents ... OK * checking for unstated dependencies in examples ... OK * checking contents of ‘data’ directory ... OK * checking data for non-ASCII characters ... OK * checking data for ASCII and uncompressed saves ... OK * checking files in ‘vignettes’ ... OK * checking examples ... ERROR Running examples in ‘motifbreakR-Ex.R’ failed The error most likely occurred in: > base::assign(".ptime", proc.time(), pos = "CheckExEnv") > ### Name: motifbreakR > ### Title: Predict The Disruptiveness Of Single Nucleotide Polymorphisms On > ### Transcription Factor Binding Sites. > ### Aliases: motifbreakR > > ### ** Examples > > library(BSgenome.Hsapiens.UCSC.hg19) Loading required package: BSgenome Loading required package: GenomeInfoDb Loading required package: GenomicRanges Loading required package: rtracklayer > # prepare variants > load(system.file("extdata", + "pca.enhancer.snps.rda", + package = "motifbreakR")) # loads snps.mb > pca.enhancer.snps <- sample(snps.mb, 20) > # Get motifs to interrogate > data(hocomoco) > motifs <- sample(hocomoco, 50) > # run motifbreakR > results <- motifbreakR(pca.enhancer.snps, + motifs, threshold = 0.85, + method = "ic", + BPPARAM=BiocParallel::SerialParam()) Error in 1:cores : NA/NaN argument Calls: motifbreakR -> sapply Execution halted * checking for unstated dependencies in vignettes ... OK * checking package vignettes in ‘inst/doc’ ... OK * checking running R code from vignettes ... SKIPPED * checking re-building of vignette outputs ... SKIPPED * checking PDF version of manual ... OK * DONE Status: 1 ERROR, 2 NOTEs See ‘/home/biocbuild/bbs-3.9-bioc/meat/motifbreakR.Rcheck/00check.log’ for details.
motifbreakR.Rcheck/00install.out
############################################################################## ############################################################################## ### ### Running command: ### ### /home/biocbuild/bbs-3.9-bioc/R/bin/R CMD INSTALL motifbreakR ### ############################################################################## ############################################################################## * installing to library ‘/home/biocbuild/bbs-3.9-bioc/R/library’ * installing *source* package ‘motifbreakR’ ... ** using staged installation ** R ** data *** moving datasets to lazyload DB ** inst ** byte-compile and prepare package for lazy loading See system.file("LICENSE", package="MotifDb") for use restrictions. ** help *** installing help indices ** building package indices ** installing vignettes ** testing if installed package can be loaded from temporary location See system.file("LICENSE", package="MotifDb") for use restrictions. ** testing if installed package can be loaded from final location See system.file("LICENSE", package="MotifDb") for use restrictions. ** testing if installed package keeps a record of temporary installation path * DONE (motifbreakR)
motifbreakR.Rcheck/motifbreakR-Ex.timings
name | user | system | elapsed | |
calculatePvalue | 0.351 | 0.008 | 0.441 | |
encodemotif | 0.036 | 0.004 | 0.039 | |
example.results | 0.110 | 0.000 | 0.111 | |
factorbook | 0.009 | 0.000 | 0.008 | |
hocomoco | 0.013 | 0.000 | 0.014 | |
homer | 0.012 | 0.000 | 0.011 | |