| Back to Multiple platform build/check report for BioC 3.9 |
|
This page was generated on 2019-04-09 11:39:03 -0400 (Tue, 09 Apr 2019).
| Package 556/1703 | Hostname | OS / Arch | INSTALL | BUILD | CHECK | BUILD BIN | ||||||
| flowDensity 1.17.2 Mehrnoush Malek
| malbec2 | Linux (Ubuntu 18.04.2 LTS) / x86_64 | OK | OK | [ WARNINGS ] | |||||||
| tokay2 | Windows Server 2012 R2 Standard / x64 | OK | OK | WARNINGS | OK | |||||||
| celaya2 | OS X 10.11.6 El Capitan / x86_64 | OK | OK | WARNINGS | OK | |||||||
| merida2 | OS X 10.11.6 El Capitan / x86_64 | OK | OK | WARNINGS | OK |
| Package: flowDensity |
| Version: 1.17.2 |
| Command: /home/biocbuild/bbs-3.9-bioc/R/bin/R CMD check --install=check:flowDensity.install-out.txt --library=/home/biocbuild/bbs-3.9-bioc/R/library --no-vignettes --timings flowDensity_1.17.2.tar.gz |
| StartedAt: 2019-04-09 00:31:39 -0400 (Tue, 09 Apr 2019) |
| EndedAt: 2019-04-09 00:33:12 -0400 (Tue, 09 Apr 2019) |
| EllapsedTime: 92.8 seconds |
| RetCode: 0 |
| Status: WARNINGS |
| CheckDir: flowDensity.Rcheck |
| Warnings: 5 |
##############################################################################
##############################################################################
###
### Running command:
###
### /home/biocbuild/bbs-3.9-bioc/R/bin/R CMD check --install=check:flowDensity.install-out.txt --library=/home/biocbuild/bbs-3.9-bioc/R/library --no-vignettes --timings flowDensity_1.17.2.tar.gz
###
##############################################################################
##############################################################################
* using log directory ‘/home/biocbuild/bbs-3.9-bioc/meat/flowDensity.Rcheck’
* using R Under development (unstable) (2019-03-18 r76245)
* using platform: x86_64-pc-linux-gnu (64-bit)
* using session charset: UTF-8
* using option ‘--no-vignettes’
* checking for file ‘flowDensity/DESCRIPTION’ ... OK
* checking extension type ... Package
* this is package ‘flowDensity’ version ‘1.17.2’
* checking package namespace information ... OK
* checking package dependencies ... OK
* checking if this is a source package ... OK
* checking if there is a namespace ... OK
* checking for hidden files and directories ... OK
* checking for portable file names ... OK
* checking for sufficient/correct file permissions ... OK
* checking whether package ‘flowDensity’ can be installed ... WARNING
Found the following significant warnings:
Warning: replacing previous import ‘flowCore::plot’ by ‘graphics::plot’ when loading ‘flowDensity’
See ‘/home/biocbuild/bbs-3.9-bioc/meat/flowDensity.Rcheck/00install.out’ for details.
* checking installed package size ... NOTE
installed size is 7.3Mb
sub-directories of 1Mb or more:
doc 2.7Mb
extdata 4.3Mb
* checking package directory ... OK
* checking ‘build’ directory ... OK
* checking DESCRIPTION meta-information ... OK
* checking top-level files ... OK
* checking for left-over files ... OK
* checking index information ... OK
* checking package subdirectories ... OK
* checking R files for non-ASCII characters ... OK
* checking R files for syntax errors ... OK
* checking whether the package can be loaded ... OK
* checking whether the package can be loaded with stated dependencies ... OK
* checking whether the package can be unloaded cleanly ... OK
* checking whether the namespace can be loaded with stated dependencies ... OK
* checking whether the namespace can be unloaded cleanly ... OK
* checking dependencies in R code ... OK
* checking S3 generic/method consistency ... OK
* checking replacement functions ... OK
* checking foreign function calls ... OK
* checking R code for possible problems ... OK
* checking Rd files ... OK
* checking Rd metadata ... WARNING
Rd files with duplicated alias 'flowDensity':
‘flowDensity-methods.Rd’ ‘flowDensity.Rd’
* checking Rd cross-references ... OK
* checking for missing documentation entries ... WARNING
Undocumented S4 methods:
generic 'flowDensity' and siglist
'CellPopulation,ANY,logical,missing'
generic 'flowDensity' and siglist 'GatingHierarchy,ANY,logical,ANY'
generic 'flowDensity' and siglist 'flowFrame,ANY,logical,missing'
All user-level objects in a package (including S4 classes and methods)
should have documentation entries.
See chapter ‘Writing R documentation files’ in the ‘Writing R
Extensions’ manual.
* checking for code/documentation mismatches ... OK
* checking Rd \usage sections ... WARNING
Objects in \usage without \alias in documentation object 'flowDensity-methods':
‘\S4method{flowDensity}{CellPopulation,ANY,logical,missing}’
‘\S4method{flowDensity}{flowFrame,ANY,logical,missing}’
‘\S4method{flowDensity}{GatingHierarchy,ANY,logical,ANY}’
Functions with \usage entries need to have the appropriate \alias
entries, and all their arguments documented.
The \usage entries must correspond to syntactically valid R code.
See chapter ‘Writing R documentation files’ in the ‘Writing R
Extensions’ manual.
* checking Rd contents ... OK
* checking for unstated dependencies in examples ... OK
* checking installed files from ‘inst/doc’ ... OK
* checking files in ‘vignettes’ ... WARNING
Vignette sources in 'inst/doc' missing from the 'vignettes' directory:
‘flowDensity.Rnw’
* checking examples ... OK
* checking for unstated dependencies in vignettes ... OK
* checking package vignettes in ‘inst/doc’ ... OK
* checking running R code from vignettes ... SKIPPED
* checking re-building of vignette outputs ... SKIPPED
* checking PDF version of manual ... OK
* DONE
Status: 5 WARNINGs, 1 NOTE
See
‘/home/biocbuild/bbs-3.9-bioc/meat/flowDensity.Rcheck/00check.log’
for details.
flowDensity.Rcheck/00install.out
############################################################################## ############################################################################## ### ### Running command: ### ### /home/biocbuild/bbs-3.9-bioc/R/bin/R CMD INSTALL flowDensity ### ############################################################################## ############################################################################## * installing to library ‘/home/biocbuild/bbs-3.9-bioc/R/library’ * installing *source* package ‘flowDensity’ ... ** using staged installation ** R ** inst ** byte-compile and prepare package for lazy loading Warning: replacing previous import ‘flowCore::plot’ by ‘graphics::plot’ when loading ‘flowDensity’ ** help *** installing help indices ** building package indices ** installing vignettes ‘flowDensityVignette.Rnw’ ** testing if installed package can be loaded from temporary location Warning: replacing previous import ‘flowCore::plot’ by ‘graphics::plot’ when loading ‘flowDensity’ ** testing if installed package can be loaded from final location Warning: replacing previous import ‘flowCore::plot’ by ‘graphics::plot’ when loading ‘flowDensity’ ** testing if installed package keeps a record of temporary installation path * DONE (flowDensity)
flowDensity.Rcheck/flowDensity-Ex.timings
| name | user | system | elapsed | |
| CellPopulation-class | 0.000 | 0.002 | 0.001 | |
| deGate | 0.179 | 0.012 | 0.255 | |
| flowDensity | 0.072 | 0.000 | 0.072 | |
| getPeaks | 0.023 | 0.000 | 0.023 | |
| getflowFrame | 0.053 | 0.000 | 0.053 | |
| nmRemove | 0.253 | 0.000 | 0.256 | |
| notSubFrame | 0.110 | 0.000 | 0.111 | |
| plotDens | 0.144 | 0.004 | 0.148 | |