| Back to Multiple platform build/check report for BioC 3.9 |
|
This page was generated on 2019-04-09 12:06:25 -0400 (Tue, 09 Apr 2019).
| Package 276/1703 | Hostname | OS / Arch | INSTALL | BUILD | CHECK | BUILD BIN | ||||||
| cleanUpdTSeq 1.21.0 Sarah Sheppard
| malbec2 | Linux (Ubuntu 18.04.2 LTS) / x86_64 | OK | ERROR | skipped | |||||||
| tokay2 | Windows Server 2012 R2 Standard / x64 | OK | [ ERROR ] | skipped | skipped | |||||||
| celaya2 | OS X 10.11.6 El Capitan / x86_64 | OK | ERROR | skipped | skipped | |||||||
| merida2 | OS X 10.11.6 El Capitan / x86_64 | OK | ERROR | skipped | skipped |
| Package: cleanUpdTSeq |
| Version: 1.21.0 |
| Command: chmod a+r cleanUpdTSeq -R && C:\Users\biocbuild\bbs-3.9-bioc\R\bin\R.exe CMD build --keep-empty-dirs --no-resave-data cleanUpdTSeq |
| StartedAt: 2019-04-08 22:00:55 -0400 (Mon, 08 Apr 2019) |
| EndedAt: 2019-04-08 22:02:32 -0400 (Mon, 08 Apr 2019) |
| EllapsedTime: 96.3 seconds |
| RetCode: 1 |
| Status: ERROR |
| PackageFile: None |
| PackageFileSize: NA |
############################################################################## ############################################################################## ### ### Running command: ### ### chmod a+r cleanUpdTSeq -R && C:\Users\biocbuild\bbs-3.9-bioc\R\bin\R.exe CMD build --keep-empty-dirs --no-resave-data cleanUpdTSeq ### ############################################################################## ############################################################################## * checking for file 'cleanUpdTSeq/DESCRIPTION' ... OK * preparing 'cleanUpdTSeq': * checking DESCRIPTION meta-information ... OK * installing the package to build vignettes * creating vignettes ... ERROR --- re-building 'cleanUpdTSeq.Rmd' using rmarkdown Quitting from lines 98-104 (cleanUpdTSeq.Rmd) Error: processing vignette 'cleanUpdTSeq.Rmd' failed with diagnostics: argument is of length zero --- failed re-building 'cleanUpdTSeq.Rmd' SUMMARY: processing the following file failed: 'cleanUpdTSeq.Rmd' Error: Vignette re-building failed. Execution halted